000
CDUS45 KCYS 110729
CLIRWL


CLIMATE REPORT
NATIONAL WEATHER SERVICE CHEYENNE WY
128 AM MDT FRI JUL 11 2014


...................................

...THE RAWLINS WY AIRPORT CLIMATE SUMMARY FOR JULY 10 2014...

CLIMATE NORMAL PERIOD 1981 TO 2010
CLIMATE RECORD PERIOD 1951 TO 2014


WEATHER ITEM   OBSERVED TIME   RECORD YEAR NORMAL DEPARTURE LAST
                VALUE   (LST)  VALUE       VALUE  FROM      YEAR
                                                  NORMAL
..................................................................
TEMPERATURE (F)
 YESTERDAY
  MAXIMUM         86   1222 PM  94    1954  84      2       91
  MINIMUM         61   1159 PM  42    2009  50     11       53
  AVERAGE         74                        67      7       72

PRECIPITATION (IN)
  YESTERDAY        0.01          0.11 2000   0.03  -0.02     0.00
  MONTH TO DATE    0.01                      0.23  -0.22     0.41
  SINCE JAN 1      2.82                      5.18  -2.36     2.51

DEGREE DAYS
 HEATING
  YESTERDAY        0                         1     -1        0
  MONTH TO DATE    9                        17     -8        0
  SINCE JUN 1    181                       207    -26      101
  SINCE JUL 1      9                        17     -8        0

 COOLING
  YESTERDAY        9                         3      6        7
  MONTH TO DATE   51                        25     26       40
  SINCE JUN 1     62                        44     18       87
  SINCE JAN 1     64                        44     20       88
..................................................................


WIND (MPH)
  HIGHEST WIND SPEED    29   HIGHEST WIND DIRECTION     W (250)
  HIGHEST GUST SPEED    35   HIGHEST GUST DIRECTION     W (250)
  AVERAGE WIND SPEED    13.3


SKY COVER
  AVERAGE SKY COVER 0.4


WEATHER CONDITIONS
 THE FOLLOWING WEATHER WAS RECORDED YESTERDAY.
  THUNDERSTORM
  LIGHT RAIN


RELATIVE HUMIDITY (PERCENT)
 HIGHEST    90          1100 PM
 LOWEST     22           100 PM
 AVERAGE    56

..........................................................


THE RAWLINS WY AIRPORT CLIMATE NORMALS FOR TODAY
                         NORMAL    RECORD    YEAR
 MAXIMUM TEMPERATURE (F)   84        98      1954
 MINIMUM TEMPERATURE (F)   50        41      1983


SUNRISE AND SUNSET
JULY 11 2014..........SUNRISE   544 AM MDT   SUNSET   844 PM MDT
JULY 12 2014..........SUNRISE   545 AM MDT   SUNSET   844 PM MDT


-  INDICATES NEGATIVE NUMBERS.
R  INDICATES RECORD WAS SET OR TIED.
MM INDICATES DATA IS MISSING.
T  INDICATES TRACE AMOUNT.




$$
