000
CDUS45 KCYS 300727
CLIRWL


CLIMATE REPORT
NATIONAL WEATHER SERVICE CHEYENNE WY
127 AM MDT THU JUL 30 2015


...................................

...THE RAWLINS WY AIRPORT CLIMATE SUMMARY FOR JULY 29 2015...

CLIMATE NORMAL PERIOD 1981 TO 2010
CLIMATE RECORD PERIOD 1951 TO 2015


WEATHER ITEM   OBSERVED TIME   RECORD YEAR NORMAL DEPARTURE LAST
                VALUE   (LST)  VALUE       VALUE  FROM      YEAR
                                                  NORMAL
..................................................................
TEMPERATURE (F)
 YESTERDAY
  MAXIMUM         81    350 PM  97    2006  84     -3       73
  MINIMUM         37R   411 AM  42    1971  51    -14       53
  AVERAGE         59                        68     -9       63

PRECIPITATION (IN)
  YESTERDAY        0.00          0.60 1956   0.03  -0.03     0.34
  MONTH TO DATE    0.91                      0.78   0.13     0.46
  SINCE JAN 1      7.78                      5.73   2.05     3.27

DEGREE DAYS
 HEATING
  YESTERDAY        6                         1      5        2
  MONTH TO DATE   34                        36     -2       17
  SINCE JUN 1    100                       226   -126      189
  SINCE JUL 1     34                        36     -2       17

 COOLING
  YESTERDAY        0                         4     -4        0
  MONTH TO DATE   60                        94    -34      164
  SINCE JUN 1    121                       113      8      175
  SINCE JAN 1    121                       113      8      177
..................................................................


WIND (MPH)
  HIGHEST WIND SPEED    17   HIGHEST WIND DIRECTION     W (260)
  HIGHEST GUST SPEED    23   HIGHEST GUST DIRECTION     W (260)
  AVERAGE WIND SPEED     6.6


SKY COVER
  AVERAGE SKY COVER 0.0


WEATHER CONDITIONS
 THE FOLLOWING WEATHER WAS RECORDED YESTERDAY.
  NO SIGNIFICANT WEATHER WAS OBSERVED.


RELATIVE HUMIDITY (PERCENT)
 HIGHEST    48           400 AM
 LOWEST      7           400 PM
 AVERAGE    28

..........................................................


THE RAWLINS WY AIRPORT CLIMATE NORMALS FOR TODAY
                         NORMAL    RECORD    YEAR
 MAXIMUM TEMPERATURE (F)   84        94      2006
 MINIMUM TEMPERATURE (F)   51        38      1971


SUNRISE AND SUNSET
JULY 30 2015..........SUNRISE   601 AM MDT   SUNSET   829 PM MDT
JULY 31 2015..........SUNRISE   602 AM MDT   SUNSET   828 PM MDT


-  INDICATES NEGATIVE NUMBERS.
R  INDICATES RECORD WAS SET OR TIED.
MM INDICATES DATA IS MISSING.
T  INDICATES TRACE AMOUNT.




$$
