000
CDUS45 KCYS 302130
CLIRWL


CLIMATE REPORT
NATIONAL WEATHER SERVICE CHEYENNE WY
330 PM MDT WED JUL 30 2014


...................................

...THE RAWLINS WY AIRPORT CLIMATE SUMMARY FOR JULY 30 2014...
VALID AS OF 0300 PM LOCAL TIME.

CLIMATE NORMAL PERIOD 1981 TO 2010
CLIMATE RECORD PERIOD 1951 TO 2014


WEATHER ITEM   OBSERVED TIME   RECORD YEAR NORMAL DEPARTURE LAST
                VALUE   (LST)  VALUE       VALUE  FROM      YEAR
                                                  NORMAL
..................................................................
TEMPERATURE (F)
 TODAY
  MAXIMUM         66   1222 PM  94    2006  84    -18       83
  MINIMUM         53    537 AM  38    1971  51      2       49
  AVERAGE         60                        68     -8       66

PRECIPITATION (IN)
  TODAY            0.04          0.45 1956   0.03   0.01     0.02
  MONTH TO DATE    0.50                      0.81  -0.31     1.11
  SINCE JAN 1      3.31                      5.76  -2.45     3.21

DEGREE DAYS
 HEATING
  TODAY            5                         1      4        0
  MONTH TO DATE   22                        37    -15        0
  SINCE JUN 1    194                       227    -33      101
  SINCE JUL 1     22                        37    -15        0

 COOLING
  TODAY            0                         3     -3        1
  MONTH TO DATE  164                        97     67      150
  SINCE JUN 1    175                       116     59      197
  SINCE JAN 1    177                       116     61      198
..................................................................


WIND (MPH)
  HIGHEST WIND SPEED    21   HIGHEST WIND DIRECTION     E (70)
  HIGHEST GUST SPEED    26   HIGHEST GUST DIRECTION     E (70)
  AVERAGE WIND SPEED    15.0


SKY COVER
  AVERAGE SKY COVER 0.9


WEATHER CONDITIONS
 THE FOLLOWING WEATHER WAS RECORDED TODAY.
  LIGHT RAIN
  FOG


RELATIVE HUMIDITY (PERCENT)
 HIGHEST    93           100 AM
 LOWEST     56           100 PM
 AVERAGE    75

..........................................................


THE RAWLINS WY AIRPORT CLIMATE NORMALS FOR TOMORROW
                         NORMAL    RECORD    YEAR
 MAXIMUM TEMPERATURE (F)   84        95      2000
 MINIMUM TEMPERATURE (F)   51        44      1990


SUNRISE AND SUNSET
JULY 30 2014..........SUNRISE   601 AM MDT   SUNSET   829 PM MDT
JULY 31 2014..........SUNRISE   602 AM MDT   SUNSET   828 PM MDT


-  INDICATES NEGATIVE NUMBERS.
R  INDICATES RECORD WAS SET OR TIED.
MM INDICATES DATA IS MISSING.
T  INDICATES TRACE AMOUNT.




$$
