000
CDUS45 KCYS 310326
CLIRWL


CLIMATE REPORT
NATIONAL WEATHER SERVICE CHEYENNE WY
926 PM MDT SAT AUG 30 2014


...................................

...THE RAWLINS WY AIRPORT CLIMATE SUMMARY FOR AUGUST 30 2014...
VALID TODAY AS OF 0900 PM LOCAL TIME.

CLIMATE NORMAL PERIOD 1981 TO 2010
CLIMATE RECORD PERIOD 1951 TO 2014


WEATHER ITEM   OBSERVED TIME   RECORD YEAR NORMAL DEPARTURE LAST
                VALUE   (LST)  VALUE       VALUE  FROM      YEAR
                                                  NORMAL
..................................................................
TEMPERATURE (F)
 TODAY
  MAXIMUM         79   1234 PM  90    1998  78      1       89
  MINIMUM         48    437 AM  34    1968  46      2       54
  AVERAGE         64                        62      2       72

PRECIPITATION (IN)
  TODAY            0.04          0.25 1963   0.02   0.02     0.00
  MONTH TO DATE    0.93                      0.73   0.20     0.56
  SINCE JAN 1      4.24                      6.52  -2.28     3.77

DEGREE DAYS
 HEATING
  TODAY            1                         4     -3        0
  MONTH TO DATE   65                        55     10        8
  SINCE JUN 1    263                       280    -17      109
  SINCE JUL 1     91                        90      1        8

 COOLING
  TODAY            0                         1     -1        7
  MONTH TO DATE   32                        63    -31      116
  SINCE JUN 1    207                       180     27      315
  SINCE JAN 1    209                       180     29      316
..................................................................


WIND (MPH)
  HIGHEST WIND SPEED    33   HIGHEST WIND DIRECTION    SW (240)
  HIGHEST GUST SPEED    45   HIGHEST GUST DIRECTION    SW (240)
  AVERAGE WIND SPEED    13.1


SKY COVER
  AVERAGE SKY COVER 0.2


WEATHER CONDITIONS
 THE FOLLOWING WEATHER WAS RECORDED TODAY.
  THUNDERSTORM
  LIGHT RAIN


RELATIVE HUMIDITY (PERCENT)
 HIGHEST    71           500 AM
 LOWEST     22          1200 PM
 AVERAGE    47

..........................................................


THE RAWLINS WY AIRPORT CLIMATE NORMALS FOR TOMORROW
                         NORMAL    RECORD    YEAR
 MAXIMUM TEMPERATURE (F)   78        89      1995
                                             1954
 MINIMUM TEMPERATURE (F)   46        28      1962


SUNRISE AND SUNSET
AUGUST 30 2014........SUNRISE   633 AM MDT   SUNSET   745 PM MDT
AUGUST 31 2014........SUNRISE   634 AM MDT   SUNSET   744 PM MDT


-  INDICATES NEGATIVE NUMBERS.
R  INDICATES RECORD WAS SET OR TIED.
MM INDICATES DATA IS MISSING.
T  INDICATES TRACE AMOUNT.




$$
