000
CDUS45 KCYS 250727
CLIRWL


CLIMATE REPORT
NATIONAL WEATHER SERVICE CHEYENNE WY
1227 AM MST THU DEC 25 2014


...................................

...THE RAWLINS WY AIRPORT CLIMATE SUMMARY FOR DECEMBER 24 2014...

CLIMATE NORMAL PERIOD 1981 TO 2010
CLIMATE RECORD PERIOD 1951 TO 2014


WEATHER ITEM   OBSERVED TIME   RECORD YEAR NORMAL DEPARTURE LAST
                VALUE   (LST)  VALUE       VALUE  FROM      YEAR
                                                  NORMAL
..................................................................
TEMPERATURE (F)
 YESTERDAY
  MAXIMUM         32    116 PM  50    1955  31      1       34
  MINIMUM         16   1247 AM -18    1983  12      4       16
  AVERAGE         24                        21      3       25

PRECIPITATION (IN)
  YESTERDAY        0.00          0.35 1971   0.02  -0.02     0.06
  MONTH TO DATE    0.26                      0.33  -0.07     0.72
  SINCE JAN 1      6.92                      9.15  -2.23     8.54

DEGREE DAYS
 HEATING
  YESTERDAY       41                        44     -3       40
  MONTH TO DATE  815                      1043   -228     1120
  SINCE DEC 1    815                      1043   -228     1120
  SINCE JUL 1   2706                      3149   -443     3104

 COOLING
  YESTERDAY        0                         0      0        0
  MONTH TO DATE    0                         0      0        0
  SINCE DEC 1      0                         0      0        0
  SINCE JAN 1    211                       186     25      371
..................................................................


WIND (MPH)
  HIGHEST WIND SPEED    40   HIGHEST WIND DIRECTION     S (200)
  HIGHEST GUST SPEED    53   HIGHEST GUST DIRECTION     S (200)
  AVERAGE WIND SPEED    18.2


SKY COVER
  AVERAGE SKY COVER 0.3


WEATHER CONDITIONS
 THE FOLLOWING WEATHER WAS RECORDED YESTERDAY.
  NO SIGNIFICANT WEATHER WAS OBSERVED.


RELATIVE HUMIDITY (PERCENT)
 HIGHEST    69          1100 PM
 LOWEST     50           300 PM
 AVERAGE    60

..........................................................


THE RAWLINS WY AIRPORT CLIMATE NORMALS FOR TODAY
                         NORMAL    RECORD    YEAR
 MAXIMUM TEMPERATURE (F)   31        48      2005
                                             1994
                                             1980
 MINIMUM TEMPERATURE (F)   12       -27      1987


SUNRISE AND SUNSET
DECEMBER 25 2014......SUNRISE   735 AM MST   SUNSET   443 PM MST
DECEMBER 26 2014......SUNRISE   735 AM MST   SUNSET   444 PM MST


-  INDICATES NEGATIVE NUMBERS.
R  INDICATES RECORD WAS SET OR TIED.
MM INDICATES DATA IS MISSING.
T  INDICATES TRACE AMOUNT.




$$
