000
CDUS45 KCYS 260726
CLIRWL


CLIMATE REPORT
NATIONAL WEATHER SERVICE CHEYENNE WY
126 AM MDT SAT JUL 26 2014


...................................

...THE RAWLINS WY AIRPORT CLIMATE SUMMARY FOR JULY 25 2014...

CLIMATE NORMAL PERIOD 1981 TO 2010
CLIMATE RECORD PERIOD 1951 TO 2014


WEATHER ITEM   OBSERVED TIME   RECORD YEAR NORMAL DEPARTURE LAST
                VALUE   (LST)  VALUE       VALUE  FROM      YEAR
                                                  NORMAL
..................................................................
TEMPERATURE (F)
 YESTERDAY
  MAXIMUM         90    155 PM  93    2011  85      5       82
  MINIMUM         60   1253 AM  42    1975  52      8       52
  AVERAGE         75                        68      7       67

PRECIPITATION (IN)
  YESTERDAY        0.00          1.08 2007   0.03  -0.03     0.31
  MONTH TO DATE    0.12                      0.66  -0.54     1.08
  SINCE JAN 1      2.93                      5.61  -2.68     3.18

DEGREE DAYS
 HEATING
  YESTERDAY        0                         1     -1        0
  MONTH TO DATE   15                        32    -17        0
  SINCE JUN 1    187                       222    -35      101
  SINCE JUL 1     15                        32    -17        0

 COOLING
  YESTERDAY       10                         4      6        2
  MONTH TO DATE  146                        78     68      138
  SINCE JUN 1    157                        97     60      185
  SINCE JAN 1    159                        97     62      186
..................................................................


WIND (MPH)
  HIGHEST WIND SPEED    39   HIGHEST WIND DIRECTION     S (200)
  HIGHEST GUST SPEED    52   HIGHEST GUST DIRECTION     S (200)
  AVERAGE WIND SPEED    14.6


SKY COVER
  AVERAGE SKY COVER 0.0


WEATHER CONDITIONS
 THE FOLLOWING WEATHER WAS RECORDED YESTERDAY.
  THUNDERSTORM


RELATIVE HUMIDITY (PERCENT)
 HIGHEST    51           100 AM
 LOWEST     12           200 PM
 AVERAGE    32

..........................................................


THE RAWLINS WY AIRPORT CLIMATE NORMALS FOR TODAY
                         NORMAL    RECORD    YEAR
 MAXIMUM TEMPERATURE (F)   85        97      2000
 MINIMUM TEMPERATURE (F)   52        43      1995
                                             1973


SUNRISE AND SUNSET
JULY 26 2014..........SUNRISE   557 AM MDT   SUNSET   833 PM MDT
JULY 27 2014..........SUNRISE   558 AM MDT   SUNSET   832 PM MDT


-  INDICATES NEGATIVE NUMBERS.
R  INDICATES RECORD WAS SET OR TIED.
MM INDICATES DATA IS MISSING.
T  INDICATES TRACE AMOUNT.




$$
