000
CDUS45 KPIH 262322
CLIRXE


CLIMATE REPORT
NATIONAL WEATHER SERVICE POCATELLO ID
521 PM MDT WED APR 26 2017


...................................

...THE REXBURG ID CLIMATE SUMMARY FOR APRIL 26 2017...
VALID TODAY AS OF 0500 PM LOCAL TIME.

CLIMATE NORMAL PERIOD 1981 TO 2010
CLIMATE RECORD PERIOD 1998 TO 2017


WEATHER ITEM   OBSERVED TIME   RECORD YEAR NORMAL DEPARTURE LAST
                VALUE   (LST)  VALUE       VALUE  FROM      YEAR
                                                  NORMAL
..................................................................
TEMPERATURE (F)
 TODAY
  MAXIMUM         50    234 PM  71    2004  60    -10       57
  MINIMUM         36    351 AM  23    2008  33      3       37
  AVERAGE         43                        46     -3       47

PRECIPITATION (IN)
  TODAY            0.07         MM      MM   0.05   0.02     0.00
  MONTH TO DATE    2.01                      1.26   0.75     0.78
  SINCE OCT 1     10.91                      7.10   3.81     6.65
  SINCE JAN 1      5.15                      3.89   1.26     3.49

SNOWFALL (IN)
  TODAY           MM
  MONTH TO DATE   MM
  SINCE MAR 1     MM
  SINCE JUL 1     MM
  SNOW DEPTH      MM

DEGREE DAYS
 HEATING
  TODAY           22                        19      3       18
  MONTH TO DATE  568                       566      2      425
  SINCE MAR 1   1307                      1522   -215     1282
  SINCE JUL 1   7102                      7495   -393     6859

 COOLING
  TODAY            0                         0      0        0
  MONTH TO DATE    0                         0      0        0
  SINCE MAR 1      0                         0      0        0
  SINCE JAN 1      0                         0      0        0
..................................................................


WIND (MPH)
  HIGHEST WIND SPEED    30   HIGHEST WIND DIRECTION    SW (230)
  HIGHEST GUST SPEED    38   HIGHEST GUST DIRECTION    SW (230)
  AVERAGE WIND SPEED    13.3


SKY COVER
  POSSIBLE SUNSHINE  MM
  AVERAGE SKY COVER 0.7


WEATHER CONDITIONS
 THE FOLLOWING WEATHER WAS RECORDED TODAY.
  THUNDERSTORM
  HEAVY RAIN
  LIGHT RAIN
  FOG


RELATIVE HUMIDITY (PERCENT)
 HIGHEST    82           600 AM
 LOWEST     60          1200 AM
 AVERAGE    71

..........................................................


THE REXBURG ID CLIMATE NORMALS FOR TOMORROW
                         NORMAL    RECORD    YEAR
 MAXIMUM TEMPERATURE (F)   60        78      2000
 MINIMUM TEMPERATURE (F)   34        22      2008


SUNRISE AND SUNSET
APRIL 26 2017.........SUNRISE   626 AM MDT   SUNSET   825 PM MDT
APRIL 27 2017.........SUNRISE   625 AM MDT   SUNSET   826 PM MDT


-  INDICATES NEGATIVE NUMBERS.
R  INDICATES RECORD WAS SET OR TIED.
MM INDICATES DATA IS MISSING.
T  INDICATES TRACE AMOUNT.




$$
