000
CDUS45 KPIH 310734
CLIRXE


CLIMATE REPORT
NATIONAL WEATHER SERVICE POCATELLO ID
130 AM MDT FRI JUL 31 2015


...................................

...THE REXBURG ID CLIMATE SUMMARY FOR JULY 30 2015...

CLIMATE NORMAL PERIOD 1981 TO 2010
CLIMATE RECORD PERIOD 1998 TO 2015


WEATHER ITEM   OBSERVED TIME   RECORD YEAR NORMAL DEPARTURE LAST
                VALUE   (LST)  VALUE       VALUE  FROM      YEAR
                                                  NORMAL
..................................................................
TEMPERATURE (F)
 YESTERDAY
  MAXIMUM         86    520 PM  99    2000  87     -1       82
  MINIMUM         43R   532 AM  45    2009  52     -9       53
  AVERAGE         65                        69     -4       68

PRECIPITATION (IN)
  YESTERDAY        0.00         MM      MM   0.02  -0.02     0.00
  MONTH TO DATE    0.92                      0.70   0.22     1.30
  SINCE OCT 1      9.36                     11.15  -1.79     8.95
  SINCE JAN 1      6.59                      7.94  -1.35     7.09

SNOWFALL (IN)
  YESTERDAY       MM
  MONTH TO DATE   MM
  SINCE JUN 1     MM
  SINCE JUL 1     MM
  SNOW DEPTH      MM

DEGREE DAYS
 HEATING
  YESTERDAY        0                         0      0        0
  MONTH TO DATE   44                        27     17        8
  SINCE JUN 1     84                       199   -115      163
  SINCE JUL 1     44                        27     17        8

 COOLING
  YESTERDAY        0                         4     -4        3
  MONTH TO DATE   92                        85      7      159
  SINCE JUN 1    181                       103     78      162
  SINCE JAN 1    181                       107     74      162
..................................................................


WIND (MPH)
  HIGHEST WIND SPEED    10   HIGHEST WIND DIRECTION     W (250)
  HIGHEST GUST SPEED    13   HIGHEST GUST DIRECTION     W (290)
  AVERAGE WIND SPEED     3.3


SKY COVER
  POSSIBLE SUNSHINE  MM
  AVERAGE SKY COVER 0.0


WEATHER CONDITIONS
 THE FOLLOWING WEATHER WAS RECORDED YESTERDAY.
  NO SIGNIFICANT WEATHER WAS OBSERVED.


RELATIVE HUMIDITY (PERCENT)
 HIGHEST    89           400 AM
 LOWEST     11           600 PM
 AVERAGE    50

..........................................................


THE REXBURG ID CLIMATE NORMALS FOR TODAY
                         NORMAL    RECORD    YEAR
 MAXIMUM TEMPERATURE (F)   87        98      2003
 MINIMUM TEMPERATURE (F)   52        45      2008


SUNRISE AND SUNSET
JULY 31 2015..........SUNRISE   615 AM MDT   SUNSET   852 PM MDT
AUGUST  1 2015........SUNRISE   616 AM MDT   SUNSET   851 PM MDT


-  INDICATES NEGATIVE NUMBERS.
R  INDICATES RECORD WAS SET OR TIED.
MM INDICATES DATA IS MISSING.
T  INDICATES TRACE AMOUNT.




$$
