000
CDUS45 KPIH 310733
CLIRXE


CLIMATE REPORT
NATIONAL WEATHER SERVICE POCATELLO ID
132 AM MDT THU JUL 31 2014


...................................

...THE REXBURG ID CLIMATE SUMMARY FOR JULY 30 2014...

CLIMATE NORMAL PERIOD 1981 TO 2010
CLIMATE RECORD PERIOD 1998 TO 2014


WEATHER ITEM   OBSERVED TIME   RECORD YEAR NORMAL DEPARTURE LAST
                VALUE   (LST)  VALUE       VALUE  FROM      YEAR
                                                  NORMAL
..................................................................
TEMPERATURE (F)
 YESTERDAY
  MAXIMUM         82    407 PM  99    2000  87     -5       88
  MINIMUM         53    431 AM  45    2009  52      1       52
  AVERAGE         68                        69     -1       70

PRECIPITATION (IN)
  YESTERDAY        0.00         MM      MM   0.02  -0.02     0.00
  MONTH TO DATE    1.30                      0.70   0.60     0.53
  SINCE OCT 1      8.95                     11.15  -2.20     8.40
  SINCE JAN 1      7.09                      7.94  -0.85     5.01

SNOWFALL (IN)
  YESTERDAY       MM
  MONTH TO DATE   MM
  SINCE JUN 1     MM
  SINCE JUL 1     MM
  SNOW DEPTH      MM

DEGREE DAYS
 HEATING
  YESTERDAY        0                         0      0        0
  MONTH TO DATE    8                        27    -19        0
  SINCE JUN 1    163                       199    -36      117
  SINCE JUL 1      8                        27    -19        0

 COOLING
  YESTERDAY        3                         4     -1        5
  MONTH TO DATE  159                        85     74      187
  SINCE JUN 1    162                       103     59      246
  SINCE JAN 1    162                       107     55      248
..................................................................


WIND (MPH)
  HIGHEST WIND SPEED    12   HIGHEST WIND DIRECTION     S (190)
  HIGHEST GUST SPEED    16   HIGHEST GUST DIRECTION     S (190)
  AVERAGE WIND SPEED     3.7


SKY COVER
  POSSIBLE SUNSHINE  MM
  AVERAGE SKY COVER 0.1


WEATHER CONDITIONS
 THE FOLLOWING WEATHER WAS RECORDED YESTERDAY.
  NO SIGNIFICANT WEATHER WAS OBSERVED.


RELATIVE HUMIDITY (PERCENT)
 HIGHEST    93           500 AM
 LOWEST     28           300 PM
 AVERAGE    61

..........................................................


THE REXBURG ID CLIMATE NORMALS FOR TODAY
                         NORMAL    RECORD    YEAR
 MAXIMUM TEMPERATURE (F)   87        98      2003
 MINIMUM TEMPERATURE (F)   52        45      2008


SUNRISE AND SUNSET
JULY 31 2014..........SUNRISE   615 AM MDT   SUNSET   852 PM MDT
AUGUST  1 2014........SUNRISE   616 AM MDT   SUNSET   850 PM MDT


-  INDICATES NEGATIVE NUMBERS.
R  INDICATES RECORD WAS SET OR TIED.
MM INDICATES DATA IS MISSING.
T  INDICATES TRACE AMOUNT.




$$
