651
CDUS45 KPIH 290736
CLIRXE


CLIMATE REPORT
NATIONAL WEATHER SERVICE POCATELLO ID
135 AM MDT THU SEP 29 2016


...................................

...THE REXBURG ID CLIMATE SUMMARY FOR SEPTEMBER 28 2016...

CLIMATE NORMAL PERIOD 1981 TO 2010
CLIMATE RECORD PERIOD 1998 TO 2016


WEATHER ITEM   OBSERVED TIME   RECORD YEAR NORMAL DEPARTURE LAST
                VALUE   (LST)  VALUE       VALUE  FROM      YEAR
                                                  NORMAL
..................................................................
TEMPERATURE (F)
 YESTERDAY
  MAXIMUM         80    257 PM  84    2010  66     14       76
  MINIMUM         39    645 AM  21    1999  36      3       40
  AVERAGE         60                        51      9       58

PRECIPITATION (IN)
  YESTERDAY        0.00         MM      MM   0.03  -0.03     0.00
  MONTH TO DATE    1.78                      0.89   0.89     0.43
  SINCE OCT 1     10.89                     13.02  -2.13    10.34
  SINCE JAN 1      7.73                      9.81  -2.08     7.57

SNOWFALL (IN)
  YESTERDAY       MM
  MONTH TO DATE   MM
  SINCE SEP 1     MM
  SINCE JUL 1     MM
  SNOW DEPTH      MM

DEGREE DAYS
 HEATING
  YESTERDAY        5                        14     -9        7
  MONTH TO DATE  247                       256     -9      153
  SINCE SEP 1    247                       256     -9      153
  SINCE JUL 1    311                       329    -18      228

 COOLING
  YESTERDAY        0                         0      0        0
  MONTH TO DATE   14                         5      9       18
  SINCE SEP 1     14                         5      9       18
  SINCE JAN 1    261                       207     54      307
..................................................................


WIND (MPH)
  HIGHEST WIND SPEED    14   HIGHEST WIND DIRECTION     W (260)
  HIGHEST GUST SPEED    19   HIGHEST GUST DIRECTION    SW (230)
  AVERAGE WIND SPEED     3.4


SKY COVER
  POSSIBLE SUNSHINE  MM
  AVERAGE SKY COVER 0.0


WEATHER CONDITIONS
 THE FOLLOWING WEATHER WAS RECORDED YESTERDAY.
  NO SIGNIFICANT WEATHER WAS OBSERVED.


RELATIVE HUMIDITY (PERCENT)
 HIGHEST   100           700 AM
 LOWEST     27           200 PM
 AVERAGE    64

..........................................................


THE REXBURG ID CLIMATE NORMALS FOR TODAY
                         NORMAL    RECORD    YEAR
 MAXIMUM TEMPERATURE (F)   66        80      2010
                                             2008
 MINIMUM TEMPERATURE (F)   36        23      1999


SUNRISE AND SUNSET
SEPTEMBER 29 2016.....SUNRISE   723 AM MDT   SUNSET   711 PM MDT
SEPTEMBER 30 2016.....SUNRISE   724 AM MDT   SUNSET   709 PM MDT


-  INDICATES NEGATIVE NUMBERS.
R  INDICATES RECORD WAS SET OR TIED.
MM INDICATES DATA IS MISSING.
T  INDICATES TRACE AMOUNT.




$$
