000
CDUS45 KPIH 022326
CLIRXE


CLIMATE REPORT
NATIONAL WEATHER SERVICE POCATELLO ID
424 PM MST FRI DEC 2 2016


...................................

...THE REXBURG ID CLIMATE SUMMARY FOR DECEMBER 2 2016...
VALID TODAY AS OF 0400 PM LOCAL TIME.

CLIMATE NORMAL PERIOD 1981 TO 2010
CLIMATE RECORD PERIOD 1998 TO 2016


WEATHER ITEM   OBSERVED TIME   RECORD YEAR NORMAL DEPARTURE LAST
                VALUE   (LST)  VALUE       VALUE  FROM      YEAR
                                                  NORMAL
..................................................................
TEMPERATURE (F)
 TODAY
  MAXIMUM         24    359 PM  49    2012  32     -8       30
  MINIMUM         16    858 AM  -5    2009  15      1        4
  AVERAGE         20                        23     -3       17

PRECIPITATION (IN)
  TODAY            0.00         MM      MM   0.03  -0.03     0.00
  MONTH TO DATE    0.07                      0.06   0.01     0.00
  SINCE OCT 1      3.88                      2.21   1.67     2.06
  SINCE JAN 1     11.61                     12.09  -0.48     9.63

SNOWFALL (IN)
  TODAY           MM
  MONTH TO DATE   MM
  SINCE DEC 1     MM
  SINCE JUL 1     MM
  SNOW DEPTH      MM

DEGREE DAYS
 HEATING
  TODAY           45                        42      3       48
  MONTH TO DATE   85                        83      2       99
  SINCE DEC 1     85                        83      2       99
  SINCE JUL 1   1732                      2095   -363     1833

 COOLING
  TODAY            0                         0      0        0
  MONTH TO DATE    0                         0      0        0
  SINCE DEC 1      0                         0      0        0
  SINCE JAN 1    261                       208     53      310
..................................................................


WIND (MPH)
  HIGHEST WIND SPEED     7   HIGHEST WIND DIRECTION     S (170)
  HIGHEST GUST SPEED     9   HIGHEST GUST DIRECTION     S (200)
  AVERAGE WIND SPEED     2.3


SKY COVER
  POSSIBLE SUNSHINE  MM
  AVERAGE SKY COVER 1.0


WEATHER CONDITIONS
 THE FOLLOWING WEATHER WAS RECORDED TODAY.
  FOG


RELATIVE HUMIDITY (PERCENT)
 HIGHEST   100           800 AM
 LOWEST     81           300 PM
 AVERAGE    91

..........................................................


THE REXBURG ID CLIMATE NORMALS FOR TOMORROW
                         NORMAL    RECORD    YEAR
 MAXIMUM TEMPERATURE (F)   31        52      1998
 MINIMUM TEMPERATURE (F)   15        -6      2009


SUNRISE AND SUNSET
DECEMBER  2 2016......SUNRISE   743 AM MST   SUNSET   451 PM MST
DECEMBER  3 2016......SUNRISE   744 AM MST   SUNSET   450 PM MST


-  INDICATES NEGATIVE NUMBERS.
R  INDICATES RECORD WAS SET OR TIED.
MM INDICATES DATA IS MISSING.
T  INDICATES TRACE AMOUNT.




$$
