000
CDUS45 KPIH 240731
CLIRXE


CLIMATE REPORT
NATIONAL WEATHER SERVICE POCATELLO ID
1230 AM MST WED JAN 24 2018


...................................

...THE REXBURG ID CLIMATE SUMMARY FOR JANUARY 23 2018...

CLIMATE NORMAL PERIOD 1981 TO 2010
CLIMATE RECORD PERIOD 1998 TO 2018


WEATHER ITEM   OBSERVED TIME   RECORD YEAR NORMAL DEPARTURE LAST
                VALUE   (LST)  VALUE       VALUE  FROM      YEAR
                                                  NORMAL
..................................................................
TEMPERATURE (F)
 YESTERDAY
  MAXIMUM         31    346 PM  39    2003  29      2       32
  MINIMUM         22    938 PM -15    2008  11     11       25
  AVERAGE         27                        20      7       29

PRECIPITATION (IN)
  YESTERDAY        0.00         MM      MM   0.02  -0.02     0.17
  MONTH TO DATE    1.23                      0.60   0.63     1.12
  SINCE OCT 1      3.33                      3.81  -0.48     6.88
  SINCE JAN 1      1.23                      0.60   0.63     1.12

SNOWFALL (IN)
  YESTERDAY       MM
  MONTH TO DATE   MM
  SINCE DEC 1     MM
  SINCE JUL 1     MM
  SNOW DEPTH      MM

DEGREE DAYS
 HEATING
  YESTERDAY       38                        45     -7       36
  MONTH TO DATE  893                      1035   -142     1185
  SINCE DEC 1   2243                      2405   -162     2735
  SINCE JUL 1   4122                      4417   -295     4382

 COOLING
  YESTERDAY        0                         0      0        0
  MONTH TO DATE    0                         0      0        0
  SINCE DEC 1      0                         0      0        0
  SINCE JAN 1      0                         0      0        0
..................................................................


WIND (MPH)
  HIGHEST WIND SPEED    12   HIGHEST WIND DIRECTION    SW (240)
  HIGHEST GUST SPEED    13   HIGHEST GUST DIRECTION    SW (230)
  AVERAGE WIND SPEED     3.9


SKY COVER
  POSSIBLE SUNSHINE  MM
  AVERAGE SKY COVER 1.0


WEATHER CONDITIONS
 THE FOLLOWING WEATHER WAS RECORDED YESTERDAY.
  FOG


RELATIVE HUMIDITY (PERCENT)
 HIGHEST   100          1200 AM
 LOWEST     78           400 PM
 AVERAGE    89

..........................................................


THE REXBURG ID CLIMATE NORMALS FOR TODAY
                         NORMAL    RECORD    YEAR
 MAXIMUM TEMPERATURE (F)   29        34      2013
                                             2009
                                             2003
 MINIMUM TEMPERATURE (F)   11       -14      2008


SUNRISE AND SUNSET
JANUARY 24 2018.......SUNRISE   752 AM MST   SUNSET   527 PM MST
JANUARY 25 2018.......SUNRISE   751 AM MST   SUNSET   529 PM MST


-  INDICATES NEGATIVE NUMBERS.
R  INDICATES RECORD WAS SET OR TIED.
MM INDICATES DATA IS MISSING.
T  INDICATES TRACE AMOUNT.




$$
