000
CDUS45 KPIH 202323
CLIRXE


CLIMATE REPORT
NATIONAL WEATHER SERVICE POCATELLO ID
522 PM MDT SUN AUG 20 2017


...................................

...THE REXBURG ID CLIMATE SUMMARY FOR AUGUST 20 2017...
VALID TODAY AS OF 0500 PM LOCAL TIME.

CLIMATE NORMAL PERIOD 1981 TO 2010
CLIMATE RECORD PERIOD 1998 TO 2017


WEATHER ITEM   OBSERVED TIME   RECORD YEAR NORMAL DEPARTURE LAST
                VALUE   (LST)  VALUE       VALUE  FROM      YEAR
                                                  NORMAL
..................................................................
TEMPERATURE (F)
 TODAY
  MAXIMUM         82    357 PM  92    2013  83     -1       82
  MINIMUM         46    620 AM  39    2016  48     -2       39
  AVERAGE         64                        66     -2       61

PRECIPITATION (IN)
  TODAY            0.00         MM      MM   0.03  -0.03     0.00
  MONTH TO DATE    0.02                      0.56  -0.54     0.04
  SINCE OCT 1     14.12                     11.73   2.39     9.11
  SINCE JAN 1      8.36                      8.52  -0.16     5.95

SNOWFALL (IN)
  TODAY           MM
  MONTH TO DATE   MM
  SINCE JUN 1     MM
  SINCE JUL 1     MM
  SNOW DEPTH      MM

DEGREE DAYS
 HEATING
  TODAY            1                         1      0        4
  MONTH TO DATE   11                        13     -2       10
  SINCE JUN 1    131                       215    -84      114
  SINCE JUL 1     12                        43    -31       44

 COOLING
  TODAY            0                         2     -2        0
  MONTH TO DATE   50                        70    -20       59
  SINCE JUN 1    278                       180     98      231
  SINCE JAN 1    279                       184     95      231
..................................................................


WIND (MPH)
  HIGHEST WIND SPEED    13   HIGHEST WIND DIRECTION    SW (230)
  HIGHEST GUST SPEED    18   HIGHEST GUST DIRECTION     W (250)
  AVERAGE WIND SPEED     5.2


SKY COVER
  POSSIBLE SUNSHINE  MM
  AVERAGE SKY COVER 0.0


WEATHER CONDITIONS
 THE FOLLOWING WEATHER WAS RECORDED TODAY.
  NO SIGNIFICANT WEATHER WAS OBSERVED.


RELATIVE HUMIDITY (PERCENT)
 HIGHEST    77           500 AM
 LOWEST     17           300 PM
 AVERAGE    47

..........................................................


THE REXBURG ID CLIMATE NORMALS FOR TOMORROW
                         NORMAL    RECORD    YEAR
 MAXIMUM TEMPERATURE (F)   83        94      2009
 MINIMUM TEMPERATURE (F)   48        41      2000


SUNRISE AND SUNSET
AUGUST 20 2017........SUNRISE   637 AM MDT   SUNSET   823 PM MDT
AUGUST 21 2017........SUNRISE   639 AM MDT   SUNSET   821 PM MDT


-  INDICATES NEGATIVE NUMBERS.
R  INDICATES RECORD WAS SET OR TIED.
MM INDICATES DATA IS MISSING.
T  INDICATES TRACE AMOUNT.




$$
