845
CDUS45 KPIH 230739
CLIRXE


CLIMATE REPORT
NATIONAL WEATHER SERVICE POCATELLO ID
138 AM MDT THU MAR 23 2017


...................................

...THE REXBURG ID CLIMATE SUMMARY FOR MARCH 22 2017...

CLIMATE NORMAL PERIOD 1981 TO 2010
CLIMATE RECORD PERIOD 1998 TO 2017


WEATHER ITEM   OBSERVED TIME   RECORD YEAR NORMAL DEPARTURE LAST
                VALUE   (LST)  VALUE       VALUE  FROM      YEAR
                                                  NORMAL
..................................................................
TEMPERATURE (F)
 YESTERDAY
  MAXIMUM         53    337 PM  66    2012  47      6       41
  MINIMUM         39   1159 PM   9    2008  27     12       33
  AVERAGE         46                        37      9       37

PRECIPITATION (IN)
  YESTERDAY        0.01         MM      MM   0.04  -0.03     0.07
  MONTH TO DATE    0.13                      0.66  -0.53     0.76
  SINCE OCT 1      8.15                      5.44   2.71     5.70
  SINCE JAN 1      2.39                      2.23   0.16     2.54

SNOWFALL (IN)
  YESTERDAY       MM
  MONTH TO DATE   MM
  SINCE MAR 1     MM
  SINCE JUL 1     MM
  SNOW DEPTH      MM

DEGREE DAYS
 HEATING
  YESTERDAY       19                        28     -9       28
  MONTH TO DATE  538                       719   -181      622
  SINCE MAR 1    538                       719   -181      622
  SINCE JUL 1   6333                      6692   -359     6199

 COOLING
  YESTERDAY        0                         0      0        0
  MONTH TO DATE    0                         0      0        0
  SINCE MAR 1      0                         0      0        0
  SINCE JAN 1      0                         0      0        0
..................................................................


WIND (MPH)
  HIGHEST WIND SPEED    20   HIGHEST WIND DIRECTION    SW (240)
  HIGHEST GUST SPEED    27   HIGHEST GUST DIRECTION     S (180)
  AVERAGE WIND SPEED     8.0


SKY COVER
  POSSIBLE SUNSHINE  MM
  AVERAGE SKY COVER 0.5


WEATHER CONDITIONS
 THE FOLLOWING WEATHER WAS RECORDED YESTERDAY.
  LIGHT RAIN


RELATIVE HUMIDITY (PERCENT)
 HIGHEST    92          1100 PM
 LOWEST     44           200 PM
 AVERAGE    68

..........................................................


THE REXBURG ID CLIMATE NORMALS FOR TODAY
                         NORMAL    RECORD    YEAR
 MAXIMUM TEMPERATURE (F)   48        69      2004
 MINIMUM TEMPERATURE (F)   27         8      2008


SUNRISE AND SUNSET
MARCH 23 2017.........SUNRISE   724 AM MDT   SUNSET   744 PM MDT
MARCH 24 2017.........SUNRISE   723 AM MDT   SUNSET   745 PM MDT


-  INDICATES NEGATIVE NUMBERS.
R  INDICATES RECORD WAS SET OR TIED.
MM INDICATES DATA IS MISSING.
T  INDICATES TRACE AMOUNT.




$$
