000
CDUS45 KPIH 120736
CLIRXE


CLIMATE REPORT
NATIONAL WEATHER SERVICE POCATELLO ID
134 AM MDT SAT JUL 12 2014


...................................

...THE REXBURG ID CLIMATE SUMMARY FOR JULY 11 2014...

CLIMATE NORMAL PERIOD 1981 TO 2010
CLIMATE RECORD PERIOD 1998 TO 2014


WEATHER ITEM   OBSERVED TIME   RECORD YEAR NORMAL DEPARTURE LAST
                VALUE   (LST)  VALUE       VALUE  FROM      YEAR
                                                  NORMAL
..................................................................
TEMPERATURE (F)
 YESTERDAY
  MAXIMUM         89    441 PM  96    2002  83      6       84
  MINIMUM         55    530 AM  47    1999  50      5       57
  AVERAGE         72                        66      6       71

PRECIPITATION (IN)
  YESTERDAY        T            MM      MM   0.03  -0.03     0.02
  MONTH TO DATE    T                         0.35  -0.35     0.02
  SINCE OCT 1      7.65                     10.80  -3.15     7.89
  SINCE JAN 1      5.79                      7.59  -1.80     4.50

SNOWFALL (IN)
  YESTERDAY       MM
  MONTH TO DATE   MM
  SINCE JUN 1     MM
  SINCE JUL 1     MM
  SNOW DEPTH      MM

DEGREE DAYS
 HEATING
  YESTERDAY        0                         1     -1        0
  MONTH TO DATE    3                        19    -16        0
  SINCE JUN 1    158                       191    -33      117
  SINCE JUL 1      3                        19    -16        0

 COOLING
  YESTERDAY        7                         2      5        6
  MONTH TO DATE   62                        17     45       85
  SINCE JUN 1     65                        35     30      144
  SINCE JAN 1     65                        39     26      146
..................................................................


WIND (MPH)
  HIGHEST WIND SPEED    17   HIGHEST WIND DIRECTION     N (10)
  HIGHEST GUST SPEED    22   HIGHEST GUST DIRECTION     N (10)
  AVERAGE WIND SPEED     5.5


SKY COVER
  POSSIBLE SUNSHINE  MM
  AVERAGE SKY COVER 0.1


WEATHER CONDITIONS
 THE FOLLOWING WEATHER WAS RECORDED YESTERDAY.
  THUNDERSTORM
  LIGHT RAIN


RELATIVE HUMIDITY (PERCENT)
 HIGHEST    86           400 AM
 LOWEST     22           300 PM
 AVERAGE    54

..........................................................


THE REXBURG ID CLIMATE NORMALS FOR TODAY
                         NORMAL    RECORD    YEAR
 MAXIMUM TEMPERATURE (F)   83        98      2002
 MINIMUM TEMPERATURE (F)   50        39      2008


SUNRISE AND SUNSET
JULY 12 2014..........SUNRISE   556 AM MDT   SUNSET   909 PM MDT
JULY 13 2014..........SUNRISE   557 AM MDT   SUNSET   908 PM MDT


-  INDICATES NEGATIVE NUMBERS.
R  INDICATES RECORD WAS SET OR TIED.
MM INDICATES DATA IS MISSING.
T  INDICATES TRACE AMOUNT.




$$
