000
CDUS45 KPIH 240733
CLIRXE


CLIMATE REPORT
NATIONAL WEATHER SERVICE POCATELLO ID
130 AM MDT SUN MAY 24 2015


...................................

...THE REXBURG ID CLIMATE SUMMARY FOR MAY 23 2015...

CLIMATE NORMAL PERIOD 1981 TO 2010
CLIMATE RECORD PERIOD 1998 TO 2015


WEATHER ITEM   OBSERVED TIME   RECORD YEAR NORMAL DEPARTURE LAST
                VALUE   (LST)  VALUE       VALUE  FROM      YEAR
                                                  NORMAL
..................................................................
TEMPERATURE (F)
 YESTERDAY
  MAXIMUM         67   1231 PM  84    2003  68     -1       82
  MINIMUM         46   1159 PM  32    2010  41      5       42
                                      2007
  AVERAGE         57                        54      3       62

PRECIPITATION (IN)
  YESTERDAY        0.26         MM      MM   0.05   0.21     0.00
  MONTH TO DATE    2.40                      1.25   1.15     0.56
  SINCE OCT 1      6.98                      8.57  -1.59     6.89
  SINCE JAN 1      4.21                      5.36  -1.15     5.03

SNOWFALL (IN)
  YESTERDAY       MM
  MONTH TO DATE   MM
  SINCE MAR 1     MM
  SINCE JUL 1     MM
  SNOW DEPTH      MM

DEGREE DAYS
 HEATING
  YESTERDAY        8                        11     -3        3
  MONTH TO DATE  271                       316    -45      298
  SINCE MAR 1   1607                      1908   -301     1787
  SINCE JUL 1   6691                      7881  -1190     7602

 COOLING
  YESTERDAY        0                         0      0        0
  MONTH TO DATE    0                         0      0        0
  SINCE MAR 1      0                         0      0        0
  SINCE JAN 1      0                         0      0        0
..................................................................


WIND (MPH)
  HIGHEST WIND SPEED    16   HIGHEST WIND DIRECTION     E (80)
  HIGHEST GUST SPEED    22   HIGHEST GUST DIRECTION     E (80)
  AVERAGE WIND SPEED     3.1


SKY COVER
  POSSIBLE SUNSHINE  MM
  AVERAGE SKY COVER 0.6


WEATHER CONDITIONS
 THE FOLLOWING WEATHER WAS RECORDED YESTERDAY.
  THUNDERSTORM
  HEAVY RAIN
  RAIN
  LIGHT RAIN
  FOG
  HAZE


RELATIVE HUMIDITY (PERCENT)
 HIGHEST    93           500 AM
 LOWEST     44          1200 PM
 AVERAGE    69

..........................................................


THE REXBURG ID CLIMATE NORMALS FOR TODAY
                         NORMAL    RECORD    YEAR
 MAXIMUM TEMPERATURE (F)   68        87      2003
 MINIMUM TEMPERATURE (F)   41        31      2012


SUNRISE AND SUNSET
MAY 24 2015...........SUNRISE   553 AM MDT   SUNSET   855 PM MDT
MAY 25 2015...........SUNRISE   553 AM MDT   SUNSET   856 PM MDT


-  INDICATES NEGATIVE NUMBERS.
R  INDICATES RECORD WAS SET OR TIED.
MM INDICATES DATA IS MISSING.
T  INDICATES TRACE AMOUNT.




$$
