461
CDUS46 KSTO 110947 RRA
CLISAC

CLIMATE REPORT
NATIONAL WEATHER SERVICE SACRAMENTO, CA
1246 AM PST SUN DEC 11 2016


................................................................

...THE SACRAMENTO EXEC. AIRPORT CA CLIMATE SUMMARY FOR DECEMBER 10 2016...

CLIMATE NORMAL PERIOD 1981 TO 2010
CLIMATE RECORD PERIOD 1930 TO 2016


WEATHER ITEM   OBSERVED TIME   RECORD YEAR NORMAL DEPARTURE LAST
                VALUE   (LST)  VALUE       VALUE  FROM      YEAR
                                                  NORMAL
..................................................................
TEMPERATURE (F)
 YESTERDAY
  MAXIMUM         61    440 PM  68    1943  55      6       63
  MINIMUM         46   1154 PM  23    1972  39      7       50
  AVERAGE         54

PRECIPITATION (IN)
  YESTERDAY        0.37          0.93 1996   0.10   0.27     0.11
  MONTH TO DATE    1.21                      0.95   0.26     0.52
  SINCE OCT 1      7.05                      3.98   3.07     2.21
  SINCE JAN 1     19.80                     16.22   3.58     7.28

SNOWFALL (IN)
  YESTERDAY       MM             0.0  2001   0.0             0.0
  MONTH TO DATE    0.0                       0.0             0.0
  SINCE DEC 1      0.0                       0.0             0.0
  SINCE JUL 1      0.0                       0.0             0.0

DEGREE DAYS
 HEATING
  YESTERDAY       11

 COOLING
  YESTERDAY        0
..................................................................


WIND (MPH)
  RESULTANT WIND SPEED   7   RESULTANT WIND DIRECTION   S (180)
  HIGHEST WIND SPEED    15   HIGHEST WIND DIRECTION     S (160)
  HIGHEST GUST SPEED    23   HIGHEST GUST DIRECTION    SE (150)


SKY COVER
  POSSIBLE SUNSHINE  MM
  AVERAGE SKY COVER 0.8


WEATHER CONDITIONS
 THE FOLLOWING WEATHER WAS RECORDED YESTERDAY.
  RAIN
  LIGHT RAIN
  FOG


RELATIVE HUMIDITY (PERCENT)
 HIGHEST   100
 LOWEST     93
 AVERAGE    97

..........................................................


THE SACRAMENTO EXEC. AIRPORT CA CLIMATE NORMALS FOR TODAY
                         NORMAL    RECORD    YEAR
 MAXIMUM TEMPERATURE (F)   55        67      1996
                                             1958
 MINIMUM TEMPERATURE (F)   38        20      1972


SUNRISE AND SUNSET
DECEMBER 11 2016......SUNRISE   714 AM PST   SUNSET   445 PM PST
DECEMBER 12 2016......SUNRISE   715 AM PST   SUNSET   445 PM PST


-  INDICATES NEGATIVE NUMBERS.
R  INDICATES RECORD WAS SET OR TIED.
MM INDICATES DATA IS MISSING.
T  INDICATES TRACE AMOUNT.

&&
....................................................................

SACRAMENTO CITY CLIMATE DATA FOR SATURDAY DECEMBER 10 2016

HIGH...   60  RECORD HIGH    68 IN 1958    NORMAL    HIGH   55
LOW....   50  RECORD LOW     22 IN 1932    NORMAL    LOW    41

RAIN SINCE MIDNIGHT....  0.52   RECORD THIS DATE....... 1.92 IN 1937
TOTAL THIS MONTH.......  1.24   NORMAL SINCE OCT 1ST.........  4.5
TOTAL SINCE OCT 1ST...   6.98   PERCENT OF NORMAL.............  155%


$$
NNNN
