000
CDUS46 KSTO 030840
CLISAC

CLIMATE REPORT
NATIONAL WEATHER SERVICE SACRAMENTO, CA
1236 AM PST TUE MAR 3 2015


...................................

...THE SACRAMENTO EXEC. AIRPORT CA CLIMATE SUMMARY FOR MARCH 2 2015...

CLIMATE NORMAL PERIOD 1981 TO 2010
CLIMATE RECORD PERIOD 1930 TO 2015


WEATHER ITEM   OBSERVED TIME   RECORD YEAR NORMAL DEPARTURE LAST
                VALUE   (LST)  VALUE       VALUE  FROM      YEAR
                                                  NORMAL
..................................................................
TEMPERATURE (F)
 YESTERDAY
  MAXIMUM         64    406 PM  76    1994  63      1       61
  MINIMUM         45    119 AM  27    1971  43      2       48
  AVERAGE         55

PRECIPITATION (IN)
  YESTERDAY        0.02          1.75 1995   0.12  -0.10     0.08
  MONTH TO DATE    0.02                      0.24  -0.22     0.08
  SINCE OCT 1     13.22                     13.63  -0.41     5.68
  SINCE JAN 1      2.84                      7.35  -4.51     4.37

SNOWFALL (IN)
  YESTERDAY       MM            MM      MM   0.0            MM
  MONTH TO DATE    0.0                       0.0             0.0
  SINCE MAR 1      0.0                       0.0             0.0
  SINCE JUL 1      0.0                       0.0             0.0

DEGREE DAYS
 HEATING
  YESTERDAY       10

 COOLING
  YESTERDAY        0
..................................................................


WIND (MPH)
  RESULTANT WIND SPEED   4   RESULTANT WIND DIRECTION  SE (130)
  HIGHEST WIND SPEED    14   HIGHEST WIND DIRECTION    SE (130)
  HIGHEST GUST SPEED    16   HIGHEST GUST DIRECTION    SE (140)


SKY COVER
  POSSIBLE SUNSHINE  MM
  AVERAGE SKY COVER 0.4


WEATHER CONDITIONS
 THE FOLLOWING WEATHER WAS RECORDED YESTERDAY.
  LIGHT RAIN


RELATIVE HUMIDITY (PERCENT)
 HIGHEST    82
 LOWEST     48
 AVERAGE    65

..........................................................


THE SACRAMENTO EXEC. AIRPORT CA CLIMATE NORMALS FOR TODAY
                         NORMAL    RECORD    YEAR
 MAXIMUM TEMPERATURE (F)   64        75      1959
 MINIMUM TEMPERATURE (F)   43        28      1966


SUNRISE AND SUNSET
MARCH  3 2015.........SUNRISE   635 AM PST   SUNSET   601 PM PST
MARCH  4 2015.........SUNRISE   634 AM PST   SUNSET   602 PM PST


-  INDICATES NEGATIVE NUMBERS.
R  INDICATES RECORD WAS SET OR TIED.
MM INDICATES DATA IS MISSING.
T  INDICATES TRACE AMOUNT.






&&
....................................................................

SACRAMENTO CITY CLIMATE DATA FOR MONDAY MARCH 2 2015

HIGH...   64  RECORD HIGH    79 IN 1994    NORMAL    HIGH   65
LOW....   45  RECORD LOW     32 IN 1953    NORMAL    LOW    46

RAIN SINCE MIDNIGHT....  0.00   RECORD THIS DATE....... 1.91 IN 1995
TOTAL THIS MONTH.......  0.00   NORMAL SINCE OCT 1ST.........  14.89
TOTAL SINCE OCT 1ST... 11.57   PERCENT OF NORMAL.............  78%


$$
NNNN
