515
CDUS46 KSTO 280853 RRA
CLISAC

CLIMATE REPORT
NATIONAL WEATHER SERVICE SACRAMENTO, CA
1248 AM PST TUE FEB 28 2017


.................................................................

...THE SACRAMENTO EXEC. AIRPORT CA CLIMATE SUMMARY FOR FEBRUARY 27 2017...

CLIMATE NORMAL PERIOD 1981 TO 2010
CLIMATE RECORD PERIOD 1930 TO 2017


WEATHER ITEM   OBSERVED TIME   RECORD YEAR NORMAL DEPARTURE LAST
                VALUE   (LST)  VALUE       VALUE  FROM      YEAR
                                                  NORMAL
..................................................................
TEMPERATURE (F)
 YESTERDAY
  MAXIMUM         56    256 PM  76    1992  63     -7       67
                                      1985
  MINIMUM         37    723 AM  28    1962  43     -6       45
  AVERAGE         47

PRECIPITATION (IN)
  YESTERDAY        0.00          1.81 1973   0.11  -0.11     0.00
  MONTH TO DATE    8.25                      3.35   4.90     0.82
  SINCE OCT 1     27.62                     13.27  14.35     9.70
  SINCE JAN 1     18.17                      6.99  11.18     6.26

SNOWFALL (IN)
  YESTERDAY        0.0          MM      MM   0.0             0.0
  MONTH TO DATE    0.0                       0.0             0.0
  SINCE DEC 1      0.0                       0.0             0.0
  SINCE JUL 1      0.0                       0.0             0.0

DEGREE DAYS
 HEATING
  YESTERDAY       18

 COOLING
  YESTERDAY        0
..................................................................


WIND (MPH)
  RESULTANT WIND SPEED   2   RESULTANT WIND DIRECTION  SW (230)
  HIGHEST WIND SPEED    13   HIGHEST WIND DIRECTION    SW (220)
  HIGHEST GUST SPEED    18   HIGHEST GUST DIRECTION    SW (220)


SKY COVER
  POSSIBLE SUNSHINE  MM
  AVERAGE SKY COVER 0.2


WEATHER CONDITIONS
 THE FOLLOWING WEATHER WAS RECORDED YESTERDAY.
  FOG


RELATIVE HUMIDITY (PERCENT)
 HIGHEST   100
 LOWEST     38
 AVERAGE    69

..........................................................


THE SACRAMENTO EXEC. AIRPORT CA CLIMATE NORMALS FOR TODAY
                         NORMAL    RECORD    YEAR
 MAXIMUM TEMPERATURE (F)   63        74      1985
 MINIMUM TEMPERATURE (F)   43        30      1955
                                             1945


SUNRISE AND SUNSET
FEBRUARY 28 2017......SUNRISE   639 AM PST   SUNSET   558 PM PST
MARCH  1 2017.........SUNRISE   638 AM PST   SUNSET   559 PM PST


-  INDICATES NEGATIVE NUMBERS.
R  INDICATES RECORD WAS SET OR TIED.
MM INDICATES DATA IS MISSING.
T  INDICATES TRACE AMOUNT.

&&
....................................................................

SACRAMENTO CITY CLIMATE DATA FOR MONDAY FEBRUARY 27 2017

HIGH...   58  RECORD HIGH    80 IN 1985    NORMAL    HIGH   64
LOW....   41  RECORD LOW     30 IN 1962    NORMAL    LOW    45

RAIN SINCE MIDNIGHT....  0.00   RECORD THIS DATE....... 2.19 IN 1940
TOTAL THIS MONTH.......  8.04   NORMAL SINCE OCT 1ST.........  14.49
TOTAL SINCE OCT 1ST...  27.40   PERCENT OF NORMAL.............  189%


$$
NNNN
