000
CDUS46 KSTO 290838
CLISAC

CLIMATE REPORT
NATIONAL WEATHER SERVICE SACRAMENTO, CA
136 AM PDT FRI MAY 29 2015


.................................................................

...THE SACRAMENTO EXEC. AIRPORT CA CLIMATE SUMMARY FOR MAY 28 2015...

CLIMATE NORMAL PERIOD 1981 TO 2010
CLIMATE RECORD PERIOD 1930 TO 2015


WEATHER ITEM   OBSERVED TIME   RECORD YEAR NORMAL DEPARTURE LAST
                VALUE   (LST)  VALUE       VALUE  FROM      YEAR
                                                  NORMAL
..................................................................
TEMPERATURE (F)
 YESTERDAY
  MAXIMUM         87    313 PM 105    1984  83      4       83
  MINIMUM         53    528 AM  43    2010  53      0       54
  AVERAGE         70

PRECIPITATION (IN)
  YESTERDAY        0.00          1.10 1998   0.02  -0.02     0.00
  MONTH TO DATE    0.07                      0.63  -0.56      T
  SINCE OCT 1     15.34                     17.92  -2.58     9.20
  SINCE JAN 1      4.96                     11.64  -6.68     7.89

SNOWFALL (IN)
  YESTERDAY        0.0          MM      MM   0.0             0.0
  MONTH TO DATE    0.0                       0.0             0.0
  SINCE MAR 1      0.0                       0.0             0.0
  SINCE JUL 1      0.0                       0.0             0.0

DEGREE DAYS
 HEATING
  YESTERDAY        0

 COOLING
  YESTERDAY        5
..................................................................


WIND (MPH)
  RESULTANT WIND SPEED   4   RESULTANT WIND DIRECTION   S (190)
  HIGHEST WIND SPEED    13   HIGHEST WIND DIRECTION    SW (220)
  HIGHEST GUST SPEED    18   HIGHEST GUST DIRECTION    SW (220)


SKY COVER
  POSSIBLE SUNSHINE  MM
  AVERAGE SKY COVER 0.1


WEATHER CONDITIONS
 THE FOLLOWING WEATHER WAS RECORDED YESTERDAY.
  NO SIGNIFICANT WEATHER WAS OBSERVED.


RELATIVE HUMIDITY (PERCENT)
 HIGHEST    93
 LOWEST     34
 AVERAGE    64

..........................................................


THE SACRAMENTO EXEC. AIRPORT CA CLIMATE NORMALS FOR TODAY
                         NORMAL    RECORD    YEAR
 MAXIMUM TEMPERATURE (F)   83       102      1973
 MINIMUM TEMPERATURE (F)   53        42      1985


SUNRISE AND SUNSET
MAY 29 2015...........SUNRISE   545 AM PDT   SUNSET   822 PM PDT
MAY 30 2015...........SUNRISE   545 AM PDT   SUNSET   823 PM PDT


-  INDICATES NEGATIVE NUMBERS.
R  INDICATES RECORD WAS SET OR TIED.
MM INDICATES DATA IS MISSING.
T  INDICATES TRACE AMOUNT.


&&
....................................................................

SACRAMENTO CITY CLIMATE DATA FOR THURSDAY MAY 28 2015

HIGH...   88  RECORD HIGH   107 IN 1984    NORMAL    HIGH   84
LOW....   53  RECORD LOW     44 IN 1927    NORMAL    LOW    56

RAIN SINCE MIDNIGHT....  0.00   RECORD THIS DATE....... 1.27 IN 1998
TOTAL THIS MONTH.......  0.19   NORMAL SINCE OCT 1ST.........  19.65
TOTAL SINCE OCT 1ST...  13.73   PERCENT OF NORMAL.............  70%


$$
