000
CDUS46 KSTO 031255 RRA
CLISAC

CLIMATE REPORT
NATIONAL WEATHER SERVICE SACRAMENTO, CA
139 AM PDT FRI JUL 3 2015


.................................................................

...THE SACRAMENTO EXEC. AIRPORT CA CLIMATE SUMMARY FOR JULY 2 2015...

CLIMATE NORMAL PERIOD 1981 TO 2010
CLIMATE RECORD PERIOD 1930 TO 2015


WEATHER ITEM   OBSERVED TIME   RECORD YEAR NORMAL DEPARTURE LAST
                VALUE   (LST)  VALUE       VALUE  FROM      YEAR
                                                  NORMAL
..................................................................
TEMPERATURE (F)
 YESTERDAY
  MAXIMUM         93    235 PM 108    1950  91      2       90
  MINIMUM         69   1159 PM  52    1987  58     11       57
                                      1963
                                      1956
  AVERAGE         81

PRECIPITATION (IN)
  YESTERDAY        T             0.37 1980   0.00   0.00     0.00
  MONTH TO DATE    T                         0.00   0.00     0.00
  SINCE OCT 1     15.41                     18.18  -2.77     9.20
  SINCE JAN 1      5.03                     11.90  -6.87     7.89

SNOWFALL (IN)
  YESTERDAY        0.0          MM      MM   0.0             0.0
  MONTH TO DATE    0.0                       0.0             0.0
  SINCE JUN 1      0.0                       0.0             0.0
  SINCE JUL 1      0.0                       0.0             0.0

DEGREE DAYS
 HEATING
  YESTERDAY        0

 COOLING
  YESTERDAY       16
..................................................................


WIND (MPH)
  RESULTANT WIND SPEED   8   RESULTANT WIND DIRECTION   S (200)
  HIGHEST WIND SPEED    17   HIGHEST WIND DIRECTION    SW (220)
  HIGHEST GUST SPEED    25   HIGHEST GUST DIRECTION    SW (230)


SKY COVER
  POSSIBLE SUNSHINE  MM
  AVERAGE SKY COVER 0.0


WEATHER CONDITIONS
 THE FOLLOWING WEATHER WAS RECORDED YESTERDAY.
  NO SIGNIFICANT WEATHER WAS OBSERVED.


RELATIVE HUMIDITY (PERCENT)
 HIGHEST    53
 LOWEST     28
 AVERAGE    41

..........................................................


THE SACRAMENTO EXEC. AIRPORT CA CLIMATE NORMALS FOR TODAY
                         NORMAL    RECORD    YEAR
 MAXIMUM TEMPERATURE (F)   91       112      1991
 MINIMUM TEMPERATURE (F)   58        50      1982


SUNRISE AND SUNSET
JULY  3 2015..........SUNRISE   546 AM PDT   SUNSET   834 PM PDT
JULY  4 2015..........SUNRISE   547 AM PDT   SUNSET   834 PM PDT


-  INDICATES NEGATIVE NUMBERS.
R  INDICATES RECORD WAS SET OR TIED.
MM INDICATES DATA IS MISSING.
T  INDICATES TRACE AMOUNT.

&&
....................................................................

SACRAMENTO CITY CLIMATE DATA FOR THURSDAY JULY 2 2015

HIGH...   96  RECORD HIGH   109 IN 1991    NORMAL    HIGH   92
LOW....   71  RECORD LOW     50 IN 1919    NORMAL    LOW    61

RAIN SINCE MIDNIGHT....  0.00   RECORD THIS DATE....... 0.28 IN 1980
TOTAL THIS MONTH.......  0.00   NORMAL SINCE OCT 1ST.........  19.89
TOTAL SINCE OCT 1ST...  13.80   PERCENT OF NORMAL.............  69%


$$
NNNN
