000
CDUS46 KSTO 300042
CLISAC

CLIMATE REPORT
NATIONAL WEATHER SERVICE SACRAMENTO, CA
530 PM PDT SUN MAR 29 2015

.................................................................

...THE SACRAMENTO EXEC. AIRPORT CA CLIMATE SUMMARY FOR MARCH 29 2015...
VALID TODAY AS OF 0500 PM LOCAL TIME.

CLIMATE NORMAL PERIOD 1981 TO 2010
CLIMATE RECORD PERIOD 1930 TO 2015


WEATHER ITEM   OBSERVED TIME   RECORD YEAR NORMAL DEPARTURE LAST
                VALUE   (LST)  VALUE       VALUE  FROM      YEAR
                                                  NORMAL
..................................................................
TEMPERATURE (F)
 TODAY
  MAXIMUM         84R   359 PM  83    2002  67     17       57
  MINIMUM         46    636 AM  33    1967  45      1       48
  AVERAGE         65

PRECIPITATION (IN)
  TODAY            0.00          0.72 1982   0.07  -0.07     0.60
  MONTH TO DATE    0.22                      2.63  -2.41     1.57
  SINCE OCT 1     13.42                     16.02  -2.60     7.17
  SINCE JAN 1      3.04                      9.74  -6.70     5.86

SNOWFALL (IN)
  TODAY            0.0          MM      MM   0.0            MM
  MONTH TO DATE    0.0                       0.0             0.0
  SINCE MAR 1      0.0                       0.0             0.0
  SINCE JUL 1      0.0                       0.0             0.0

DEGREE DAYS
 HEATING
  TODAY            0

 COOLING
  TODAY            0
..................................................................


WIND (MPH)
  RESULTANT WIND SPEED   2   RESULTANT WIND DIRECTION  NW (310)
  HIGHEST WIND SPEED     9   HIGHEST WIND DIRECTION    NW (310)
  HIGHEST GUST SPEED    14   HIGHEST GUST DIRECTION    NW (320)


SKY COVER
  POSSIBLE SUNSHINE  MM
  AVERAGE SKY COVER 0.0


WEATHER CONDITIONS
 THE FOLLOWING WEATHER WAS RECORDED TODAY.
  NO SIGNIFICANT WEATHER WAS OBSERVED.


RELATIVE HUMIDITY (PERCENT)
 HIGHEST    86
 LOWEST     22
 AVERAGE    54

..........................................................


THE SACRAMENTO EXEC. AIRPORT CA CLIMATE NORMALS FOR TOMORROW
                         NORMAL    RECORD    YEAR
 MAXIMUM TEMPERATURE (F)   67        83      2001
 MINIMUM TEMPERATURE (F)   45        33      1972


SUNRISE AND SUNSET
MARCH 29 2015.........SUNRISE   656 AM PDT   SUNSET   726 PM PDT
MARCH 30 2015.........SUNRISE   654 AM PDT   SUNSET   727 PM PDT


-  INDICATES NEGATIVE NUMBERS.
R  INDICATES RECORD WAS SET OR TIED.
MM INDICATES DATA IS MISSING.
T  INDICATES TRACE AMOUNT.

&&
....................................................................

SACRAMENTO CITY CLIMATE DATA FOR SUNDAY MARCH 29 2015

HIGH...   84  RECORD HIGH    86 IN 2002    NORMAL    HIGH   69
LOW....   49  RECORD LOW     36 IN 1897    NORMAL    LOW    47

RAIN SINCE MIDNIGHT....  0.00   RECORD THIS DATE....... 0.96 IN 1940
TOTAL THIS MONTH.......  0.16   NORMAL SINCE OCT 1ST.........  17.51
TOTAL SINCE OCT 1ST...  11.73   PERCENT OF NORMAL.............  67%

$$
POWELL
