000
CDUS46 KSTO 010048
CLISAC

CLIMATE REPORT
NATIONAL WEATHER SERVICE SACRAMENTO, CA
540 PM PDT SUN APR 30 2017


...................................

...THE SACRAMENTO EXEC. AIRPORT CA CLIMATE SUMMARY FOR APRIL 30 2017...
VALID TODAY AS OF 0500 PM LOCAL TIME.

CLIMATE NORMAL PERIOD 1981 TO 2010
CLIMATE RECORD PERIOD 1930 TO 2017


WEATHER ITEM   OBSERVED TIME   RECORD YEAR NORMAL DEPARTURE LAST
                VALUE   (LST)  VALUE       VALUE  FROM      YEAR
                                                  NORMAL
..................................................................
TEMPERATURE (F)
 TODAY
  MAXIMUM         84    359 PM  95    1996  76      8       83
  MINIMUM         49    529 AM  37    1967  48      1       56
  AVERAGE         67

PRECIPITATION (IN)
  TODAY            0.00          0.31 1995   0.03  -0.03     0.00
  MONTH TO DATE    2.93                      1.15   1.78     1.03
  SINCE OCT 1     32.93                     17.29  15.64    15.80
  SINCE JAN 1     23.48                     11.01  12.47    12.36

SNOWFALL (IN)
  TODAY            0.0          MM      MM   0.0             0.0
  MONTH TO DATE    0.0                       0.0             0.0
  SINCE MAR 1      0.0                       0.0             0.0
  SINCE JUL 1      0.0                       0.0             0.0

DEGREE DAYS
 HEATING
  TODAY            0

 COOLING
  TODAY            2
..................................................................


WIND (MPH)
  RESULTANT WIND SPEED   1   RESULTANT WIND DIRECTION   E (80)
  HIGHEST WIND SPEED    10   HIGHEST WIND DIRECTION     N (350)
  HIGHEST GUST SPEED    15   HIGHEST GUST DIRECTION     W (280)


SKY COVER
  POSSIBLE SUNSHINE  MM
  AVERAGE SKY COVER 0.0


WEATHER CONDITIONS
 THE FOLLOWING WEATHER WAS RECORDED TODAY.
  NO SIGNIFICANT WEATHER WAS OBSERVED.


RELATIVE HUMIDITY (PERCENT)
 HIGHEST    86
 LOWEST     26
 AVERAGE    56

..........................................................


THE SACRAMENTO EXEC. AIRPORT CA CLIMATE NORMALS FOR TOMORROW
                         NORMAL    RECORD    YEAR
 MAXIMUM TEMPERATURE (F)   76        94      1996
 MINIMUM TEMPERATURE (F)   49        39      1948


SUNRISE AND SUNSET
APRIL 30 2017.........SUNRISE   610 AM PDT   SUNSET   757 PM PDT
MAY  1 2017...........SUNRISE   608 AM PDT   SUNSET   758 PM PDT


-  INDICATES NEGATIVE NUMBERS.
R  INDICATES RECORD WAS SET OR TIED.
MM INDICATES DATA IS MISSING.
T  INDICATES TRACE AMOUNT.

&&
....................................................................

SACRAMENTO CITY CLIMATE DATA FOR SUNDAY APRIL 30 2017

HIGH...   86  RECORD HIGH    97 IN 1996    NORMAL    HIGH   77
LOW....   52  RECORD LOW     39 IN 1933    NORMAL    LOW    51

RAIN SINCE MIDNIGHT....  0.00   RECORD THIS DATE....... 0.57 IN 1995
TOTAL THIS MONTH.......  3.36   NORMAL SINCE OCT 1ST.........  18.94
TOTAL SINCE OCT 1ST...  33.66   PERCENT OF NORMAL.............  178%


$$
NNNN
