000
CDUS46 KSGX 271417
CLISAN


CLIMATE REPORT
NATIONAL WEATHER SERVICE SAN DIEGO, CA
617 AM PST THU NOV 27 2014


...................................

...THE SAN DIEGO/LINDBERGH FIELD CA CLIMATE SUMMARY FOR NOVEMBER 26 2014...

CLIMATE NORMAL PERIOD 1981 TO 2010
CLIMATE RECORD PERIOD 1850 TO 2014


WEATHER ITEM   OBSERVED TIME   RECORD YEAR NORMAL DEPARTURE LAST
                VALUE   (LST)  VALUE       VALUE  FROM      YEAR
                                                  NORMAL
..................................................................
TEMPERATURE (F)
 YESTERDAY
  MAXIMUM         81    424 PM  85    1956  67     14       74
  MINIMUM         52    524 AM  41    1880  51      1       52
  AVERAGE         67                        59      8       63

PRECIPITATION (IN)
  YESTERDAY        0.00          1.05 2008   0.04  -0.04     0.00
  MONTH TO DATE    0.37                      0.84  -0.47     1.47
  SINCE JUL 1      0.45                      1.61  -1.16     1.77
  SINCE JAN 1      3.27                      8.64  -5.37     5.10

SNOWFALL (IN)
  YESTERDAY        0.0
  MONTH TO DATE    0.0
  SINCE JAN 1      0.0
  SINCE JUL 1      0.0
  SNOW DEPTH       0

DEGREE DAYS
 HEATING
  YESTERDAY        0                         6     -6        2
  MONTH TO DATE   18                        99    -81       39
  SINCE SEP 1     18                       119   -101       61
  SINCE JUL 1     18                       120   -102       61

 COOLING
  YESTERDAY        2                         0      2        0
  MONTH TO DATE   42                        11     31       23
  SINCE SEP 1    583                       250    333      282
  SINCE JAN 1   1485                       718    767      761
..................................................................


WIND (MPH)
  RESULTANT WIND SPEED   2   RESULTANT WIND DIRECTION  NW (330)
  HIGHEST WIND SPEED    10   HIGHEST WIND DIRECTION    NW (300)
  HIGHEST GUST SPEED    13   HIGHEST GUST DIRECTION    NW (300)
  AVERAGE WIND SPEED     2.3


SKY COVER
  POSSIBLE SUNSHINE  MM
  AVERAGE SKY COVER 0.0


WEATHER CONDITIONS
 THE FOLLOWING WEATHER WAS RECORDED YESTERDAY.
  NO SIGNIFICANT WEATHER WAS OBSERVED.


RELATIVE HUMIDITY (PERCENT)
 HIGHEST    49           800 PM
 LOWEST     10          1000 AM
 AVERAGE    30

..........................................................


THE SAN DIEGO/LINDBERGH FIELD CA CLIMATE NORMALS FOR TODAY
                         NORMAL    RECORD    YEAR
 MAXIMUM TEMPERATURE (F)   67        83      1903
 MINIMUM TEMPERATURE (F)   51        40      1948
                                             1878


SUNRISE AND SUNSET
NOVEMBER 27 2014......SUNRISE   630 AM PST   SUNSET   443 PM PST
NOVEMBER 28 2014......SUNRISE   630 AM PST   SUNSET   443 PM PST


-  INDICATES NEGATIVE NUMBERS.
R  INDICATES RECORD WAS SET OR TIED.
MM INDICATES DATA IS MISSING.
T  INDICATES TRACE AMOUNT.




$$
