000
CDUS46 KSGX 130018
CLISAN


CLIMATE REPORT
NATIONAL WEATHER SERVICE SAN DIEGO, CA
518 PM PDT SAT JUL 12 2014


...................................

...THE SAN DIEGO/LINDBERGH FIELD CA CLIMATE SUMMARY FOR JULY 12 2014...
VALID TODAY AS OF 0500 PM LOCAL TIME.

CLIMATE NORMAL PERIOD 1981 TO 2010
CLIMATE RECORD PERIOD 1850 TO 2014


WEATHER ITEM   OBSERVED TIME   RECORD YEAR NORMAL DEPARTURE LAST
                VALUE   (LST)  VALUE       VALUE  FROM      YEAR
                                                  NORMAL
..................................................................
TEMPERATURE (F)
 TODAY
  MAXIMUM         77   1153 AM  85    1983  74      3       76
  MINIMUM         70    642 AM  55    1888  65      5       67
  AVERAGE         74                        70      4       72

PRECIPITATION (IN)
  TODAY            0.00          T    2012   0.00   0.00     0.00
                                      1976
                                      1975
  MONTH TO DATE    0.00                      0.01  -0.01     0.04
  SINCE JUL 1      0.00                      0.01  -0.01     0.04
  SINCE JAN 1      2.82                      7.04  -4.22     3.37

SNOWFALL (IN)
  TODAY            0.0
  MONTH TO DATE    0.0
  SINCE JAN 1      0.0
  SINCE JUL 1      0.0
  SNOW DEPTH       0

DEGREE DAYS
 HEATING
  TODAY            0                         0      0        0
  MONTH TO DATE    0                         0      0        0
  SINCE JUN 1      0                        18    -18       15
  SINCE JUL 1      0                         0      0        0

 COOLING
  TODAY            9                         5      4        7
  MONTH TO DATE  104                        52     52       75
  SINCE JUN 1    216                       112    104      145
  SINCE JAN 1    455                       161    294      199
..................................................................


WIND (MPH)
  RESULTANT WIND SPEED   7   RESULTANT WIND DIRECTION  NW (310)
  HIGHEST WIND SPEED    14   HIGHEST WIND DIRECTION     W (280)
  HIGHEST GUST SPEED    22   HIGHEST GUST DIRECTION     W (290)
  AVERAGE WIND SPEED     7.3


SKY COVER
  POSSIBLE SUNSHINE  MM
  AVERAGE SKY COVER 0.8


WEATHER CONDITIONS
 THE FOLLOWING WEATHER WAS RECORDED TODAY.
  NO SIGNIFICANT WEATHER WAS OBSERVED.


RELATIVE HUMIDITY (PERCENT)
 HIGHEST    78           100 AM
 LOWEST     60          1000 AM
 AVERAGE    69

..........................................................


THE SAN DIEGO/LINDBERGH FIELD CA CLIMATE NORMALS FOR TOMORROW
                         NORMAL    RECORD    YEAR
 MAXIMUM TEMPERATURE (F)   75        85      1984
 MINIMUM TEMPERATURE (F)   65        55      1902
                                             1888


SUNRISE AND SUNSET
JULY 12 2014..........SUNRISE   550 AM PDT   SUNSET   759 PM PDT
JULY 13 2014..........SUNRISE   550 AM PDT   SUNSET   758 PM PDT


-  INDICATES NEGATIVE NUMBERS.
R  INDICATES RECORD WAS SET OR TIED.
MM INDICATES DATA IS MISSING.
T  INDICATES TRACE AMOUNT.




$$
