000
CDUS44 KEWX 310809
CLISAT


CLIMATE REPORT
NATIONAL WEATHER SERVICE AUSTIN/SAN ANTONIO, TX
309 AM CDT MON AUG 31 2015


...................................

...THE SAN ANTONIO CLIMATE SUMMARY FOR AUGUST 30 2015...

CLIMATE NORMAL PERIOD 1981 TO 2010
CLIMATE RECORD PERIOD 1886 TO 2015


WEATHER ITEM   OBSERVED TIME   RECORD YEAR NORMAL DEPARTURE LAST
                VALUE   (LST)  VALUE       VALUE  FROM      YEAR
                                                  NORMAL
..................................................................
TEMPERATURE (F)
 YESTERDAY
  MAXIMUM         94    249 PM 103    2013  95     -1       98
                                      1901
  MINIMUM         75    621 AM  59    1893  74      1       76
  AVERAGE         85                        84      1       87

PRECIPITATION (IN)
  YESTERDAY        T             2.04 2001   0.11  -0.11     0.00
  MONTH TO DATE    0.29                      1.99  -1.70     0.08
  SINCE JUN 1      6.78                      8.87  -2.09     8.71
  SINCE JAN 1     30.06                     20.84   9.22    16.07

SNOWFALL (IN)
  YESTERDAY        0.0
  MONTH TO DATE    0.0
  SINCE JUN 1      0.0
  SINCE JUL 1      0.0
  SNOW DEPTH       0

DEGREE DAYS
 HEATING
  YESTERDAY        0                         0      0        0
  MONTH TO DATE    0                         0      0        0
  SINCE JUN 1      0                         0      0        0
  SINCE JUL 1      0                         0      0        0

 COOLING
  YESTERDAY       20                        19      1       22
  MONTH TO DATE  679                       616     63      698
  SINCE JUN 1   1832                      1747     85     1873
  SINCE JAN 1   2477                      2376    101     2577
..................................................................


WIND (MPH)
  HIGHEST WIND SPEED    16   HIGHEST WIND DIRECTION     E (100)
  HIGHEST GUST SPEED    19   HIGHEST GUST DIRECTION     E (100)
  AVERAGE WIND SPEED     6.6


SKY COVER
  AVERAGE SKY COVER 0.7


WEATHER CONDITIONS
 THE FOLLOWING WEATHER WAS RECORDED YESTERDAY.
  LIGHT RAIN


RELATIVE HUMIDITY (PERCENT)
 HIGHEST    69           600 AM
 LOWEST     36           200 PM
 AVERAGE    53

..........................................................


THE SAN ANTONIO CLIMATE NORMALS FOR TODAY
                         NORMAL    RECORD    YEAR
 MAXIMUM TEMPERATURE (F)   94       103      2000
                                             1954
 MINIMUM TEMPERATURE (F)   73        58      1915


SUNRISE AND SUNSET
AUGUST 31 2015........SUNRISE   711 AM CDT   SUNSET   757 PM CDT
SEPTEMBER  1 2015.....SUNRISE   711 AM CDT   SUNSET   756 PM CDT


-  INDICATES NEGATIVE NUMBERS.
R  INDICATES RECORD WAS SET OR TIED.
MM INDICATES DATA IS MISSING.
T  INDICATES TRACE AMOUNT.




$$
