960
CDUS44 KEWX 090720
CLISAT


CLIMATE REPORT
NATIONAL WEATHER SERVICE AUSTIN/SAN ANTONIO, TX
117 AM CST TUE FEB 9 2016


...................................

...THE SAN ANTONIO CLIMATE SUMMARY FOR FEBRUARY 8 2016...

CLIMATE NORMAL PERIOD 1981 TO 2010
CLIMATE RECORD PERIOD 1886 TO 2016


WEATHER ITEM   OBSERVED TIME   RECORD YEAR NORMAL DEPARTURE LAST
                VALUE   (LST)  VALUE       VALUE  FROM      YEAR
                                                  NORMAL
..................................................................
TEMPERATURE (F)
 YESTERDAY
  MAXIMUM         65    412 PM  87    1994  66     -1       74
  MINIMUM         40   1159 PM  11    1895  43     -3       52
  AVERAGE         53                        54     -1       63

PRECIPITATION (IN)
  YESTERDAY        0.00          1.43 1908   0.07  -0.07      T
  MONTH TO DATE    0.00                      0.50  -0.50     0.30
  SINCE DEC 1      2.86                      4.17  -1.31     5.21
  SINCE JAN 1      1.38                      2.26  -0.88     3.97

SNOWFALL (IN)
  YESTERDAY        0.0
  MONTH TO DATE    0.0
  SINCE DEC 1      0.0
  SINCE JUL 1      0.0
  SNOW DEPTH       0

DEGREE DAYS
 HEATING
  YESTERDAY       12                        11      1        2
  MONTH TO DATE   97                        95      2      100
  SINCE DEC 1    730                       902   -172      831
  SINCE JUL 1    859                      1113   -254     1078

 COOLING
  YESTERDAY        0                         1     -1        0
  MONTH TO DATE    0                         4     -4        0
  SINCE DEC 1     28                        25      3        7
  SINCE JAN 1      3                        11     -8        0
..................................................................


WIND (MPH)
  HIGHEST WIND SPEED    22   HIGHEST WIND DIRECTION     N (360)
  HIGHEST GUST SPEED    29   HIGHEST GUST DIRECTION     N (360)
  AVERAGE WIND SPEED    11.5


SKY COVER
  AVERAGE SKY COVER 0.3


WEATHER CONDITIONS
 THE FOLLOWING WEATHER WAS RECORDED YESTERDAY.
  NO SIGNIFICANT WEATHER WAS OBSERVED.


RELATIVE HUMIDITY (PERCENT)
 HIGHEST    54           300 AM
 LOWEST     15          1200 PM
 AVERAGE    35

..........................................................


THE SAN ANTONIO CLIMATE NORMALS FOR TODAY
                         NORMAL    RECORD    YEAR
 MAXIMUM TEMPERATURE (F)   66        91      1962
 MINIMUM TEMPERATURE (F)   43        15      1933


SUNRISE AND SUNSET
FEBRUARY  9 2016......SUNRISE   718 AM CST   SUNSET   618 PM CST
FEBRUARY 10 2016......SUNRISE   718 AM CST   SUNSET   619 PM CST


-  INDICATES NEGATIVE NUMBERS.
R  INDICATES RECORD WAS SET OR TIED.
MM INDICATES DATA IS MISSING.
T  INDICATES TRACE AMOUNT.




$$
