000
CDUS44 KEWX 222250
CLISAT


CLIMATE REPORT
NATIONAL WEATHER SERVICE AUSTIN/SAN ANTONIO, TX
549 PM CDT SAT JUL 22 2017


...................................

...THE SAN ANTONIO CLIMATE SUMMARY FOR JULY 22 2017...
VALID TODAY AS OF 0549 PM LOCAL TIME.

CLIMATE NORMAL PERIOD 1981 TO 2010
CLIMATE RECORD PERIOD 1886 TO 2017


WEATHER ITEM   OBSERVED TIME   RECORD YEAR NORMAL DEPARTURE LAST
                VALUE   (LST)  VALUE       VALUE  FROM      YEAR
                                                  NORMAL
..................................................................
TEMPERATURE (F)
 TODAY
  MAXIMUM        100    438 PM 102    2009  95      5       98
                                      2006
  MINIMUM         75    514 AM  64    1888  75      0       78
  AVERAGE         88                        85      3       88

PRECIPITATION (IN)
  TODAY            0.00          3.62 1961   0.06  -0.06     0.00
  MONTH TO DATE    0.15                      2.22  -2.07     0.01
  SINCE JUN 1      0.55                      6.36  -5.81     2.40
  SINCE JAN 1     13.62                     18.33  -4.71    24.22

SNOWFALL (IN)
  TODAY            0.0
  MONTH TO DATE    0.0
  SINCE JUN 1      0.0
  SINCE JUL 1      0.0
  SNOW DEPTH       0

DEGREE DAYS
 HEATING
  TODAY            0                         0      0        0
  MONTH TO DATE    0                         0      0        0
  SINCE JUN 1      0                         0      0        0
  SINCE JUL 1      0                         0      0        0

 COOLING
  TODAY           23                        20      3       23
  MONTH TO DATE  487                       426     61      506
  SINCE JUN 1   1044                       949     95     1025
  SINCE JAN 1   1816                      1578    238     1650
..................................................................


WIND (MPH)
  HIGHEST WIND SPEED    16   HIGHEST WIND DIRECTION    SE (120)
  HIGHEST GUST SPEED    21   HIGHEST GUST DIRECTION    SE (150)
  AVERAGE WIND SPEED     8.9


SKY COVER
  AVERAGE SKY COVER 0.3


WEATHER CONDITIONS
 THE FOLLOWING WEATHER WAS RECORDED TODAY.
  NO SIGNIFICANT WEATHER WAS OBSERVED.


RELATIVE HUMIDITY (PERCENT)
 HIGHEST    88           600 AM
 LOWEST     31           400 PM
 AVERAGE    60

..........................................................


THE SAN ANTONIO CLIMATE NORMALS FOR TOMORROW
                         NORMAL    RECORD    YEAR
 MAXIMUM TEMPERATURE (F)   95       103      1994
                                             1898
 MINIMUM TEMPERATURE (F)   75        67      1989
                                             1988


SUNRISE AND SUNSET
JULY 22 2017..........SUNRISE   648 AM CDT   SUNSET   832 PM CDT
JULY 23 2017..........SUNRISE   649 AM CDT   SUNSET   832 PM CDT


-  INDICATES NEGATIVE NUMBERS.
R  INDICATES RECORD WAS SET OR TIED.
MM INDICATES DATA IS MISSING.
T  INDICATES TRACE AMOUNT.




$$
