000
CDUS44 KEWX 230715
CLISAT


CLIMATE REPORT
NATIONAL WEATHER SERVICE AUSTIN/SAN ANTONIO, TX
214 AM CDT SAT SEP 23 2017


...................................

...THE SAN ANTONIO CLIMATE SUMMARY FOR SEPTEMBER 22 2017...

CLIMATE NORMAL PERIOD 1981 TO 2010
CLIMATE RECORD PERIOD 1886 TO 2017


WEATHER ITEM   OBSERVED TIME   RECORD YEAR NORMAL DEPARTURE LAST
                VALUE   (LST)  VALUE       VALUE  FROM      YEAR
                                                  NORMAL
..................................................................
TEMPERATURE (F)
 YESTERDAY
  MAXIMUM         93        MM 101    1926  89      4       94
  MINIMUM         75        MM  46    1983  67      8       69
  AVERAGE         84                        78      6       82

PRECIPITATION (IN)
  YESTERDAY        T             5.07 1932   0.09  -0.09      T
  MONTH TO DATE    T                         2.26  -2.26     0.19
  SINCE SEP 1      T                         2.26  -2.26     0.19
  SINCE JAN 1     19.50                     23.20  -3.70    29.64

SNOWFALL (IN)
  YESTERDAY        0.0
  MONTH TO DATE    0.0
  SINCE SEP 1      0.0
  SINCE JUL 1      0.0
  SNOW DEPTH       0

DEGREE DAYS
 HEATING
  YESTERDAY        0                         0      0        0
  MONTH TO DATE    0                         0      0        0
  SINCE SEP 1      0                         0      0        0
  SINCE JUL 1      0                         0      0        0

 COOLING
  YESTERDAY       19                        13      6       17
  MONTH TO DATE  338                       349    -11      416
  SINCE SEP 1    338                       349    -11      416
  SINCE JAN 1   2987                      2740    247     2842
..................................................................


WIND (MPH)
  HIGHEST WIND SPEED    14   HIGHEST WIND DIRECTION    SE (120)
  HIGHEST GUST SPEED    22   HIGHEST GUST DIRECTION    SE (150)
  AVERAGE WIND SPEED     9.6


SKY COVER
  AVERAGE SKY COVER 0.8


WEATHER CONDITIONS
 THE FOLLOWING WEATHER WAS RECORDED YESTERDAY.
  NO SIGNIFICANT WEATHER WAS OBSERVED.


RELATIVE HUMIDITY (PERCENT)
 HIGHEST    94           200 AM
 LOWEST     50           200 PM
 AVERAGE    72

..........................................................


THE SAN ANTONIO CLIMATE NORMALS FOR TODAY
                         NORMAL    RECORD    YEAR
 MAXIMUM TEMPERATURE (F)   88        99      2005
                                             2000
                                             1920
 MINIMUM TEMPERATURE (F)   67        49      1999


SUNRISE AND SUNSET
SEPTEMBER 23 2017.....SUNRISE   723 AM CDT   SUNSET   729 PM CDT
SEPTEMBER 24 2017.....SUNRISE   723 AM CDT   SUNSET   728 PM CDT


-  INDICATES NEGATIVE NUMBERS.
R  INDICATES RECORD WAS SET OR TIED.
MM INDICATES DATA IS MISSING.
T  INDICATES TRACE AMOUNT.




$$
