000
CDUS44 KEWX 280813
CLISAT


CLIMATE REPORT
NATIONAL WEATHER SERVICE AUSTIN/SAN ANTONIO, TX
204 AM CST TUE FEB 28 2017


...................................

...THE SAN ANTONIO CLIMATE SUMMARY FOR FEBRUARY 27 2017...

CLIMATE NORMAL PERIOD 1981 TO 2010
CLIMATE RECORD PERIOD 1886 TO 2017


WEATHER ITEM   OBSERVED TIME   RECORD YEAR NORMAL DEPARTURE LAST
                VALUE   (LST)  VALUE       VALUE  FROM      YEAR
                                                  NORMAL
..................................................................
TEMPERATURE (F)
 YESTERDAY
  MAXIMUM         80    438 PM  90    2009  69     11       71
                                      1918
  MINIMUM         67    753 AM  17    2002  47     20       41
  AVERAGE         74                        58     16       56

PRECIPITATION (IN)
  YESTERDAY        0.00          1.03 1889   0.08  -0.08     0.00
  MONTH TO DATE    3.61                      1.72   1.89     1.55
  SINCE DEC 1     12.55                      5.39   7.16     4.41
  SINCE JAN 1      6.33                      3.48   2.85     2.93

SNOWFALL (IN)
  YESTERDAY        0.0
  MONTH TO DATE    0.0
  SINCE DEC 1      0.0
  SINCE JUL 1      0.0
  SNOW DEPTH       0

DEGREE DAYS
 HEATING
  YESTERDAY        0                         8     -8        9
  MONTH TO DATE   95                       275   -180      187
  SINCE DEC 1    660                      1082   -422      820
  SINCE JUL 1    718                      1293   -575      949

 COOLING
  YESTERDAY        9                         1      8        0
  MONTH TO DATE   71                        23     48       21
  SINCE DEC 1    134                        44     90       49
  SINCE JAN 1     92                        30     62       24
..................................................................


WIND (MPH)
  HIGHEST WIND SPEED    16   HIGHEST WIND DIRECTION     S (160)
  HIGHEST GUST SPEED    20   HIGHEST GUST DIRECTION     S (160)
  AVERAGE WIND SPEED     9.8


SKY COVER
  AVERAGE SKY COVER 0.8


WEATHER CONDITIONS
 THE FOLLOWING WEATHER WAS RECORDED YESTERDAY.
  FOG


RELATIVE HUMIDITY (PERCENT)
 HIGHEST    87          1200 AM
 LOWEST     58           400 PM
 AVERAGE    73

..........................................................


THE SAN ANTONIO CLIMATE NORMALS FOR TODAY
                         NORMAL    RECORD    YEAR
 MAXIMUM TEMPERATURE (F)   70        94      1940
 MINIMUM TEMPERATURE (F)   47        24      1890


SUNRISE AND SUNSET
FEBRUARY 28 2017......SUNRISE   700 AM CST   SUNSET   633 PM CST
MARCH  1 2017.........SUNRISE   659 AM CST   SUNSET   633 PM CST


-  INDICATES NEGATIVE NUMBERS.
R  INDICATES RECORD WAS SET OR TIED.
MM INDICATES DATA IS MISSING.
T  INDICATES TRACE AMOUNT.




$$
