000
CDUS44 KEWX 230804
CLISAT


CLIMATE REPORT
NATIONAL WEATHER SERVICE AUSTIN/SAN ANTONIO, TX
204 AM CST THU NOV 23 2017


...................................

...THE SAN ANTONIO CLIMATE SUMMARY FOR NOVEMBER 22 2017...

CLIMATE NORMAL PERIOD 1981 TO 2010
CLIMATE RECORD PERIOD 1886 TO 2017


WEATHER ITEM   OBSERVED TIME   RECORD YEAR NORMAL DEPARTURE LAST
                VALUE   (LST)  VALUE       VALUE  FROM      YEAR
                                                  NORMAL
..................................................................
TEMPERATURE (F)
 YESTERDAY
  MAXIMUM         68    356 PM  86    1983  70     -2       77
                                      1970
  MINIMUM         40   1155 PM  30    1945  48     -8       62
                                      1898
  AVERAGE         54                        59     -5       70

PRECIPITATION (IN)
  YESTERDAY        0.00          3.47 2004   0.07  -0.07      T
  MONTH TO DATE    0.53                      1.79  -1.26     1.79
  SINCE SEP 1      3.79                      8.93  -5.14     8.25
  SINCE JAN 1     23.29                     29.87  -6.58    37.70

SNOWFALL (IN)
  YESTERDAY        0.0
  MONTH TO DATE    0.0
  SINCE SEP 1      0.0
  SINCE JUL 1      0.0
  SNOW DEPTH       0

DEGREE DAYS
 HEATING
  YESTERDAY       11                         7      4        0
  MONTH TO DATE   61                       107    -46       38
  SINCE SEP 1    107                       140    -33       41
  SINCE JUL 1    107                       140    -33       41

 COOLING
  YESTERDAY        0                         1     -1        5
  MONTH TO DATE  138                        54     84      100
  SINCE SEP 1    799                       718     81      914
  SINCE JAN 1   3448                      3109    339     3340
..................................................................


WIND (MPH)
  HIGHEST WIND SPEED    24   HIGHEST WIND DIRECTION     N (360)
  HIGHEST GUST SPEED    31   HIGHEST GUST DIRECTION     N (360)
  AVERAGE WIND SPEED    10.5


SKY COVER
  AVERAGE SKY COVER 0.3


WEATHER CONDITIONS
 THE FOLLOWING WEATHER WAS RECORDED YESTERDAY.
  NO SIGNIFICANT WEATHER WAS OBSERVED.


RELATIVE HUMIDITY (PERCENT)
 HIGHEST    60           100 AM
 LOWEST     26           300 PM
 AVERAGE    43

..........................................................


THE SAN ANTONIO CLIMATE NORMALS FOR TODAY
                         NORMAL    RECORD    YEAR
 MAXIMUM TEMPERATURE (F)   70        84      2005
                                             1967
 MINIMUM TEMPERATURE (F)   47        25      1975


SUNRISE AND SUNSET
NOVEMBER 23 2017......SUNRISE   705 AM CST   SUNSET   536 PM CST
NOVEMBER 24 2017......SUNRISE   706 AM CST   SUNSET   535 PM CST


-  INDICATES NEGATIVE NUMBERS.
R  INDICATES RECORD WAS SET OR TIED.
MM INDICATES DATA IS MISSING.
T  INDICATES TRACE AMOUNT.




$$
