000
CDUS42 KCHS 200613
CLISAV


CLIMATE REPORT
NATIONAL WEATHER SERVICE CHARLESTON SC
213 AM EDT WED SEP 20 2017


...................................

...THE SAVANNAH GA CLIMATE SUMMARY FOR SEPTEMBER 19 2017...

CLIMATE NORMAL PERIOD 1981 TO 2010
CLIMATE RECORD PERIOD 1871 TO 2017


WEATHER ITEM   OBSERVED TIME   RECORD YEAR NORMAL DEPARTURE LAST
                VALUE   (LST)  VALUE       VALUE  FROM      YEAR
                                                  NORMAL
..................................................................
TEMPERATURE (F)
 YESTERDAY
  MAXIMUM         92    214 PM  98    1942  85      7       91
                                      1925
  MINIMUM         69    541 AM  48    1981  67      2       75
  AVERAGE         81                        76      5       83

PRECIPITATION (IN)
  YESTERDAY        0.00          2.75 1926   0.14  -0.14     0.00
  MONTH TO DATE    5.13                      3.09   2.04     3.60
  SINCE SEP 1      5.13                      3.09   2.04     3.60
  SINCE JAN 1     47.49                     37.46  10.03    37.97

DEGREE DAYS
 HEATING
  YESTERDAY        0                         0      0        0
  MONTH TO DATE    0                         0      0        0
  SINCE SEP 1      0                         0      0        0
  SINCE JUL 1      0                         0      0        0

 COOLING
  YESTERDAY       16                        11      5       18
  MONTH TO DATE  247                       253     -6      283
  SINCE SEP 1    247                       253     -6      283
  SINCE JAN 1   2507                      2160    347     2593
..................................................................


WIND (MPH)
  HIGHEST WIND SPEED    10   HIGHEST WIND DIRECTION     S (160)
  HIGHEST GUST SPEED    14   HIGHEST GUST DIRECTION     W (250)
  AVERAGE WIND SPEED     4.4


SKY COVER
  POSSIBLE SUNSHINE  MM
  AVERAGE SKY COVER 0.3


WEATHER CONDITIONS
 THE FOLLOWING WEATHER WAS RECORDED YESTERDAY.
  NO SIGNIFICANT WEATHER WAS OBSERVED.


RELATIVE HUMIDITY (PERCENT)
 HIGHEST   100           500 AM
 LOWEST     44           100 PM
 AVERAGE    72

..........................................................


THE SAVANNAH GA CLIMATE NORMALS FOR TODAY
                         NORMAL    RECORD    YEAR
 MAXIMUM TEMPERATURE (F)   85        99      1925
 MINIMUM TEMPERATURE (F)   67        51      1981


SUNRISE AND SUNSET
SEPTEMBER 20 2017.....SUNRISE   712 AM EDT   SUNSET   724 PM EDT
SEPTEMBER 21 2017.....SUNRISE   713 AM EDT   SUNSET   722 PM EDT


-  INDICATES NEGATIVE NUMBERS.
R  INDICATES RECORD WAS SET OR TIED.
MM INDICATES DATA IS MISSING.
T  INDICATES TRACE AMOUNT.




$$
