771
CDUS42 KCHS 060601
CLISAV


CLIMATE REPORT
NATIONAL WEATHER SERVICE CHARLESTON SC
101 AM EST TUE DEC 6 2016


...................................

...THE SAVANNAH GA CLIMATE SUMMARY FOR DECEMBER 5 2016...

CLIMATE NORMAL PERIOD 1981 TO 2010
CLIMATE RECORD PERIOD 1871 TO 2016


WEATHER ITEM   OBSERVED TIME   RECORD YEAR NORMAL DEPARTURE LAST
                VALUE   (LST)  VALUE       VALUE  FROM      YEAR
                                                  NORMAL
..................................................................
TEMPERATURE (F)
 YESTERDAY
  MAXIMUM         70    220 AM  82    2013  65      5       70
  MINIMUM         56   1122 AM  21    2000  43     13       45
  AVERAGE         63                        54      9       58

PRECIPITATION (IN)
  YESTERDAY        1.36R         1.17 1994   0.09   1.27     0.00
  MONTH TO DATE    1.48                      0.43   1.05     0.37
  SINCE DEC 1      1.48                      0.43   1.05     0.37
  SINCE JAN 1     52.64                     45.44   7.20    44.62

SNOWFALL (IN)
  YESTERDAY        0.0                       0.0    0.0
  SINCE DEC 1      0.0                       0.0    0.0
  SINCE JUL 1      0.0                       0.0    0.0

DEGREE DAYS
 HEATING
  YESTERDAY        2                        12    -10        7
  MONTH TO DATE   39                        56    -17       25
  SINCE DEC 1     39                        56    -17       25
  SINCE JUL 1    219                       323   -104      150

 COOLING
  YESTERDAY        0                         0      0        0
  MONTH TO DATE    0                         3     -3        6
  SINCE DEC 1      0                         3     -3        6
  SINCE JAN 1   3011                      2452    559     2751
..................................................................


WIND (MPH)
  HIGHEST WIND SPEED    21   HIGHEST WIND DIRECTION     N (350)
  HIGHEST GUST SPEED    24   HIGHEST GUST DIRECTION     N (350)
  AVERAGE WIND SPEED     7.3


SKY COVER
  POSSIBLE SUNSHINE  MM
  AVERAGE SKY COVER 1.0


WEATHER CONDITIONS
 THE FOLLOWING WEATHER WAS RECORDED YESTERDAY.
  HEAVY RAIN
  RAIN
  LIGHT RAIN
  FOG
  HAZE


RELATIVE HUMIDITY (PERCENT)
 HIGHEST    97           600 PM
 LOWEST     78          1200 AM
 AVERAGE    88

..........................................................


THE SAVANNAH GA CLIMATE NORMALS FOR TODAY
                         NORMAL    RECORD    YEAR
 MAXIMUM TEMPERATURE (F)   65        83      2013
 MINIMUM TEMPERATURE (F)   43        23      1937


SUNRISE AND SUNSET
DECEMBER  6 2016......SUNRISE   712 AM EST   SUNSET   520 PM EST
DECEMBER  7 2016......SUNRISE   713 AM EST   SUNSET   520 PM EST


-  INDICATES NEGATIVE NUMBERS.
R  INDICATES RECORD WAS SET OR TIED.
MM INDICATES DATA IS MISSING.
T  INDICATES TRACE AMOUNT.




$$
