000
CDUS42 KCHS 240603
CLISAV


CLIMATE REPORT
NATIONAL WEATHER SERVICE CHARLESTON SC
203 AM EDT MON APR 24 2017


...................................

...THE SAVANNAH GA CLIMATE SUMMARY FOR APRIL 23 2017...

CLIMATE NORMAL PERIOD 1981 TO 2010
CLIMATE RECORD PERIOD 1871 TO 2017


WEATHER ITEM   OBSERVED TIME   RECORD YEAR NORMAL DEPARTURE LAST
                VALUE   (LST)  VALUE       VALUE  FROM      YEAR
                                                  NORMAL
..................................................................
TEMPERATURE (F)
 YESTERDAY
  MAXIMUM         88    215 PM  92    1980  79      9       83
  MINIMUM         68    627 AM  38    1993  55     13       61
  AVERAGE         78                        67     11       72

PRECIPITATION (IN)
  YESTERDAY        0.04          3.17 1983   0.10  -0.06     0.00
  MONTH TO DATE    2.88                      2.45   0.43     2.26
  SINCE MAR 1      3.38                      6.18  -2.80     7.27
  SINCE JAN 1     12.21                     12.66  -0.45    13.68

SNOWFALL (IN)
  YESTERDAY        0.0                       0.0    0.0
  SINCE MAR 1      0.0                       T      0.0
  SINCE JUL 1      0.0                       0.3   -0.3

DEGREE DAYS
 HEATING
  YESTERDAY        0                         2     -2        0
  MONTH TO DATE   19                        68    -49       42
  SINCE MAR 1    212                       278    -66      142
  SINCE JUL 1   1022                      1795   -773     1211

 COOLING
  YESTERDAY       13                         4      9        7
  MONTH TO DATE  127                        63     64       42
  SINCE MAR 1    202                        95    107      148
  SINCE JAN 1    260                       105    155      169
..................................................................


WIND (MPH)
  HIGHEST WIND SPEED    25   HIGHEST WIND DIRECTION     S (180)
  HIGHEST GUST SPEED    32   HIGHEST GUST DIRECTION     S (170)
  AVERAGE WIND SPEED    12.0


SKY COVER
  POSSIBLE SUNSHINE  MM
  AVERAGE SKY COVER 0.4


WEATHER CONDITIONS
 THE FOLLOWING WEATHER WAS RECORDED YESTERDAY.
  RAIN
  FOG


RELATIVE HUMIDITY (PERCENT)
 HIGHEST    90           400 AM
 LOWEST     40          1200 PM
 AVERAGE    65

..........................................................


THE SAVANNAH GA CLIMATE NORMALS FOR TODAY
                         NORMAL    RECORD    YEAR
 MAXIMUM TEMPERATURE (F)   80        94      1958
 MINIMUM TEMPERATURE (F)   56        38      1986


SUNRISE AND SUNSET
APRIL 24 2017.........SUNRISE   645 AM EDT   SUNSET   801 PM EDT
APRIL 25 2017.........SUNRISE   644 AM EDT   SUNSET   801 PM EDT


-  INDICATES NEGATIVE NUMBERS.
R  INDICATES RECORD WAS SET OR TIED.
MM INDICATES DATA IS MISSING.
T  INDICATES TRACE AMOUNT.




$$
