000
CDUS42 KCHS 170526
CLISAV


CLIMATE REPORT
NATIONAL WEATHER SERVICE CHARLESTON SC
126 AM EDT WED SEP 17 2014


...................................

...THE SAVANNAH GA CLIMATE SUMMARY FOR SEPTEMBER 16 2014...

CLIMATE NORMAL PERIOD 1981 TO 2010
CLIMATE RECORD PERIOD 1871 TO 2014


WEATHER ITEM   OBSERVED TIME   RECORD YEAR NORMAL DEPARTURE LAST
                VALUE   (LST)  VALUE       VALUE  FROM      YEAR
                                                  NORMAL
..................................................................
TEMPERATURE (F)
 YESTERDAY
  MAXIMUM         90    135 PM  98    1980  86      4       92
  MINIMUM         71   1159 PM  54    2001  68      3       71
  AVERAGE         81                        77      4       82

PRECIPITATION (IN)
  YESTERDAY        0.07          9.02 1924   0.14  -0.07     0.28
  MONTH TO DATE    4.00                      2.66   1.34     0.85
  SINCE SEP 1      4.00                      2.66   1.34     0.85
  SINCE JAN 1     39.06                     37.03   2.03    48.02

DEGREE DAYS
 HEATING
  YESTERDAY        0                         0      0        0
  MONTH TO DATE    0                         0      0        0
  SINCE SEP 1      0                         0      0        0
  SINCE JUL 1      0                         0      0        0

 COOLING
  YESTERDAY       16                        12      4       17
  MONTH TO DATE  272                       218     54      266
  SINCE SEP 1    272                       218     54      266
  SINCE JAN 1   2385                      2125    260     2115
..................................................................


WIND (MPH)
  HIGHEST WIND SPEED    18   HIGHEST WIND DIRECTION     N (10)
  HIGHEST GUST SPEED    23   HIGHEST GUST DIRECTION     N (20)
  AVERAGE WIND SPEED     4.9


SKY COVER
  POSSIBLE SUNSHINE  MM
  AVERAGE SKY COVER 0.8


WEATHER CONDITIONS
 THE FOLLOWING WEATHER WAS RECORDED YESTERDAY.
  THUNDERSTORM
  RAIN
  LIGHT RAIN
  FOG
  FOG W/VISIBILITY <= 1/4 MILE


RELATIVE HUMIDITY (PERCENT)
 HIGHEST    94           700 AM
 LOWEST     56           200 PM
 AVERAGE    75

..........................................................


THE SAVANNAH GA CLIMATE NORMALS FOR TODAY
                         NORMAL    RECORD    YEAR
 MAXIMUM TEMPERATURE (F)   86        97      1972
                                             1933
                                             1896
 MINIMUM TEMPERATURE (F)   68        56      2001


SUNRISE AND SUNSET
SEPTEMBER 17 2014.....SUNRISE   710 AM EDT   SUNSET   728 PM EDT
SEPTEMBER 18 2014.....SUNRISE   710 AM EDT   SUNSET   727 PM EDT


-  INDICATES NEGATIVE NUMBERS.
R  INDICATES RECORD WAS SET OR TIED.
MM INDICATES DATA IS MISSING.
T  INDICATES TRACE AMOUNT.




$$
