759
CDUS42 KCHS 270607
CLISAV


CLIMATE REPORT
NATIONAL WEATHER SERVICE CHARLESTON SC
207 AM EDT SAT MAY 27 2017


...................................

...THE SAVANNAH GA CLIMATE SUMMARY FOR MAY 26 2017...

CLIMATE NORMAL PERIOD 1981 TO 2010
CLIMATE RECORD PERIOD 1871 TO 2017


WEATHER ITEM   OBSERVED TIME   RECORD YEAR NORMAL DEPARTURE LAST
                VALUE   (LST)  VALUE       VALUE  FROM      YEAR
                                                  NORMAL
..................................................................
TEMPERATURE (F)
 YESTERDAY
  MAXIMUM         88    409 PM 100    1953  87      1       87
  MINIMUM         58    557 AM  49    1979  65     -7       66
  AVERAGE         73                        76     -3       77

PRECIPITATION (IN)
  YESTERDAY        0.00          1.21 1968   0.12  -0.12     0.00
  MONTH TO DATE   11.41                      2.35   9.06     7.30
  SINCE MAR 1     14.79                      9.15   5.64    14.57
  SINCE JAN 1     23.62                     15.63   7.99    20.98

DEGREE DAYS
 HEATING
  YESTERDAY        0                         0      0        0
  MONTH TO DATE    1                         6     -5        4
  SINCE MAR 1    213                       292    -79      146
  SINCE JUL 1   1023                      1809   -786     1215

 COOLING
  YESTERDAY        8                        11     -3       12
  MONTH TO DATE  253                       209     44      242
  SINCE MAR 1    535                       335    200      457
  SINCE JAN 1    593                       345    248      478
..................................................................


WIND (MPH)
  HIGHEST WIND SPEED    16   HIGHEST WIND DIRECTION    NW (310)
  HIGHEST GUST SPEED    20   HIGHEST GUST DIRECTION    NW (300)
  AVERAGE WIND SPEED     6.4


SKY COVER
  POSSIBLE SUNSHINE  MM
  AVERAGE SKY COVER 0.2


WEATHER CONDITIONS
 THE FOLLOWING WEATHER WAS RECORDED YESTERDAY.
  NO SIGNIFICANT WEATHER WAS OBSERVED.


RELATIVE HUMIDITY (PERCENT)
 HIGHEST    86           600 AM
 LOWEST     28           400 PM
 AVERAGE    57

..........................................................


THE SAVANNAH GA CLIMATE NORMALS FOR TODAY
                         NORMAL    RECORD    YEAR
 MAXIMUM TEMPERATURE (F)   87        98      1989
                                             1962
 MINIMUM TEMPERATURE (F)   66        53      1961


SUNRISE AND SUNSET
MAY 27 2017...........SUNRISE   621 AM EDT   SUNSET   824 PM EDT
MAY 28 2017...........SUNRISE   620 AM EDT   SUNSET   824 PM EDT


-  INDICATES NEGATIVE NUMBERS.
R  INDICATES RECORD WAS SET OR TIED.
MM INDICATES DATA IS MISSING.
T  INDICATES TRACE AMOUNT.




$$
