000
CDUS42 KCHS 030543
CLISAV


CLIMATE REPORT
NATIONAL WEATHER SERVICE CHARLESTON SC
1243 AM EST TUE MAR 3 2015


...................................

...THE SAVANNAH GA CLIMATE SUMMARY FOR MARCH 2 2015...

CLIMATE NORMAL PERIOD 1981 TO 2010
CLIMATE RECORD PERIOD 1871 TO 2015


WEATHER ITEM   OBSERVED TIME   RECORD YEAR NORMAL DEPARTURE LAST
                VALUE   (LST)  VALUE       VALUE  FROM      YEAR
                                                  NORMAL
..................................................................
TEMPERATURE (F)
 YESTERDAY
  MAXIMUM         77    403 PM  86    1951  68      9       75
  MINIMUM         46    428 AM  24    1980  45      1       42
                                      1914
  AVERAGE         62                        56      6       59

PRECIPITATION (IN)
  YESTERDAY        0.00          2.56 2002   0.12  -0.12     0.00
  MONTH TO DATE    0.06                      0.23  -0.17     0.00
  SINCE MAR 1      0.06                      0.23  -0.17     0.00
  SINCE JAN 1      7.62                      6.71   0.91     4.11

SNOWFALL (IN)
  YESTERDAY        0.0                       0.0    0.0
  SINCE MAR 1      0.0                       0.0    0.0
  SINCE JUL 1      0.0                       0.3   -0.3

DEGREE DAYS
 HEATING
  YESTERDAY        3                         9     -6        6
  MONTH TO DATE   22                        19      3       13
  SINCE MAR 1     22                        19      3       13
  SINCE JUL 1   1557                      1536     21     1394

 COOLING
  YESTERDAY        0                         1     -1        0
  MONTH TO DATE    0                         2     -2        0
  SINCE MAR 1      0                         2     -2        0
  SINCE JAN 1      5                        12     -7       18
..................................................................


WIND (MPH)
  HIGHEST WIND SPEED    15   HIGHEST WIND DIRECTION     W (260)
  HIGHEST GUST SPEED    20   HIGHEST GUST DIRECTION     W (260)
  AVERAGE WIND SPEED     3.9


SKY COVER
  POSSIBLE SUNSHINE  MM
  AVERAGE SKY COVER 0.9


WEATHER CONDITIONS
 THE FOLLOWING WEATHER WAS RECORDED YESTERDAY.
  FOG
  FOG W/VISIBILITY <= 1/4 MILE


RELATIVE HUMIDITY (PERCENT)
 HIGHEST   100           600 AM
 LOWEST     54           300 PM
 AVERAGE    77

..........................................................


THE SAVANNAH GA CLIMATE NORMALS FOR TODAY
                         NORMAL    RECORD    YEAR
 MAXIMUM TEMPERATURE (F)   68        85      1976
                                             1951
                                             1945
 MINIMUM TEMPERATURE (F)   45        20      1980


SUNRISE AND SUNSET
MARCH  3 2015.........SUNRISE   650 AM EST   SUNSET   624 PM EST
MARCH  4 2015.........SUNRISE   649 AM EST   SUNSET   625 PM EST


-  INDICATES NEGATIVE NUMBERS.
R  INDICATES RECORD WAS SET OR TIED.
MM INDICATES DATA IS MISSING.
T  INDICATES TRACE AMOUNT.




$$
