000
CDUS42 KCHS 260525
CLISAV


CLIMATE REPORT
NATIONAL WEATHER SERVICE CHARLESTON SC
125 AM EDT SAT JUL 26 2014


...................................

...THE SAVANNAH GA CLIMATE SUMMARY FOR JULY 25 2014...

CLIMATE NORMAL PERIOD 1981 TO 2010
CLIMATE RECORD PERIOD 1871 TO 2014


WEATHER ITEM   OBSERVED TIME   RECORD YEAR NORMAL DEPARTURE LAST
                VALUE   (LST)  VALUE       VALUE  FROM      YEAR
                                                  NORMAL
..................................................................
TEMPERATURE (F)
 YESTERDAY
  MAXIMUM         94    426 PM 101    1952  92      2       91
                                      1940
  MINIMUM         77   1159 PM  66    1977  73      4       71
  AVERAGE         86                        83      3       81

PRECIPITATION (IN)
  YESTERDAY        0.01          2.19 1974   0.20  -0.19     0.70
  MONTH TO DATE    1.90                      4.37  -2.47     8.34
  SINCE JUN 1     13.54                     10.32   3.22    16.62
  SINCE JAN 1     29.33                     26.58   2.75    36.16

DEGREE DAYS
 HEATING
  YESTERDAY        0                         0      0        0
  MONTH TO DATE    0                         0      0        0
  SINCE JUN 1      0                         0      0        0
  SINCE JUL 1      0                         0      0        0

 COOLING
  YESTERDAY       21                        18      3       16
  MONTH TO DATE  446                       442      4      403
  SINCE JUN 1    937                       888     49      871
  SINCE JAN 1   1426                      1291    135     1229
..................................................................


WIND (MPH)
  HIGHEST WIND SPEED    20   HIGHEST WIND DIRECTION     S (180)
  HIGHEST GUST SPEED    26   HIGHEST GUST DIRECTION    SW (230)
  AVERAGE WIND SPEED     9.0


SKY COVER
  POSSIBLE SUNSHINE  MM
  AVERAGE SKY COVER 0.5


WEATHER CONDITIONS
 THE FOLLOWING WEATHER WAS RECORDED YESTERDAY.
  THUNDERSTORM
  LIGHT RAIN


RELATIVE HUMIDITY (PERCENT)
 HIGHEST    88           600 AM
 LOWEST     46           300 PM
 AVERAGE    67

..........................................................


THE SAVANNAH GA CLIMATE NORMALS FOR TODAY
                         NORMAL    RECORD    YEAR
 MAXIMUM TEMPERATURE (F)   92       102      2010
 MINIMUM TEMPERATURE (F)   73        65      1911


SUNRISE AND SUNSET
JULY 26 2014..........SUNRISE   636 AM EDT   SUNSET   826 PM EDT
JULY 27 2014..........SUNRISE   637 AM EDT   SUNSET   826 PM EDT


-  INDICATES NEGATIVE NUMBERS.
R  INDICATES RECORD WAS SET OR TIED.
MM INDICATES DATA IS MISSING.
T  INDICATES TRACE AMOUNT.




$$
