000
CDUS46 KLOX 250939
CLISBA


CLIMATE REPORT
NATIONAL WEATHER SERVICE LOS ANGELES/OXNARD CA
239 AM PDT MON JUL 25 2016


...................................

...THE SANTA BARBARA AIRPORT CA CLIMATE SUMMARY FOR JULY 24 2016...

CLIMATE NORMAL PERIOD 1981 TO 2010
CLIMATE RECORD PERIOD 1940 TO 2016


WEATHER ITEM   OBSERVED TIME   RECORD YEAR NORMAL DEPARTURE LAST
                VALUE   (LST)  VALUE       VALUE  FROM      YEAR
                                                  NORMAL
..................................................................
TEMPERATURE (F)
 YESTERDAY
  MAXIMUM         76    339 PM  82    2006  74      2       79
                                      1960
  MINIMUM         58    512 AM  49    1948  58      0       61
  AVERAGE         67                        66      1       70

PRECIPITATION (IN)
  YESTERDAY        0.00          0.01 1998   0.00   0.00     0.00
  MONTH TO DATE    0.00                      0.03  -0.03     0.01
  SINCE OCT 1     10.21                     17.38  -7.17     9.63
  SINCE JAN 1      9.33                     12.08  -2.75     3.34

SNOWFALL (IN)
  YESTERDAY        0.0
  MONTH TO DATE    0.0
  SINCE JUN 1      0.0
  SINCE JUL 1      0.0

DEGREE DAYS
 HEATING
  YESTERDAY        0                         1     -1        0
  MONTH TO DATE   15                        24     -9        0
  SINCE JUN 1     87                       114    -27       30
  SINCE JUL 1     15                        24     -9        0

 COOLING
  YESTERDAY        2                         2      0        5
  MONTH TO DATE   39                        36      3       89
  SINCE JUN 1     60                        50     10      113
  SINCE JAN 1     70                        64      6      151
..................................................................


WIND (MPH)
  HIGHEST WIND SPEED    14   HIGHEST WIND DIRECTION    SE (150)
  HIGHEST GUST SPEED    17   HIGHEST GUST DIRECTION    SE (140)
  AVERAGE WIND SPEED     5.1


SKY COVER
  POSSIBLE SUNSHINE  MM
  AVERAGE SKY COVER 0.5


WEATHER CONDITIONS
 THE FOLLOWING WEATHER WAS RECORDED YESTERDAY.
  FOG
  FOG W/VISIBILITY <= 1/4 MILE
  HAZE


RELATIVE HUMIDITY (PERCENT)
 HIGHEST   100           300 AM
 LOWEST     79          1200 PM
 AVERAGE    90

..........................................................


THE SANTA BARBARA AIRPORT CA CLIMATE NORMALS FOR TODAY
                         NORMAL    RECORD    YEAR
 MAXIMUM TEMPERATURE (F)   74        89      1977
 MINIMUM TEMPERATURE (F)   58        52      1986


SUNRISE AND SUNSET
JULY 25 2016..........SUNRISE   605 AM PDT   SUNSET   806 PM PDT
JULY 26 2016..........SUNRISE   606 AM PDT   SUNSET   805 PM PDT


-  INDICATES NEGATIVE NUMBERS.
R  INDICATES RECORD WAS SET OR TIED.
MM INDICATES DATA IS MISSING.
T  INDICATES TRACE AMOUNT.




$$
