000
CDUS46 KLOX 270111
CLISBA


CLIMATE REPORT
NATIONAL WEATHER SERVICE LOS ANGELES/OXNARD CA
611 PM PDT TUE MAY 26 2015


...................................

...THE SANTA BARBARA AIRPORT CA CLIMATE SUMMARY FOR MAY 26 2015...
VALID TODAY AS OF 0600 PM LOCAL TIME.

CLIMATE NORMAL PERIOD 1981 TO 2010
CLIMATE RECORD PERIOD 1940 TO 2015


WEATHER ITEM   OBSERVED TIME   RECORD YEAR NORMAL DEPARTURE LAST
                VALUE   (LST)  VALUE       VALUE  FROM      YEAR
                                                  NORMAL
..................................................................
TEMPERATURE (F)
 TODAY
  MAXIMUM         66    218 PM 101    1968  69     -3       69
  MINIMUM         51    226 AM  39    1953  52     -1       57
  AVERAGE         59                        61     -2       63

PRECIPITATION (IN)
  TODAY            0.00          0.24 1947   0.01  -0.01     0.00
  MONTH TO DATE    0.32                      0.31   0.01      T
  SINCE OCT 1      9.32                     17.25  -7.93     6.49
  SINCE JAN 1      3.03                     11.95  -8.92     5.20

SNOWFALL (IN)
  TODAY            0.0
  MONTH TO DATE    0.0
  SINCE MAR 1      0.0
  SINCE JUL 1      0.0

DEGREE DAYS
 HEATING
  TODAY            6                         5      1        2
  MONTH TO DATE  157                       139     18       44
  SINCE MAR 1    421                       663   -242      369
  SINCE JUL 1   1246                      2264  -1018     1604

 COOLING
  TODAY            0                         0      0        0
  MONTH TO DATE    0                         0      0       52
  SINCE MAR 1     38                         7     31       68
  SINCE JAN 1     38                         7     31       68
..................................................................


WIND (MPH)
  HIGHEST WIND SPEED    15   HIGHEST WIND DIRECTION     W (260)
  HIGHEST GUST SPEED    18   HIGHEST GUST DIRECTION     W (260)
  AVERAGE WIND SPEED     6.3


SKY COVER
  POSSIBLE SUNSHINE  MM
  AVERAGE SKY COVER 0.7


WEATHER CONDITIONS
 THE FOLLOWING WEATHER WAS RECORDED TODAY.
  NO SIGNIFICANT WEATHER WAS OBSERVED.


RELATIVE HUMIDITY (PERCENT)
 HIGHEST    89           200 AM
 LOWEST     63          1100 AM
 AVERAGE    76

..........................................................


THE SANTA BARBARA AIRPORT CA CLIMATE NORMALS FOR TOMORROW
                         NORMAL    RECORD    YEAR
 MAXIMUM TEMPERATURE (F)   69        95      1960
 MINIMUM TEMPERATURE (F)   52        44      1987


SUNRISE AND SUNSET
MAY 26 2015...........SUNRISE   550 AM PDT   SUNSET   803 PM PDT
MAY 27 2015...........SUNRISE   550 AM PDT   SUNSET   803 PM PDT


-  INDICATES NEGATIVE NUMBERS.
R  INDICATES RECORD WAS SET OR TIED.
MM INDICATES DATA IS MISSING.
T  INDICATES TRACE AMOUNT.




$$
