000
CDUS46 KLOX 190923
CLISBA


CLIMATE REPORT
NATIONAL WEATHER SERVICE LOS ANGELES/OXNARD CA
123 AM PST SUN NOV 19 2017


...................................

...THE SANTA BARBARA AIRPORT CA CLIMATE SUMMARY FOR NOVEMBER 18 2017...

CLIMATE NORMAL PERIOD 1981 TO 2010
CLIMATE RECORD PERIOD 1940 TO 2017


WEATHER ITEM   OBSERVED TIME   RECORD YEAR NORMAL DEPARTURE LAST
                VALUE   (LST)  VALUE       VALUE  FROM      YEAR
                                                  NORMAL
..................................................................
TEMPERATURE (F)
 YESTERDAY
  MAXIMUM         69   1229 PM  85    1949  68      1       72
  MINIMUM         43   1139 PM  30    2000  44     -1       39
  AVERAGE         56                        56      0       56

PRECIPITATION (IN)
  YESTERDAY        0.00          0.84 1982   0.06  -0.06     0.00
  MONTH TO DATE    0.07                      0.90  -0.83     0.00
  SINCE OCT 1      0.07                      1.71  -1.64     0.73
  SINCE JAN 1     19.76                     14.17   5.59    10.07

SNOWFALL (IN)
  YESTERDAY        0.0
  MONTH TO DATE    0.0
  SINCE SEP 1      0.0
  SINCE JUL 1      0.0

DEGREE DAYS
 HEATING
  YESTERDAY        9                         9      0        9
  MONTH TO DATE   89                       135    -46       57
  SINCE SEP 1    170                       301   -131      179
  SINCE JUL 1    181                       352   -171      201

 COOLING
  YESTERDAY        0                         0      0        0
  MONTH TO DATE    0                         0      0       10
  SINCE SEP 1    153                        59     94      111
  SINCE JAN 1    378                       186    192      259
..................................................................


WIND (MPH)
  HIGHEST WIND SPEED    13   HIGHEST WIND DIRECTION     W (260)
  HIGHEST GUST SPEED    MM   HIGHEST GUST DIRECTION    MM
  AVERAGE WIND SPEED     3.4


SKY COVER
  POSSIBLE SUNSHINE  MM
  AVERAGE SKY COVER 0.0


WEATHER CONDITIONS
 THE FOLLOWING WEATHER WAS RECORDED YESTERDAY.
  NO SIGNIFICANT WEATHER WAS OBSERVED.


RELATIVE HUMIDITY (PERCENT)
 HIGHEST   100           100 AM
 LOWEST     48           300 PM
 AVERAGE    74

..........................................................


THE SANTA BARBARA AIRPORT CA CLIMATE NORMALS FOR TODAY
                         NORMAL    RECORD    YEAR
 MAXIMUM TEMPERATURE (F)   68        82      1992
 MINIMUM TEMPERATURE (F)   44        30      2000


SUNRISE AND SUNSET
NOVEMBER 19 2017......SUNRISE   637 AM PST   SUNSET   453 PM PST
NOVEMBER 20 2017......SUNRISE   638 AM PST   SUNSET   452 PM PST


-  INDICATES NEGATIVE NUMBERS.
R  INDICATES RECORD WAS SET OR TIED.
MM INDICATES DATA IS MISSING.
T  INDICATES TRACE AMOUNT.




$$
