000
CDUS46 KLOX 291007
CLISBA


CLIMATE REPORT
NATIONAL WEATHER SERVICE LOS ANGELES/OXNARD CA
306 AM PDT SUN MAR 29 2015


...................................

...THE SANTA BARBARA AIRPORT CA CLIMATE SUMMARY FOR MARCH 28 2015...

CLIMATE NORMAL PERIOD 1981 TO 2010
CLIMATE RECORD PERIOD 1940 TO 2015


WEATHER ITEM   OBSERVED TIME   RECORD YEAR NORMAL DEPARTURE LAST
                VALUE   (LST)  VALUE       VALUE  FROM      YEAR
                                                  NORMAL
..................................................................
TEMPERATURE (F)
 YESTERDAY
  MAXIMUM         71    426 PM  84    2004  66      5       66
                                      1989
  MINIMUM         54    136 AM  36    1972  46      8       46
  AVERAGE         63                        56      7       56

PRECIPITATION (IN)
  YESTERDAY        0.00          1.19 1963   0.08  -0.08     0.00
  MONTH TO DATE    0.30                      2.97  -2.67     0.83
  SINCE OCT 1      8.82                     15.73  -6.91     5.96
  SINCE JAN 1      2.53                     10.43  -7.90     4.67

SNOWFALL (IN)
  YESTERDAY        0.0
  MONTH TO DATE    0.0
  SINCE MAR 1      0.0
  SINCE JUL 1      0.0

DEGREE DAYS
 HEATING
  YESTERDAY        2                         9     -7        9
  MONTH TO DATE  110                       268   -158      144
  SINCE MAR 1    110                       268   -158      144
  SINCE JUL 1    935                      1869   -934     1379

 COOLING
  YESTERDAY        0                         0      0        0
  MONTH TO DATE   34                         0     34        5
  SINCE MAR 1     34                         0     34        5
  SINCE JAN 1     34                         0     34        5
..................................................................


WIND (MPH)
  HIGHEST WIND SPEED    10   HIGHEST WIND DIRECTION    SE (140)
  HIGHEST GUST SPEED    13   HIGHEST GUST DIRECTION    SE (140)
  AVERAGE WIND SPEED     4.5


SKY COVER
  POSSIBLE SUNSHINE  MM
  AVERAGE SKY COVER 0.0


WEATHER CONDITIONS
 THE FOLLOWING WEATHER WAS RECORDED YESTERDAY.
  HAZE


RELATIVE HUMIDITY (PERCENT)
 HIGHEST    93           200 AM
 LOWEST     53           500 PM
 AVERAGE    73

..........................................................


THE SANTA BARBARA AIRPORT CA CLIMATE NORMALS FOR TODAY
                         NORMAL    RECORD    YEAR
 MAXIMUM TEMPERATURE (F)   66        80      2004
 MINIMUM TEMPERATURE (F)   46        35      1961


SUNRISE AND SUNSET
MARCH 29 2015.........SUNRISE   651 AM PDT   SUNSET   718 PM PDT
MARCH 30 2015.........SUNRISE   649 AM PDT   SUNSET   719 PM PDT


-  INDICATES NEGATIVE NUMBERS.
R  INDICATES RECORD WAS SET OR TIED.
MM INDICATES DATA IS MISSING.
T  INDICATES TRACE AMOUNT.




$$
