000
CDUS46 KLOX 190910
CLISBA


CLIMATE REPORT
NATIONAL WEATHER SERVICE LOS ANGELES/OXNARD CA
210 AM PDT FRI SEP 19 2014


...................................

...THE SANTA BARBARA AIRPORT CA CLIMATE SUMMARY FOR SEPTEMBER 18 2014...

CLIMATE NORMAL PERIOD 1981 TO 2010
CLIMATE RECORD PERIOD 1940 TO 2014


WEATHER ITEM   OBSERVED TIME   RECORD YEAR NORMAL DEPARTURE LAST
                VALUE   (LST)  VALUE       VALUE  FROM      YEAR
                                                  NORMAL
..................................................................
TEMPERATURE (F)
 YESTERDAY
  MAXIMUM         79    152 PM 104    1979  74      5       72
  MINIMUM         60    526 AM  45    1947  56      4       56
  AVERAGE         70                        65      5       64

PRECIPITATION (IN)
  YESTERDAY        0.00          0.23 1963   0.01  -0.01     0.00
  MONTH TO DATE    T                         0.09  -0.09     0.00
  SINCE JUL 1      0.02                      0.24  -0.22     0.07
  SINCE JAN 1      5.22                     12.29  -7.07     3.42

SNOWFALL (IN)
  YESTERDAY        0.0
  MONTH TO DATE    0.0
  SINCE SEP 1      0.0
  SINCE JUL 1      0.0

DEGREE DAYS
 HEATING
  YESTERDAY        0                         1     -1        1
  MONTH TO DATE    1                        18    -17        3
  SINCE SEP 1      1                        18    -17        3
  SINCE JUL 1      1                        69    -68       33

 COOLING
  YESTERDAY        5                         1      4        0
  MONTH TO DATE  100                        33     67       66
  SINCE SEP 1    100                        33     67       66
  SINCE JAN 1    431                       160    271      264
..................................................................


WIND (MPH)
  HIGHEST WIND SPEED    20   HIGHEST WIND DIRECTION     W (250)
  HIGHEST GUST SPEED    MM   HIGHEST GUST DIRECTION    MM
  AVERAGE WIND SPEED     7.0


SKY COVER
  POSSIBLE SUNSHINE  MM
  AVERAGE SKY COVER 0.0


WEATHER CONDITIONS
 THE FOLLOWING WEATHER WAS RECORDED YESTERDAY.
  NO SIGNIFICANT WEATHER WAS OBSERVED.


RELATIVE HUMIDITY (PERCENT)
 HIGHEST    90          1200 AM
 LOWEST     58          1100 AM
 AVERAGE    74

..........................................................


THE SANTA BARBARA AIRPORT CA CLIMATE NORMALS FOR TODAY
                         NORMAL    RECORD    YEAR
 MAXIMUM TEMPERATURE (F)   74        95      1984
 MINIMUM TEMPERATURE (F)   56        45      1947


SUNRISE AND SUNSET
SEPTEMBER 19 2014.....SUNRISE   645 AM PDT   SUNSET   700 PM PDT
SEPTEMBER 20 2014.....SUNRISE   646 AM PDT   SUNSET   659 PM PDT


-  INDICATES NEGATIVE NUMBERS.
R  INDICATES RECORD WAS SET OR TIED.
MM INDICATES DATA IS MISSING.
T  INDICATES TRACE AMOUNT.




$$
