000
CDUS46 KLOX 230115
CLISBA


CLIMATE REPORT
NATIONAL WEATHER SERVICE LOS ANGELES/OXNARD CA
615 PM PDT FRI SEP 22 2017


...................................

...THE SANTA BARBARA AIRPORT CA CLIMATE SUMMARY FOR SEPTEMBER 22 2017...
VALID TODAY AS OF 0600 PM LOCAL TIME.

CLIMATE NORMAL PERIOD 1981 TO 2010
CLIMATE RECORD PERIOD 1940 TO 2017


WEATHER ITEM   OBSERVED TIME   RECORD YEAR NORMAL DEPARTURE LAST
                VALUE   (LST)  VALUE       VALUE  FROM      YEAR
                                                  NORMAL
..................................................................
TEMPERATURE (F)
 TODAY
  MAXIMUM         72   1236 PM  91    1987  74     -2       84
  MINIMUM         50    626 AM  44    1944  55     -5       48
  AVERAGE         61                        64     -3       66

PRECIPITATION (IN)
  TODAY            0.00          0.01 1990   0.02  -0.02     0.00
                                      1990
                                      2007
  MONTH TO DATE    0.22                      0.15   0.07     0.01
  SINCE OCT 1     24.50                     17.65   6.85    10.22
  SINCE JAN 1     19.69                     12.35   7.34     9.34

SNOWFALL (IN)
  TODAY            0.0
  MONTH TO DATE    0.0
  SINCE SEP 1      0.0
  SINCE JUL 1      0.0

DEGREE DAYS
 HEATING
  TODAY            4                         2      2        0
  MONTH TO DATE    9                        25    -16       36
  SINCE SEP 1      9                        25    -16       36
  SINCE JUL 1     20                        76    -56       58

 COOLING
  TODAY            0                         1     -1        1
  MONTH TO DATE   91                        37     54       19
  SINCE SEP 1     91                        37     54       19
  SINCE JAN 1    316                       164    152      167
..................................................................


WIND (MPH)
  HIGHEST WIND SPEED    23   HIGHEST WIND DIRECTION     W (270)
  HIGHEST GUST SPEED    MM   HIGHEST GUST DIRECTION    MM
  AVERAGE WIND SPEED     7.2


SKY COVER
  POSSIBLE SUNSHINE  MM
  AVERAGE SKY COVER 0.0


WEATHER CONDITIONS
 THE FOLLOWING WEATHER WAS RECORDED TODAY.
  NO SIGNIFICANT WEATHER WAS OBSERVED.


RELATIVE HUMIDITY (PERCENT)
 HIGHEST    73           900 AM
 LOWEST     44          1200 PM
 AVERAGE    59

..........................................................


THE SANTA BARBARA AIRPORT CA CLIMATE NORMALS FOR TOMORROW
                         NORMAL    RECORD    YEAR
 MAXIMUM TEMPERATURE (F)   74        97      1944
 MINIMUM TEMPERATURE (F)   55        42      1941


SUNRISE AND SUNSET
SEPTEMBER 22 2017.....SUNRISE   648 AM PDT   SUNSET   656 PM PDT
SEPTEMBER 23 2017.....SUNRISE   648 AM PDT   SUNSET   654 PM PDT


-  INDICATES NEGATIVE NUMBERS.
R  INDICATES RECORD WAS SET OR TIED.
MM INDICATES DATA IS MISSING.
T  INDICATES TRACE AMOUNT.




$$
