000
CDUS41 KAKQ 140645
CLISBY


CLIMATE REPORT
NATIONAL WEATHER SERVICE WAKEFIELD, VA
145 AM EST SUN FEB 14 2016


...................................

...THE SALISBURY MD CLIMATE SUMMARY FOR FEBRUARY 13 2016...

CLIMATE NORMAL PERIOD 1981 TO 2010
CLIMATE RECORD PERIOD 1900 TO 2016


WEATHER ITEM   OBSERVED TIME   RECORD YEAR NORMAL DEPARTURE LAST
                VALUE   (LST)  VALUE       VALUE  FROM      YEAR
                                                  NORMAL
..................................................................
TEMPERATURE (F)
 YESTERDAY
  MAXIMUM         27   1009 AM  70    1951  47    -20       28
  MINIMUM         15   1159 PM  -1    1979  28    -13       14
  AVERAGE         21                        37    -16       21

PRECIPITATION (IN)
  YESTERDAY        T             1.71 2008   0.11  -0.11     0.00
  MONTH TO DATE    1.54                      1.54   0.00     0.94
  SINCE DEC 1      9.24                      8.86   0.38     9.53
  SINCE JAN 1      4.75                      5.15  -0.40     5.50

SNOWFALL (IN)
  YESTERDAY       MM             8.7  1982   0.2   MM
  MONTH TO DATE    2.3                       1.8    0.5
  SINCE NOV 1      9.0                       6.8    2.2
  SINCE JUL 1      9.0                       6.8    2.2
  SNOW DEPTH       0

DEGREE DAYS
 HEATING
  YESTERDAY       44                        28     16       44
  MONTH TO DATE  353                       371    -18      393
  SINCE DEC 1   1664                      2094   -430     1925
  SINCE JUL 1   2311                      2912   -601     2597

 COOLING
  YESTERDAY        0                         0      0        0
  MONTH TO DATE    0                         0      0        0
  SINCE DEC 1      9                         0      9        0
  SINCE JAN 1      0                         0      0        0
..................................................................


WIND (MPH)
  HIGHEST WIND SPEED    30   HIGHEST WIND DIRECTION    NW (300)
  HIGHEST GUST SPEED    40   HIGHEST GUST DIRECTION    NW (310)
  AVERAGE WIND SPEED    14.2


SKY COVER
  POSSIBLE SUNSHINE  MM
  AVERAGE SKY COVER 0.5


WEATHER CONDITIONS
 THE FOLLOWING WEATHER WAS RECORDED YESTERDAY.
  NO SIGNIFICANT WEATHER WAS OBSERVED.


RELATIVE HUMIDITY (PERCENT)
 HIGHEST    91           300 AM
 LOWEST     32           100 PM
 AVERAGE    62

..........................................................


THE SALISBURY MD CLIMATE NORMALS FOR TODAY
                         NORMAL    RECORD    YEAR
 MAXIMUM TEMPERATURE (F)   47        71      1990
 MINIMUM TEMPERATURE (F)   28        -1      1979


SUNRISE AND SUNSET
FEBRUARY 14 2016......SUNRISE   654 AM EST   SUNSET   539 PM EST
FEBRUARY 15 2016......SUNRISE   653 AM EST   SUNSET   540 PM EST


-  INDICATES NEGATIVE NUMBERS.
R  INDICATES RECORD WAS SET OR TIED.
MM INDICATES DATA IS MISSING.
T  INDICATES TRACE AMOUNT.




$$
