000
CDUS41 KAKQ 052234
CLISBY


CLIMATE REPORT
NATIONAL WEATHER SERVICE WAKEFIELD, VA
534 PM EST THU MAR 5 2015


...................................

...THE SALISBURY MD CLIMATE SUMMARY FOR MARCH 5 2015...
VALID TODAY AS OF 0500 PM LOCAL TIME.

CLIMATE NORMAL PERIOD 1981 TO 2010
CLIMATE RECORD PERIOD 1900 TO 2015


WEATHER ITEM   OBSERVED TIME   RECORD YEAR NORMAL DEPARTURE LAST
                VALUE   (LST)  VALUE       VALUE  FROM      YEAR
                                                  NORMAL
..................................................................
TEMPERATURE (F)
 TODAY
  MAXIMUM         50   1206 AM  82    1976  52     -2       44
  MINIMUM         32    359 PM  12    2009  32      0       30
  AVERAGE         41

PRECIPITATION (IN)
  TODAY            0.61          1.60 1929   0.13   0.48     0.00
  MONTH TO DATE    1.29                      0.66   0.63     0.60
  SINCE MAR 1      1.29                      0.66   0.63     0.60
  SINCE JAN 1      9.01                      7.62   1.39     7.82

SNOWFALL (IN)
  TODAY           MM
  MONTH TO DATE    T
  SINCE NOV 1     10.5
  SINCE JUL 1     10.5
  SNOW DEPTH       0

DEGREE DAYS
 HEATING
  TODAY           24
  MONTH TO DATE  140
  SINCE MAR 1    140
  SINCE JUL 1   3353

 COOLING
  TODAY            0
  MONTH TO DATE    0
  SINCE MAR 1      0
  SINCE JAN 1      0
..................................................................


WIND (MPH)
  RESULTANT WIND SPEED  11   RESULTANT WIND DIRECTION   N (0)
  HIGHEST WIND SPEED    18   HIGHEST WIND DIRECTION     N (10)
  HIGHEST GUST SPEED    23   HIGHEST GUST DIRECTION     N (340)


SKY COVER
  POSSIBLE SUNSHINE  MM
  AVERAGE SKY COVER 0.9


WEATHER CONDITIONS
 THE FOLLOWING WEATHER WAS RECORDED TODAY.
  HEAVY RAIN
  RAIN
  LIGHT RAIN
  SNOW
  LIGHT SNOW
  FOG


RELATIVE HUMIDITY (PERCENT)
 HIGHEST    92
 LOWEST     82
 AVERAGE    87

..........................................................


THE SALISBURY MD CLIMATE NORMALS FOR TOMORROW
                         NORMAL    RECORD    YEAR
 MAXIMUM TEMPERATURE (F)   52        78      1961
 MINIMUM TEMPERATURE (F)   32        13      1978


SUNRISE AND SUNSET
MARCH  5 2015.........SUNRISE   629 AM EST   SUNSET   559 PM EST
MARCH  6 2015.........SUNRISE   627 AM EST   SUNSET   600 PM EST


-  INDICATES NEGATIVE NUMBERS.
R  INDICATES RECORD WAS SET OR TIED.
MM INDICATES DATA IS MISSING.
T  INDICATES TRACE AMOUNT.




$$
