000
CDUS41 KAKQ 050626
CLISBY


CLIMATE REPORT
NATIONAL WEATHER SERVICE WAKEFIELD, VA
126 AM EST MON DEC 5 2016


...................................

...THE SALISBURY MD CLIMATE SUMMARY FOR DECEMBER 4 2016...

CLIMATE NORMAL PERIOD 1981 TO 2010
CLIMATE RECORD PERIOD 1900 TO 2016


WEATHER ITEM   OBSERVED TIME   RECORD YEAR NORMAL DEPARTURE LAST
                VALUE   (LST)  VALUE       VALUE  FROM      YEAR
                                                  NORMAL
..................................................................
TEMPERATURE (F)
 YESTERDAY
  MAXIMUM         47    224 PM  75    1998  52     -5       52
  MINIMUM         33    800 AM   9    1940  33      0       32
  AVERAGE         40                        42     -2       42

PRECIPITATION (IN)
  YESTERDAY        0.04          1.00 1983   0.12  -0.08     0.00
  MONTH TO DATE    0.12                      0.51  -0.39     0.96
  SINCE DEC 1      0.12                      0.51  -0.39     0.96
  SINCE JAN 1     51.62                     42.48   9.14    47.84

SNOWFALL (IN)
  YESTERDAY       MM             1.0  1927   0.1   MM
  MONTH TO DATE    0.0                       0.2   -0.2
  SINCE NOV 1      0.0                       0.4   -0.4
  SINCE JUL 1      0.0                       0.4   -0.4
  SNOW DEPTH       0

DEGREE DAYS
 HEATING
  YESTERDAY       25                        23      2       23
  MONTH TO DATE   79                        89    -10       57
  SINCE DEC 1     79                        89    -10       57
  SINCE JUL 1    739                       907   -168      704

 COOLING
  YESTERDAY        0                         0      0        0
  MONTH TO DATE    0                         0      0        0
  SINCE DEC 1      0                         0      0        0
  SINCE JAN 1   1481                      1153    328     1342
..................................................................


WIND (MPH)
  HIGHEST WIND SPEED     9   HIGHEST WIND DIRECTION    NW (320)
  HIGHEST GUST SPEED    12   HIGHEST GUST DIRECTION     N (350)
  AVERAGE WIND SPEED     3.5


SKY COVER
  POSSIBLE SUNSHINE  MM
  AVERAGE SKY COVER 0.2


WEATHER CONDITIONS
 THE FOLLOWING WEATHER WAS RECORDED YESTERDAY.
  LIGHT RAIN


RELATIVE HUMIDITY (PERCENT)
 HIGHEST    89           500 AM
 LOWEST     53          1200 PM
 AVERAGE    71

..........................................................


THE SALISBURY MD CLIMATE NORMALS FOR TODAY
                         NORMAL    RECORD    YEAR
 MAXIMUM TEMPERATURE (F)   51        76      1998
 MINIMUM TEMPERATURE (F)   32        16      1919


SUNRISE AND SUNSET
DECEMBER  5 2016......SUNRISE   704 AM EST   SUNSET   441 PM EST
DECEMBER  6 2016......SUNRISE   705 AM EST   SUNSET   441 PM EST


-  INDICATES NEGATIVE NUMBERS.
R  INDICATES RECORD WAS SET OR TIED.
MM INDICATES DATA IS MISSING.
T  INDICATES TRACE AMOUNT.




$$
