000
CDUS41 KAKQ 210828
CLISBY


CLIMATE REPORT
NATIONAL WEATHER SERVICE WAKEFIELD, VA
427 AM EDT MON APR 21 2014


...................................

...THE SALISBURY MD CLIMATE SUMMARY FOR APRIL 20 2014...

CLIMATE NORMAL PERIOD 1981 TO 2010
CLIMATE RECORD PERIOD 1900 TO 2014


WEATHER ITEM   OBSERVED TIME   RECORD YEAR NORMAL DEPARTURE LAST
                VALUE   (LST)  VALUE       VALUE  FROM      YEAR
                                                  NORMAL
..................................................................
TEMPERATURE (F)
 YESTERDAY
  MAXIMUM         60    145 PM  92    1985  66     -6       68
  MINIMUM         41   1159 PM  28    1926  44     -3       48
  AVERAGE         51                        55     -4       58

PRECIPITATION (IN)
  YESTERDAY        0.00          1.00 1940   0.12  -0.12     0.58
  MONTH TO DATE    1.93                      2.51  -0.58     2.42
  SINCE MAR 1      4.50                      6.93  -2.43     7.27
  SINCE JAN 1      8.48                     13.89  -5.41    13.97

SNOWFALL (IN)
  YESTERDAY        0.0           0.0    MM   0.0    0.0
  MONTH TO DATE    0.0                       0.2   -0.2
  SINCE NOV 1     22.5                       9.3   13.2
  SINCE JUL 1     22.5                       9.3   13.2
  SNOW DEPTH       0

DEGREE DAYS
 HEATING
  YESTERDAY       14                        10      4        7
  MONTH TO DATE  207                       257    -50      162
  SINCE MAR 1    896                       887      9      859
  SINCE JUL 1   4036                      4192   -156     3637

 COOLING
  YESTERDAY        0                         1     -1        0
  MONTH TO DATE   14                         7      7       46
  SINCE MAR 1     14                         9      5       46
  SINCE JAN 1     14                         9      5       46
..................................................................


WIND (MPH)
  HIGHEST WIND SPEED    24   HIGHEST WIND DIRECTION    NE (60)
  HIGHEST GUST SPEED    32   HIGHEST GUST DIRECTION     E (70)
  AVERAGE WIND SPEED    12.6


SKY COVER
  POSSIBLE SUNSHINE  MM
  AVERAGE SKY COVER 0.0


WEATHER CONDITIONS
 THE FOLLOWING WEATHER WAS RECORDED YESTERDAY.
  NO SIGNIFICANT WEATHER WAS OBSERVED.


RELATIVE HUMIDITY (PERCENT)
 HIGHEST    76          1100 PM
 LOWEST     38           400 PM
 AVERAGE    57

..........................................................


THE SALISBURY MD CLIMATE NORMALS FOR TODAY
                         NORMAL    RECORD    YEAR
 MAXIMUM TEMPERATURE (F)   67        90      1917
 MINIMUM TEMPERATURE (F)   45        29      2007
                                             1983


SUNRISE AND SUNSET
APRIL 21 2014.........SUNRISE   618 AM EDT   SUNSET   744 PM EDT
APRIL 22 2014.........SUNRISE   617 AM EDT   SUNSET   745 PM EDT


-  INDICATES NEGATIVE NUMBERS.
R  INDICATES RECORD WAS SET OR TIED.
MM INDICATES DATA IS MISSING.
T  INDICATES TRACE AMOUNT.




$$
