000
CDUS41 KAKQ 260529
CLISBY


CLIMATE REPORT
NATIONAL WEATHER SERVICE WAKEFIELD, VA
128 AM EDT THU MAY 26 2016


...................................

...THE SALISBURY MD CLIMATE SUMMARY FOR MAY 25 2016...

CLIMATE NORMAL PERIOD 1981 TO 2010
CLIMATE RECORD PERIOD 1900 TO 2016


WEATHER ITEM   OBSERVED TIME   RECORD YEAR NORMAL DEPARTURE LAST
                VALUE   (LST)  VALUE       VALUE  FROM      YEAR
                                                  NORMAL
..................................................................
TEMPERATURE (F)
 YESTERDAY
  MAXIMUM         86    132 PM  92    1995  76     10       81
  MINIMUM         57    400 AM  37    1923  54      3       57
  AVERAGE         72                        65      7       69

PRECIPITATION (IN)
  YESTERDAY        0.00          2.57 1995   0.13  -0.13     0.00
  MONTH TO DATE    4.50                      2.86   1.64     1.75
  SINCE MAR 1      9.95                     10.83  -0.88     9.49
  SINCE JAN 1     16.80                     17.79  -0.99    17.21

SNOWFALL (IN)
  YESTERDAY        0.0           0.0  2002   0.0    0.0
                                      2001
  MONTH TO DATE    0.0                       0.0    0.0
  SINCE NOV 1     19.8                       9.3   10.5
  SINCE JUL 1     19.8                       9.3   10.5
  SNOW DEPTH       0

DEGREE DAYS
 HEATING
  YESTERDAY        0                         3     -3        0
  MONTH TO DATE  159                       127     32       75
  SINCE MAR 1    965                      1102   -137     1059
  SINCE JUL 1   3636                      4407   -771     4272

 COOLING
  YESTERDAY        7                         3      4        4
  MONTH TO DATE   12                        44    -32       90
  SINCE MAR 1     36                        61    -25       97
  SINCE JAN 1     36                        61    -25       97
..................................................................


WIND (MPH)
  HIGHEST WIND SPEED    18   HIGHEST WIND DIRECTION    SW (230)
  HIGHEST GUST SPEED    23   HIGHEST GUST DIRECTION    SW (220)
  AVERAGE WIND SPEED     4.5


SKY COVER
  POSSIBLE SUNSHINE  MM
  AVERAGE SKY COVER 0.0


WEATHER CONDITIONS
 THE FOLLOWING WEATHER WAS RECORDED YESTERDAY.
  NO SIGNIFICANT WEATHER WAS OBSERVED.


RELATIVE HUMIDITY (PERCENT)
 HIGHEST    93           400 AM
 LOWEST     29          1100 AM
 AVERAGE    61

..........................................................


THE SALISBURY MD CLIMATE NORMALS FOR TODAY
                         NORMAL    RECORD    YEAR
 MAXIMUM TEMPERATURE (F)   76        92      2011
                                             1991
 MINIMUM TEMPERATURE (F)   55        39      1917


SUNRISE AND SUNSET
MAY 26 2016...........SUNRISE   543 AM EDT   SUNSET   816 PM EDT
MAY 27 2016...........SUNRISE   542 AM EDT   SUNSET   817 PM EDT


-  INDICATES NEGATIVE NUMBERS.
R  INDICATES RECORD WAS SET OR TIED.
MM INDICATES DATA IS MISSING.
T  INDICATES TRACE AMOUNT.




$$
