000
CDUS41 KAKQ 230829
CLISBY


CLIMATE REPORT
NATIONAL WEATHER SERVICE WAKEFIELD, VA
428 AM EDT WED JUL 23 2014


...................................

...THE SALISBURY MD CLIMATE SUMMARY FOR JULY 22 2014...

CLIMATE NORMAL PERIOD 1981 TO 2010
CLIMATE RECORD PERIOD 1900 TO 2014


WEATHER ITEM   OBSERVED TIME   RECORD YEAR NORMAL DEPARTURE LAST
                VALUE   (LST)  VALUE       VALUE  FROM      YEAR
                                                  NORMAL
..................................................................
TEMPERATURE (F)
 YESTERDAY
  MAXIMUM         85    443 PM 104    1930  87     -2       93
  MINIMUM         64    531 AM  46    2001  67     -3       74
  AVERAGE         75                        77     -2       84

PRECIPITATION (IN)
  YESTERDAY        0.00          2.46 1999   0.14  -0.14      T
  MONTH TO DATE    3.25                      2.90   0.35     3.62
  SINCE JUN 1      4.09                      6.61  -2.52    13.54
  SINCE JAN 1     15.91                     25.16  -9.25    32.19

SNOWFALL (IN)
  YESTERDAY        0.0           0.0  2002   0.0    0.0
                                      2001
  MONTH TO DATE    0.0                       0.0    0.0
  SINCE NOV 1     22.5                       9.3   13.2
  SINCE JUL 1      0.0                       0.0    0.0
  SNOW DEPTH       0

DEGREE DAYS
 HEATING
  YESTERDAY        0                         0      0        0
  MONTH TO DATE    0                         0      0        0
  SINCE JUN 1      5                        19    -14        0
  SINCE JUL 1      0                         0      0        0

 COOLING
  YESTERDAY       10                        12     -2       19
  MONTH TO DATE  298                       259     39      397
  SINCE JUN 1    591                       486    105      730
  SINCE JAN 1    726                       570    156      921
..................................................................


WIND (MPH)
  HIGHEST WIND SPEED    10   HIGHEST WIND DIRECTION    SE (120)
  HIGHEST GUST SPEED    15   HIGHEST GUST DIRECTION    SE (120)
  AVERAGE WIND SPEED    MM


SKY COVER
  POSSIBLE SUNSHINE  MM
  AVERAGE SKY COVER  MM


WEATHER CONDITIONS
 THE FOLLOWING WEATHER WAS RECORDED YESTERDAY.
  FOG
  FOG W/VISIBILITY <= 1/4 MILE


RELATIVE HUMIDITY (PERCENT)
 HIGHEST    MM
 LOWEST     MM
 AVERAGE    MM

..........................................................


THE SALISBURY MD CLIMATE NORMALS FOR TODAY
                         NORMAL    RECORD    YEAR
 MAXIMUM TEMPERATURE (F)   87       103      2011
 MINIMUM TEMPERATURE (F)   67        52      1974


SUNRISE AND SUNSET
JULY 23 2014..........SUNRISE   557 AM EDT   SUNSET   820 PM EDT
JULY 24 2014..........SUNRISE   558 AM EDT   SUNSET   819 PM EDT


-  INDICATES NEGATIVE NUMBERS.
R  INDICATES RECORD WAS SET OR TIED.
MM INDICATES DATA IS MISSING.
T  INDICATES TRACE AMOUNT.




$$
