000
CDUS41 KAKQ 120645
CLISBY


CLIMATE REPORT
NATIONAL WEATHER SERVICE WAKEFIELD, VA
145 AM EST TUE DEC 12 2017


...................................

...THE SALISBURY MD CLIMATE SUMMARY FOR DECEMBER 11 2017...

CLIMATE NORMAL PERIOD 1981 TO 2010
CLIMATE RECORD PERIOD 1900 TO 2017


WEATHER ITEM   OBSERVED TIME   RECORD YEAR NORMAL DEPARTURE LAST
                VALUE   (LST)  VALUE       VALUE  FROM      YEAR
                                                  NORMAL
..................................................................
TEMPERATURE (F)
 YESTERDAY
  MAXIMUM         45    308 PM  71    1971  49     -4       43
                                      1911
  MINIMUM         25    717 AM   8    1977  31     -6       21
  AVERAGE         35                        40     -5       32

PRECIPITATION (IN)
  YESTERDAY        0.00          2.08 2008   0.13  -0.13     0.00
  MONTH TO DATE    1.04                      1.40  -0.36     1.57
  SINCE DEC 1      1.04                      1.40  -0.36     1.57
  SINCE JAN 1     51.04                     43.37   7.67    53.07

SNOWFALL (IN)
  YESTERDAY        0.0           4.0  1958   0.0    0.0
  MONTH TO DATE    6.9                       0.5    6.4
  SINCE NOV 1      6.9                       0.7    6.2
  SINCE JUL 1      6.9                       0.7    6.2
  SNOW DEPTH       0

DEGREE DAYS
 HEATING
  YESTERDAY       30                        25      5       33
  MONTH TO DATE  264                       257      7      269
  SINCE DEC 1    264                       257      7      269
  SINCE JUL 1    935                      1075   -140      929

 COOLING
  YESTERDAY        0                         0      0        0
  MONTH TO DATE    0                         0      0        0
  SINCE DEC 1      0                         0      0        0
  SINCE JAN 1   1415                      1153    262     1481
..................................................................


WIND (MPH)
  HIGHEST WIND SPEED     8   HIGHEST WIND DIRECTION    SW (210)
  HIGHEST GUST SPEED    10   HIGHEST GUST DIRECTION    SE (150)
  AVERAGE WIND SPEED     2.0


SKY COVER
  POSSIBLE SUNSHINE  MM
  AVERAGE SKY COVER 0.2


WEATHER CONDITIONS
 THE FOLLOWING WEATHER WAS RECORDED YESTERDAY.
  FOG


RELATIVE HUMIDITY (PERCENT)
 HIGHEST   100           700 AM
 LOWEST     49           200 PM
 AVERAGE    75

..........................................................


THE SALISBURY MD CLIMATE NORMALS FOR TODAY
                         NORMAL    RECORD    YEAR
 MAXIMUM TEMPERATURE (F)   49        72      2015
 MINIMUM TEMPERATURE (F)   31         7      1977


SUNRISE AND SUNSET
DECEMBER 12 2017......SUNRISE   710 AM EST   SUNSET   442 PM EST
DECEMBER 13 2017......SUNRISE   711 AM EST   SUNSET   442 PM EST


-  INDICATES NEGATIVE NUMBERS.
R  INDICATES RECORD WAS SET OR TIED.
MM INDICATES DATA IS MISSING.
T  INDICATES TRACE AMOUNT.




$$
