000
CDUS41 KAKQ 222130
CLISBY


CLIMATE REPORT
NATIONAL WEATHER SERVICE WAKEFIELD, VA
530 PM EDT FRI AUG 22 2014


...................................

...THE SALISBURY MD CLIMATE SUMMARY FOR AUGUST 22 2014...
VALID TODAY AS OF 0500 PM LOCAL TIME.

CLIMATE NORMAL PERIOD 1981 TO 2010
CLIMATE RECORD PERIOD 1900 TO 2014


WEATHER ITEM   OBSERVED TIME   RECORD YEAR NORMAL DEPARTURE LAST
                VALUE   (LST)  VALUE       VALUE  FROM      YEAR
                                                  NORMAL
..................................................................
TEMPERATURE (F)
 TODAY
  MAXIMUM         85   1114 AM  97    1916  84      1       88
  MINIMUM         71    552 AM  49    2000  65      6       73
  AVERAGE         78

PRECIPITATION (IN)
  TODAY            0.04          3.07 1973   0.14  -0.10     0.13
  MONTH TO DATE    4.32                      3.31   1.01     6.49
  SINCE JUN 1      8.44                     11.40  -2.96    20.22
  SINCE JAN 1     20.26                     29.95  -9.69    38.87

SNOWFALL (IN)
  TODAY            0.0
  MONTH TO DATE    0.0
  SINCE NOV 1     22.5
  SINCE JUL 1      0.0
  SNOW DEPTH       0

DEGREE DAYS
 HEATING
  TODAY            0
  MONTH TO DATE    0
  SINCE JUN 1      5
  SINCE JUL 1      0

 COOLING
  TODAY           13
  MONTH TO DATE  225
  SINCE JUN 1    908
  SINCE JAN 1   1043
..................................................................


WIND (MPH)
  RESULTANT WIND SPEED   1   RESULTANT WIND DIRECTION   E (70)
  HIGHEST WIND SPEED    16   HIGHEST WIND DIRECTION    NE (60)
  HIGHEST GUST SPEED    18   HIGHEST GUST DIRECTION    NE (60)


SKY COVER
  POSSIBLE SUNSHINE  MM
  AVERAGE SKY COVER 0.7


WEATHER CONDITIONS
 THE FOLLOWING WEATHER WAS RECORDED TODAY.
  THUNDERSTORM
  HEAVY RAIN
  RAIN
  LIGHT RAIN
  FOG


RELATIVE HUMIDITY (PERCENT)
 HIGHEST    93
 LOWEST     65
 AVERAGE    79

..........................................................


THE SALISBURY MD CLIMATE NORMALS FOR TOMORROW
                         NORMAL    RECORD    YEAR
 MAXIMUM TEMPERATURE (F)   84        98      1968
 MINIMUM TEMPERATURE (F)   65        50      1952


SUNRISE AND SUNSET
AUGUST 22 2014........SUNRISE   623 AM EDT   SUNSET   746 PM EDT
AUGUST 23 2014........SUNRISE   624 AM EDT   SUNSET   745 PM EDT


-  INDICATES NEGATIVE NUMBERS.
R  INDICATES RECORD WAS SET OR TIED.
MM INDICATES DATA IS MISSING.
T  INDICATES TRACE AMOUNT.




$$
