000
CDUS41 KAKQ 190630
CLISBY


CLIMATE REPORT
NATIONAL WEATHER SERVICE WAKEFIELD, VA
129 AM EST SUN FEB 19 2017


...................................

...THE SALISBURY MD CLIMATE SUMMARY FOR FEBRUARY 18 2017...

CLIMATE NORMAL PERIOD 1981 TO 2010
CLIMATE RECORD PERIOD 1900 TO 2017


WEATHER ITEM   OBSERVED TIME   RECORD YEAR NORMAL DEPARTURE LAST
                VALUE   (LST)  VALUE       VALUE  FROM      YEAR
                                                  NORMAL
..................................................................
TEMPERATURE (F)
 YESTERDAY
  MAXIMUM         68    232 PM  72    2011  48     20       38
  MINIMUM         28    524 AM   0    1979  29     -1       25
  AVERAGE         48                        38     10       32

PRECIPITATION (IN)
  YESTERDAY        0.00          1.66 1967   0.12  -0.12     0.00
  MONTH TO DATE    0.73                      2.14  -1.41     2.98
  SINCE DEC 1      7.01                      9.46  -2.45    10.68
  SINCE JAN 1      4.08                      5.75  -1.67     6.19

SNOWFALL (IN)
  YESTERDAY        0.0           3.0  1967   0.2   -0.2
  MONTH TO DATE    T                         2.4   -2.4
  SINCE NOV 1      9.6                       7.4    2.2
  SINCE JUL 1      9.6                       7.4    2.2
  SNOW DEPTH       0

DEGREE DAYS
 HEATING
  YESTERDAY       17                        27    -10       33
  MONTH TO DATE  427                       507    -80      505
  SINCE DEC 1   1969                      2230   -261     1816
  SINCE JUL 1   2629                      3048   -419     2463

 COOLING
  YESTERDAY        0                         0      0        0
  MONTH TO DATE    0                         0      0        0
  SINCE DEC 1      0                         0      0        9
  SINCE JAN 1      0                         0      0        0
..................................................................


WIND (MPH)
  HIGHEST WIND SPEED    20   HIGHEST WIND DIRECTION     S (200)
  HIGHEST GUST SPEED    25   HIGHEST GUST DIRECTION    SW (210)
  AVERAGE WIND SPEED     6.7


SKY COVER
  POSSIBLE SUNSHINE  MM
  AVERAGE SKY COVER 0.0


WEATHER CONDITIONS
 THE FOLLOWING WEATHER WAS RECORDED YESTERDAY.
  NO SIGNIFICANT WEATHER WAS OBSERVED.


RELATIVE HUMIDITY (PERCENT)
 HIGHEST   100           600 AM
 LOWEST     29           200 PM
 AVERAGE    65

..........................................................


THE SALISBURY MD CLIMATE NORMALS FOR TODAY
                         NORMAL    RECORD    YEAR
 MAXIMUM TEMPERATURE (F)   48        72      1961
 MINIMUM TEMPERATURE (F)   29         8      1936


SUNRISE AND SUNSET
FEBRUARY 19 2017......SUNRISE   647 AM EST   SUNSET   545 PM EST
FEBRUARY 20 2017......SUNRISE   646 AM EST   SUNSET   546 PM EST


-  INDICATES NEGATIVE NUMBERS.
R  INDICATES RECORD WAS SET OR TIED.
MM INDICATES DATA IS MISSING.
T  INDICATES TRACE AMOUNT.




$$
