000
CDUS46 KSTO 110041
CLISCK


CLIMATE REPORT
NATIONAL WEATHER SERVICE SACRAMENTO, CA
441 PM PST SAT DEC 10 2016


...................................

...THE STOCKTON AIRPORT CA CLIMATE SUMMARY FOR DECEMBER 10 2016...
VALID TODAY AS OF 0400 PM LOCAL TIME.

CLIMATE NORMAL PERIOD 1981 TO 2010
CLIMATE RECORD PERIOD 1948 TO 2016


WEATHER ITEM   OBSERVED TIME   RECORD YEAR NORMAL DEPARTURE LAST
                VALUE   (LST)  VALUE       VALUE  FROM      YEAR
                                                  NORMAL
..................................................................
TEMPERATURE (F)
 TODAY
  MAXIMUM         62    157 PM  72    1987  55      7       59
  MINIMUM         58    723 AM  24    2013  37     21       50
  AVERAGE         60

PRECIPITATION (IN)
  TODAY            0.27          0.86 1996   0.06   0.21     0.45
  MONTH TO DATE    0.55                      0.63  -0.08     0.67
  SINCE OCT 1      4.60                      3.14   1.46     2.78
  SINCE JAN 1     16.72                     12.47   4.25     5.68

SNOWFALL (IN)
  TODAY            0.0           0.0  2001
  MONTH TO DATE    0.0
  SINCE DEC 1      0.0
  SINCE JUL 1      0.0

DEGREE DAYS
 HEATING
  TODAY            5                        19    -14       10
  MONTH TO DATE  155                       181    -26      134
  SINCE DEC 1    155                       181    -26      134
  SINCE JUL 1    424                       638   -214      539

 COOLING
  TODAY            0                         0      0        0
  MONTH TO DATE    0                         0      0        0
  SINCE DEC 1      0                         0      0        0
  SINCE JAN 1   1445                      1320    125     1681
..................................................................


WIND (MPH)
  RESULTANT WIND SPEED  11   RESULTANT WIND DIRECTION  SE (140)
  HIGHEST WIND SPEED    20   HIGHEST WIND DIRECTION    SE (150)
  HIGHEST GUST SPEED    24   HIGHEST GUST DIRECTION    SE (150)


SKY COVER
  POSSIBLE SUNSHINE  MM
  AVERAGE SKY COVER 1.0


WEATHER CONDITIONS
 THE FOLLOWING WEATHER WAS RECORDED TODAY.
  RAIN
  LIGHT RAIN
  FOG


RELATIVE HUMIDITY (PERCENT)
 HIGHEST   100           300 AM
 LOWEST     90           100 AM
 AVERAGE    95

..........................................................


THE STOCKTON AIRPORT CA CLIMATE NORMALS FOR TOMORROW
                         NORMAL    RECORD    YEAR
 MAXIMUM TEMPERATURE (F)   55        71      1958
 MINIMUM TEMPERATURE (F)   37        24      1972


SUNRISE AND SUNSET
DECEMBER 10 2016......SUNRISE   710 AM PST   SUNSET   446 PM PST
DECEMBER 11 2016......SUNRISE   711 AM PST   SUNSET   446 PM PST


-  INDICATES NEGATIVE NUMBERS.
R  INDICATES RECORD WAS SET OR TIED.
MM INDICATES DATA IS MISSING.
T  INDICATES TRACE AMOUNT.




$$
