000
CDUS46 KSTO 220843
CLISCK


CLIMATE REPORT
NATIONAL WEATHER SERVICE SACRAMENTO, CA
1242 AM PST SAT NOV 22 2014


...................................

...THE STOCKTON AIRPORT CA CLIMATE SUMMARY FOR NOVEMBER 21 2014...

CLIMATE NORMAL PERIOD 1981 TO 2010
CLIMATE RECORD PERIOD 1948 TO 2014


WEATHER ITEM   OBSERVED TIME   RECORD YEAR NORMAL DEPARTURE LAST
                VALUE   (LST)  VALUE       VALUE  FROM      YEAR
                                                  NORMAL
..................................................................
TEMPERATURE (F)
 YESTERDAY
  MAXIMUM         58    456 PM  73    2005  62     -4       60
  MINIMUM         50   1205 AM  28    1964  40     10       48
  AVERAGE         54

PRECIPITATION (IN)
  YESTERDAY        0.00          0.56 1978   0.06  -0.06     0.01
  MONTH TO DATE    0.68                      1.15  -0.47     1.09
  SINCE JUL 1      1.73                      2.27  -0.54     1.37
  SINCE JAN 1      7.53                     11.30  -3.77     4.25

SNOWFALL (IN)
  YESTERDAY        0.0           0.0  2002
                                      2001
  MONTH TO DATE    0.0
  SINCE SEP 1      0.0
  SINCE JUL 1      0.0
  SNOW DEPTH       0

DEGREE DAYS
 HEATING
  YESTERDAY       11                        14     -3       11
  MONTH TO DATE  155                       221    -66      179
  SINCE SEP 1    176                       318   -142      268
  SINCE JUL 1    176                       318   -142      268

 COOLING
  YESTERDAY        0                         0      0        0
  MONTH TO DATE    0                         0      0        0
  SINCE SEP 1    412                       276    136      206
  SINCE JAN 1   1658                      1320    338     1375
..................................................................


WIND (MPH)
  RESULTANT WIND SPEED   2   RESULTANT WIND DIRECTION   N (350)
  HIGHEST WIND SPEED    13   HIGHEST WIND DIRECTION    SE (130)
  HIGHEST GUST SPEED    14   HIGHEST GUST DIRECTION    SE (130)


SKY COVER
  POSSIBLE SUNSHINE  MM
  AVERAGE SKY COVER 0.9


WEATHER CONDITIONS
 THE FOLLOWING WEATHER WAS RECORDED YESTERDAY.
  FOG


RELATIVE HUMIDITY (PERCENT)
 HIGHEST   100           100 AM
 LOWEST     72           200 PM
 AVERAGE    86

..........................................................


THE STOCKTON AIRPORT CA CLIMATE NORMALS FOR TODAY
                         NORMAL    RECORD    YEAR
 MAXIMUM TEMPERATURE (F)   61        76      1959
 MINIMUM TEMPERATURE (F)   40        31      1956


SUNRISE AND SUNSET
NOVEMBER 22 2014......SUNRISE   653 AM PST   SUNSET   449 PM PST
NOVEMBER 23 2014......SUNRISE   654 AM PST   SUNSET   449 PM PST


-  INDICATES NEGATIVE NUMBERS.
R  INDICATES RECORD WAS SET OR TIED.
MM INDICATES DATA IS MISSING.
T  INDICATES TRACE AMOUNT.




$$
