000
CDUS46 KSTO 301442
CLISCK


CLIMATE REPORT
NATIONAL WEATHER SERVICE SACRAMENTO, CA
741 AM PDT TUE SEP 30 2014


...................................

...THE STOCKTON AIRPORT CA CLIMATE SUMMARY FOR SEPTEMBER 29 2014...

CLIMATE NORMAL PERIOD 1981 TO 2010
CLIMATE RECORD PERIOD 1948 TO 2014


WEATHER ITEM   OBSERVED TIME   RECORD YEAR NORMAL DEPARTURE LAST
                VALUE   (LST)  VALUE       VALUE  FROM      YEAR
                                                  NORMAL
..................................................................
TEMPERATURE (F)
 YESTERDAY
  MAXIMUM         83    417 PM 102    2010  85     -2       81
  MINIMUM         55    642 AM  45    1955  54      1       53
  AVERAGE         69

PRECIPITATION (IN)
  YESTERDAY        0.00          0.19 1983   0.01  -0.01     0.00
                                      1971
  MONTH TO DATE    0.59                      0.27   0.32     0.28
  SINCE JUL 1      0.60                      0.28   0.32     0.28
  SINCE JAN 1      6.40                      9.31  -2.91     3.16

SNOWFALL (IN)
  YESTERDAY        0.0           0.0  2002
                                      2001
  MONTH TO DATE    0.0
  SINCE SEP 1      0.0
  SINCE JUL 1      0.0
  SNOW DEPTH       0

DEGREE DAYS
 HEATING
  YESTERDAY        0                         1     -1        0
  MONTH TO DATE    0                         1     -1        6
  SINCE SEP 1      0                         1     -1        6
  SINCE JUL 1      0                         1     -1        6

 COOLING
  YESTERDAY        4                         5     -1        2
  MONTH TO DATE  285                       218     67      201
  SINCE SEP 1    285                       218     67      201
  SINCE JAN 1   1531                      1262    269     1370
..................................................................


WIND (MPH)
  RESULTANT WIND SPEED   4   RESULTANT WIND DIRECTION  NW (300)
  HIGHEST WIND SPEED    14   HIGHEST WIND DIRECTION    NW (300)
  HIGHEST GUST SPEED    17   HIGHEST GUST DIRECTION     W (290)


SKY COVER
  POSSIBLE SUNSHINE  MM
  AVERAGE SKY COVER 0.0


WEATHER CONDITIONS
 THE FOLLOWING WEATHER WAS RECORDED YESTERDAY.
  FOG
  HAZE


RELATIVE HUMIDITY (PERCENT)
 HIGHEST    93           400 AM
 LOWEST     36           200 PM
 AVERAGE    65

..........................................................


THE STOCKTON AIRPORT CA CLIMATE NORMALS FOR TODAY
                         NORMAL    RECORD    YEAR
 MAXIMUM TEMPERATURE (F)   84        99      1952
 MINIMUM TEMPERATURE (F)   54        42      1950


SUNRISE AND SUNSET
SEPTEMBER 30 2014.....SUNRISE   700 AM PDT   SUNSET   649 PM PDT
OCTOBER  1 2014.......SUNRISE   701 AM PDT   SUNSET   648 PM PDT


-  INDICATES NEGATIVE NUMBERS.
R  INDICATES RECORD WAS SET OR TIED.
MM INDICATES DATA IS MISSING.
T  INDICATES TRACE AMOUNT.




$$
