697
CDUS46 KSTO 230040
CLISCK


CLIMATE REPORT
NATIONAL WEATHER SERVICE SACRAMENTO, CA
540 PM PDT MON MAY 22 2017


...................................

...THE STOCKTON AIRPORT CA CLIMATE SUMMARY FOR MAY 22 2017...
VALID TODAY AS OF 0500 PM LOCAL TIME.

CLIMATE NORMAL PERIOD 1981 TO 2010
CLIMATE RECORD PERIOD 1948 TO 2017


WEATHER ITEM   OBSERVED TIME   RECORD YEAR NORMAL DEPARTURE LAST
                VALUE   (LST)  VALUE       VALUE  FROM      YEAR
                                                  NORMAL
..................................................................
TEMPERATURE (F)
 TODAY
  MAXIMUM        101    242 PM 102    2000  83     18       72
  MINIMUM         59    435 AM  39    1960  53      6       47
  AVERAGE         80

PRECIPITATION (IN)
  TODAY            0.00          0.73 1958   0.01  -0.01     0.00
  MONTH TO DATE    T                         0.41  -0.41     0.35
  SINCE OCT 1     21.68                     13.56   8.12    16.69
  SINCE JAN 1     15.52                      8.83   6.69    12.12

SNOWFALL (IN)
  TODAY            0.0          MM      MM
  MONTH TO DATE    0.0
  SINCE MAR 1      0.0
  SINCE JUL 1      0.0

DEGREE DAYS
 HEATING
  TODAY            0                         1     -1        5
  MONTH TO DATE   24                        50    -26       34
  SINCE MAR 1    399                       564   -165      345
  SINCE JUL 1   2108                      2626   -518     2063

 COOLING
  TODAY           15                         4     11        0
  MONTH TO DATE  108                        61     47       63
  SINCE MAR 1    110                        78     32       89
  SINCE JAN 1    110                        78     32       89
..................................................................


WIND (MPH)
  RESULTANT WIND SPEED   2   RESULTANT WIND DIRECTION  NW (320)
  HIGHEST WIND SPEED    13   HIGHEST WIND DIRECTION     W (290)
  HIGHEST GUST SPEED    18   HIGHEST GUST DIRECTION    NW (300)


SKY COVER
  POSSIBLE SUNSHINE  MM
  AVERAGE SKY COVER 0.0


WEATHER CONDITIONS
 THE FOLLOWING WEATHER WAS RECORDED TODAY.
  HAZE


RELATIVE HUMIDITY (PERCENT)
 HIGHEST    69           400 AM
 LOWEST     17           200 PM
 AVERAGE    43

..........................................................


THE STOCKTON AIRPORT CA CLIMATE NORMALS FOR TOMORROW
                         NORMAL    RECORD    YEAR
 MAXIMUM TEMPERATURE (F)   83       102      1982
 MINIMUM TEMPERATURE (F)   53        44      1960


SUNRISE AND SUNSET
MAY 22 2017...........SUNRISE   549 AM PDT   SUNSET   814 PM PDT
MAY 23 2017...........SUNRISE   549 AM PDT   SUNSET   815 PM PDT


-  INDICATES NEGATIVE NUMBERS.
R  INDICATES RECORD WAS SET OR TIED.
MM INDICATES DATA IS MISSING.
T  INDICATES TRACE AMOUNT.




$$
