000
CDUS46 KSTO 210840
CLISCK


CLIMATE REPORT
NATIONAL WEATHER SERVICE SACRAMENTO, CA
1240 AM PST WED FEB 21 2018


...................................

...THE STOCKTON AIRPORT CA CLIMATE SUMMARY FOR FEBRUARY 20 2018...

CLIMATE NORMAL PERIOD 1981 TO 2010
CLIMATE RECORD PERIOD 1948 TO 2018


WEATHER ITEM   OBSERVED TIME   RECORD YEAR NORMAL DEPARTURE LAST
                VALUE   (LST)  VALUE       VALUE  FROM      YEAR
                                                  NORMAL
..................................................................
TEMPERATURE (F)
 YESTERDAY
  MAXIMUM         57    421 PM  73    1991  62     -5       60
  MINIMUM         29    717 AM  28    1955  41    -12       52
  AVERAGE         43

PRECIPITATION (IN)
  YESTERDAY        0.00          1.33 2017   0.09  -0.09     1.33
  MONTH TO DATE    0.00                      1.85  -1.85     4.57
  SINCE OCT 1      3.99                      9.32  -5.33    17.06
  SINCE JAN 1      3.03                      4.59  -1.56    10.90

SNOWFALL (IN)
  YESTERDAY        0.0          MM      MM
  MONTH TO DATE    0.0
  SINCE DEC 1      0.0
  SINCE JUL 1      0.0
  SNOW DEPTH       0

DEGREE DAYS
 HEATING
  YESTERDAY       22                        14      8        9
  MONTH TO DATE  203                       306   -103      180
  SINCE DEC 1   1134                      1504   -370     1303
  SINCE JUL 1   1438                      1961   -523     1572

 COOLING
  YESTERDAY        0                         0      0        0
  MONTH TO DATE    0                         0      0        0
  SINCE DEC 1      0                         0      0        0
  SINCE JAN 1      0                         0      0        0
..................................................................


WIND (MPH)
  RESULTANT WIND SPEED   3   RESULTANT WIND DIRECTION  NW (310)
  HIGHEST WIND SPEED    13   HIGHEST WIND DIRECTION    SW (230)
  HIGHEST GUST SPEED    16   HIGHEST GUST DIRECTION    NW (320)


SKY COVER
  POSSIBLE SUNSHINE  MM
  AVERAGE SKY COVER 0.1


WEATHER CONDITIONS
 THE FOLLOWING WEATHER WAS RECORDED YESTERDAY.
  NO SIGNIFICANT WEATHER WAS OBSERVED.


RELATIVE HUMIDITY (PERCENT)
 HIGHEST    72           600 AM
 LOWEST     22           400 PM
 AVERAGE    47

..........................................................


THE STOCKTON AIRPORT CA CLIMATE NORMALS FOR TODAY
                         NORMAL    RECORD    YEAR
 MAXIMUM TEMPERATURE (F)   62        73      1995
                                             1985
 MINIMUM TEMPERATURE (F)   41        27      1953


SUNRISE AND SUNSET
FEBRUARY 21 2018......SUNRISE   647 AM PST   SUNSET   550 PM PST
FEBRUARY 22 2018......SUNRISE   646 AM PST   SUNSET   551 PM PST


-  INDICATES NEGATIVE NUMBERS.
R  INDICATES RECORD WAS SET OR TIED.
MM INDICATES DATA IS MISSING.
T  INDICATES TRACE AMOUNT.




$$
