000
CDUS46 KSTO 280842
CLISCK


CLIMATE REPORT
NATIONAL WEATHER SERVICE SACRAMENTO, CA
142 AM PDT TUE MAR 28 2017


...................................

...THE STOCKTON AIRPORT CA CLIMATE SUMMARY FOR MARCH 27 2017...

CLIMATE NORMAL PERIOD 1981 TO 2010
CLIMATE RECORD PERIOD 1948 TO 2017


WEATHER ITEM   OBSERVED TIME   RECORD YEAR NORMAL DEPARTURE LAST
                VALUE   (LST)  VALUE       VALUE  FROM      YEAR
                                                  NORMAL
..................................................................
TEMPERATURE (F)
 YESTERDAY
  MAXIMUM         67    355 PM  86    2015  68     -1       73
  MINIMUM         47    611 AM  36    1985  43      4       52
                                      1976
  AVERAGE         57

PRECIPITATION (IN)
  YESTERDAY        0.00          1.35 1963   0.06  -0.06     0.00
  MONTH TO DATE    2.18                      1.94   0.24     3.53
  SINCE OCT 1     19.82                     11.95   7.87    13.49
  SINCE JAN 1     13.66                      7.22   6.44     8.92

SNOWFALL (IN)
  YESTERDAY        0.0          MM      MM
  MONTH TO DATE    0.0
  SINCE MAR 1      0.0
  SINCE JUL 1      0.0
  SNOW DEPTH       0

DEGREE DAYS
 HEATING
  YESTERDAY        8                         9     -1        2
  MONTH TO DATE  212                       288    -76      195
  SINCE MAR 1    212                       288    -76      195
  SINCE JUL 1   1921                      2350   -429     1913

 COOLING
  YESTERDAY        0                         0      0        0
  MONTH TO DATE    1                         0      1        0
  SINCE MAR 1      1                         0      1        0
  SINCE JAN 1      1                         0      1        0
..................................................................


WIND (MPH)
  RESULTANT WIND SPEED  11   RESULTANT WIND DIRECTION  NW (310)
  HIGHEST WIND SPEED    23   HIGHEST WIND DIRECTION     N (340)
  HIGHEST GUST SPEED    28   HIGHEST GUST DIRECTION     N (340)


SKY COVER
  POSSIBLE SUNSHINE  MM
  AVERAGE SKY COVER 0.1


WEATHER CONDITIONS
 THE FOLLOWING WEATHER WAS RECORDED YESTERDAY.
  NO SIGNIFICANT WEATHER WAS OBSERVED.


RELATIVE HUMIDITY (PERCENT)
 HIGHEST   100           300 AM
 LOWEST     40           500 PM
 AVERAGE    70

..........................................................


THE STOCKTON AIRPORT CA CLIMATE NORMALS FOR TODAY
                         NORMAL    RECORD    YEAR
 MAXIMUM TEMPERATURE (F)   68        84      2015
                                             1957
                                             1952
 MINIMUM TEMPERATURE (F)   44        35      1985
                                             1975
                                             1972


SUNRISE AND SUNSET
MARCH 28 2017.........SUNRISE   656 AM PDT   SUNSET   725 PM PDT
MARCH 29 2017.........SUNRISE   654 AM PDT   SUNSET   726 PM PDT


-  INDICATES NEGATIVE NUMBERS.
R  INDICATES RECORD WAS SET OR TIED.
MM INDICATES DATA IS MISSING.
T  INDICATES TRACE AMOUNT.




$$
