000
CDUS46 KSTO 191436
CLISCK


CLIMATE REPORT
NATIONAL WEATHER SERVICE SACRAMENTO, CA
735 AM PDT SAT APR 19 2014


...................................

...THE STOCKTON AIRPORT CA CLIMATE SUMMARY FOR APRIL 18 2014...

CLIMATE NORMAL PERIOD 1981 TO 2010
CLIMATE RECORD PERIOD 1948 TO 2014


WEATHER ITEM   OBSERVED TIME   RECORD YEAR NORMAL DEPARTURE LAST
                VALUE   (LST)  VALUE       VALUE  FROM      YEAR
                                                  NORMAL
..................................................................
TEMPERATURE (F)
 YESTERDAY
  MAXIMUM         79    346 PM  90    1954  73      6       77
  MINIMUM         55   1159 PM  35    1975  46      9       42
  AVERAGE         67

PRECIPITATION (IN)
  YESTERDAY        0.00          0.77 1981   0.03  -0.03     0.00
  MONTH TO DATE    0.40                      0.66  -0.26     0.41
  SINCE JUL 1      7.08                     13.13  -6.05     9.89
  SINCE JAN 1      5.37                      8.10  -2.73     2.77

SNOWFALL (IN)
  YESTERDAY        0.0          MM      MM
  MONTH TO DATE    0.0
  SINCE MAR 1      0.0
  SINCE JUL 1      0.0
  SNOW DEPTH       0

DEGREE DAYS
 HEATING
  YESTERDAY        0                         6     -6        5
  MONTH TO DATE   69                       133    -64       74
  SINCE MAR 1    268                       457   -189      295
  SINCE JUL 1   2101                      2519   -418     2298

 COOLING
  YESTERDAY        2                         1      1        0
  MONTH TO DATE   18                         1     17        2
  SINCE MAR 1     18                         1     17        2
  SINCE JAN 1     18                         1     17        2
..................................................................


WIND (MPH)
  RESULTANT WIND SPEED  11   RESULTANT WIND DIRECTION   W (290)
  HIGHEST WIND SPEED    20   HIGHEST WIND DIRECTION     W (260)
  HIGHEST GUST SPEED    24   HIGHEST GUST DIRECTION    NW (320)


SKY COVER
  POSSIBLE SUNSHINE  MM
  AVERAGE SKY COVER 0.0


WEATHER CONDITIONS
 THE FOLLOWING WEATHER WAS RECORDED YESTERDAY.
  NO SIGNIFICANT WEATHER WAS OBSERVED.


RELATIVE HUMIDITY (PERCENT)
 HIGHEST    77           300 AM
 LOWEST     36          1200 PM
 AVERAGE    57

..........................................................


THE STOCKTON AIRPORT CA CLIMATE NORMALS FOR TODAY
                         NORMAL    RECORD    YEAR
 MAXIMUM TEMPERATURE (F)   74        92      2009
 MINIMUM TEMPERATURE (F)   46        37      1979
                                             1955


SUNRISE AND SUNSET
APRIL 19 2014.........SUNRISE   624 AM PDT   SUNSET   745 PM PDT
APRIL 20 2014.........SUNRISE   623 AM PDT   SUNSET   746 PM PDT


-  INDICATES NEGATIVE NUMBERS.
R  INDICATES RECORD WAS SET OR TIED.
MM INDICATES DATA IS MISSING.
T  INDICATES TRACE AMOUNT.




$$
