000
CDUS46 KSTO 250834
CLISCK


CLIMATE REPORT
NATIONAL WEATHER SERVICE SACRAMENTO, CA
134 AM PDT WED MAY 25 2016


...................................

...THE STOCKTON AIRPORT CA CLIMATE SUMMARY FOR MAY 24 2016...

CLIMATE NORMAL PERIOD 1981 TO 2010
CLIMATE RECORD PERIOD 1948 TO 2016


WEATHER ITEM   OBSERVED TIME   RECORD YEAR NORMAL DEPARTURE LAST
                VALUE   (LST)  VALUE       VALUE  FROM      YEAR
                                                  NORMAL
..................................................................
TEMPERATURE (F)
 YESTERDAY
  MAXIMUM         76    237 PM 104    1982  83     -7       84
  MINIMUM         50    343 AM  41    1953  53     -3       51
  AVERAGE         63

PRECIPITATION (IN)
  YESTERDAY        0.00          0.23 1993   0.01  -0.01     0.00
  MONTH TO DATE    0.35                      0.44  -0.09     0.01
  SINCE OCT 1     16.69                     13.59   3.10    10.61
  SINCE JAN 1     12.12                      8.86   3.26     2.77

SNOWFALL (IN)
  YESTERDAY        0.0          MM      MM
  MONTH TO DATE    0.0
  SINCE MAR 1      0.0
  SINCE JUL 1      0.0
  SNOW DEPTH       0

DEGREE DAYS
 HEATING
  YESTERDAY        2                         1      1        0
  MONTH TO DATE   37                        52    -15       42
  SINCE MAR 1    348                       566   -218      274
  SINCE JUL 1   2066                      2628   -562     1713

 COOLING
  YESTERDAY        0                         4     -4        3
  MONTH TO DATE   63                        69     -6       24
  SINCE MAR 1     89                        86      3       73
  SINCE JAN 1     89                        86      3       73
..................................................................


WIND (MPH)
  RESULTANT WIND SPEED  12   RESULTANT WIND DIRECTION   W (270)
  HIGHEST WIND SPEED    23   HIGHEST WIND DIRECTION     W (280)
  HIGHEST GUST SPEED    27   HIGHEST GUST DIRECTION     W (270)


SKY COVER
  POSSIBLE SUNSHINE  MM
  AVERAGE SKY COVER 0.1


WEATHER CONDITIONS
 THE FOLLOWING WEATHER WAS RECORDED YESTERDAY.
  NO SIGNIFICANT WEATHER WAS OBSERVED.


RELATIVE HUMIDITY (PERCENT)
 HIGHEST    89           400 AM
 LOWEST     35           400 PM
 AVERAGE    62

..........................................................


THE STOCKTON AIRPORT CA CLIMATE NORMALS FOR TODAY
                         NORMAL    RECORD    YEAR
 MAXIMUM TEMPERATURE (F)   83       102      1979
 MINIMUM TEMPERATURE (F)   53        44      2010
                                             1962


SUNRISE AND SUNSET
MAY 25 2016...........SUNRISE   547 AM PDT   SUNSET   817 PM PDT
MAY 26 2016...........SUNRISE   547 AM PDT   SUNSET   818 PM PDT


-  INDICATES NEGATIVE NUMBERS.
R  INDICATES RECORD WAS SET OR TIED.
MM INDICATES DATA IS MISSING.
T  INDICATES TRACE AMOUNT.




$$
