000
CDUS46 KLOX 170927
CLISDB


CLIMATE REPORT
NATIONAL WEATHER SERVICE LOS ANGELES/OXNARD CA
227 AM PDT THU AUG 17 2017


...................................

...THE SANDBERG CA CLIMATE SUMMARY FOR AUGUST 16 2017...

CLIMATE NORMAL PERIOD 1981 TO 2010
CLIMATE RECORD PERIOD 1934 TO 2017


WEATHER ITEM   OBSERVED TIME   RECORD YEAR NORMAL DEPARTURE LAST
                VALUE   (LST)  VALUE       VALUE  FROM      YEAR
                                                  NORMAL
..................................................................
TEMPERATURE (F)
 YESTERDAY
  MAXIMUM         77    355 PM  99    2015  85     -8       95
  MINIMUM         52    500 AM  44    1976  64    -12       69
  AVERAGE         65                        74     -9       82

PRECIPITATION (IN)
  YESTERDAY        0.00          0.18 1977   0.00   0.00     0.00
  MONTH TO DATE    0.29                      0.01   0.28     0.00
  SINCE OCT 1     13.08                     12.14   0.94     6.93
  SINCE JAN 1      9.24                      8.51   0.73     5.23

DEGREE DAYS
 HEATING
  YESTERDAY        0                         0      0        0
  MONTH TO DATE    1                         0      1        0
  SINCE JUN 1     41                        92    -51       21
  SINCE JUL 1      1                         8     -7        0

 COOLING
  YESTERDAY        0                        10    -10       17
  MONTH TO DATE  205                       160     45      246
  SINCE JUN 1   1070                       578    492     1048
  SINCE JAN 1   1215                       623    592     1129
..................................................................


WIND (MPH)
  HIGHEST WIND SPEED    17   HIGHEST WIND DIRECTION    SW (220)
  HIGHEST GUST SPEED    22   HIGHEST GUST DIRECTION    SW (230)
  AVERAGE WIND SPEED     8.8


SKY COVER
  POSSIBLE SUNSHINE  MM
  AVERAGE SKY COVER 0.3


WEATHER CONDITIONS
 THE FOLLOWING WEATHER WAS RECORDED YESTERDAY.
  FOG
  FOG W/VISIBILITY <= 1/4 MILE


RELATIVE HUMIDITY (PERCENT)
 HIGHEST   100           400 AM
 LOWEST     43           200 PM
 AVERAGE    72

..........................................................


THE SANDBERG CA CLIMATE NORMALS FOR TODAY
                         NORMAL    RECORD    YEAR
 MAXIMUM TEMPERATURE (F)   85        97      1950
 MINIMUM TEMPERATURE (F)   64        44      1968


SUNRISE AND SUNSET
AUGUST 17 2017........SUNRISE   617 AM PDT   SUNSET   740 PM PDT
AUGUST 18 2017........SUNRISE   618 AM PDT   SUNSET   739 PM PDT


-  INDICATES NEGATIVE NUMBERS.
R  INDICATES RECORD WAS SET OR TIED.
MM INDICATES DATA IS MISSING.
T  INDICATES TRACE AMOUNT.




$$
