231
CDUS46 KLOX 270858
CLISDB


CLIMATE REPORT
NATIONAL WEATHER SERVICE LOS ANGELES/OXNARD CA
158 AM PDT FRI MAY 27 2016


...................................

...THE SANDBERG CA CLIMATE SUMMARY FOR MAY 26 2016...

CLIMATE NORMAL PERIOD 1981 TO 2010
CLIMATE RECORD PERIOD 1934 TO 2016


WEATHER ITEM   OBSERVED TIME   RECORD YEAR NORMAL DEPARTURE LAST
                VALUE   (LST)  VALUE       VALUE  FROM      YEAR
                                                  NORMAL
..................................................................
TEMPERATURE (F)
 YESTERDAY
  MAXIMUM         70    239 PM  90    1974  70      0       72
  MINIMUM         49    531 AM  30    1953  51     -2       52
  AVERAGE         60                        61     -1       62

PRECIPITATION (IN)
  YESTERDAY        0.00          0.32 1946   0.00   0.00     0.00
  MONTH TO DATE    0.29                      0.37  -0.08     0.26
  SINCE OCT 1      6.93                     12.01  -5.08     7.28
  SINCE JAN 1      5.23                      8.38  -3.15     2.38

DEGREE DAYS
 HEATING
  YESTERDAY        5                         6     -1        3
  MONTH TO DATE  175                       224    -49      245
  SINCE MAR 1    784                      1240   -456      751
  SINCE JUL 1   3044                      3999   -955     2382

 COOLING
  YESTERDAY        0                         2     -2        0
  MONTH TO DATE   30                        28      2       10
  SINCE MAR 1     49                        36     13       65
  SINCE JAN 1     49                        36     13       68
..................................................................


WIND (MPH)
  HIGHEST WIND SPEED    31   HIGHEST WIND DIRECTION     N (340)
  HIGHEST GUST SPEED    38   HIGHEST GUST DIRECTION     N (340)
  AVERAGE WIND SPEED    17.7


SKY COVER
  POSSIBLE SUNSHINE  MM
  AVERAGE SKY COVER 0.0


WEATHER CONDITIONS
 THE FOLLOWING WEATHER WAS RECORDED YESTERDAY.
  NO SIGNIFICANT WEATHER WAS OBSERVED.


RELATIVE HUMIDITY (PERCENT)
 HIGHEST    77           500 AM
 LOWEST     35           100 PM
 AVERAGE    56

..........................................................


THE SANDBERG CA CLIMATE NORMALS FOR TODAY
                         NORMAL    RECORD    YEAR
 MAXIMUM TEMPERATURE (F)   71        88      2014
                                             2003
 MINIMUM TEMPERATURE (F)   51        33      1971


SUNRISE AND SUNSET
MAY 27 2016...........SUNRISE   544 AM PDT   SUNSET   800 PM PDT
MAY 28 2016...........SUNRISE   544 AM PDT   SUNSET   801 PM PDT


-  INDICATES NEGATIVE NUMBERS.
R  INDICATES RECORD WAS SET OR TIED.
MM INDICATES DATA IS MISSING.
T  INDICATES TRACE AMOUNT.




$$
