000
CDUS46 KLOX 270130
CLISDB


CLIMATE REPORT
NATIONAL WEATHER SERVICE LOS ANGELES/OXNARD CA
530 PM PST SUN FEB 26 2017


...................................

...THE SANDBERG CA CLIMATE SUMMARY FOR FEBRUARY 26 2017...
VALID TODAY AS OF 0500 PM LOCAL TIME.

CLIMATE NORMAL PERIOD 1981 TO 2010
CLIMATE RECORD PERIOD 1934 TO 2017


WEATHER ITEM   OBSERVED TIME   RECORD YEAR NORMAL DEPARTURE LAST
                VALUE   (LST)  VALUE       VALUE  FROM      YEAR
                                                  NORMAL
..................................................................
TEMPERATURE (F)
 TODAY
  MAXIMUM         46    135 PM  74    2016  51     -5       74
  MINIMUM         32    711 AM  17    1962  39     -7       52
  AVERAGE         39                        45     -6       63

PRECIPITATION (IN)
  TODAY            0.04          0.53 1993   0.14  -0.10     0.00
  MONTH TO DATE    5.24                      3.00   2.24     0.29
  SINCE OCT 1     12.31                      9.04   3.27     5.00
  SINCE JAN 1      8.47                      5.41   3.06     3.30

DEGREE DAYS
 HEATING
  TODAY           26                        20      6        2
  MONTH TO DATE  455                       555   -100      306
  SINCE DEC 1   1753                      1941   -188     1622
  SINCE JUL 1   2202                      2720   -518     2238

 COOLING
  TODAY            0                         0      0        0
  MONTH TO DATE    0                         0      0        0
  SINCE DEC 1      0                         0      0        0
  SINCE JAN 1      0                         0      0        0
..................................................................


WIND (MPH)
  HIGHEST WIND SPEED    25   HIGHEST WIND DIRECTION     S (180)
  HIGHEST GUST SPEED    31   HIGHEST GUST DIRECTION     S (170)
  AVERAGE WIND SPEED    12.0


SKY COVER
  POSSIBLE SUNSHINE  MM
  AVERAGE SKY COVER 0.9


WEATHER CONDITIONS
 THE FOLLOWING WEATHER WAS RECORDED TODAY.
  SNOW
  LIGHT SNOW
  FOG
  FOG W/VISIBILITY <= 1/4 MILE


RELATIVE HUMIDITY (PERCENT)
 HIGHEST   100           900 AM
 LOWEST     75          1200 AM
 AVERAGE    88

..........................................................


THE SANDBERG CA CLIMATE NORMALS FOR TOMORROW
                         NORMAL    RECORD    YEAR
 MAXIMUM TEMPERATURE (F)   51        72      1972
 MINIMUM TEMPERATURE (F)   39        13      1962


SUNRISE AND SUNSET
FEBRUARY 26 2017......SUNRISE   627 AM PST   SUNSET   548 PM PST
FEBRUARY 27 2017......SUNRISE   626 AM PST   SUNSET   549 PM PST


-  INDICATES NEGATIVE NUMBERS.
R  INDICATES RECORD WAS SET OR TIED.
MM INDICATES DATA IS MISSING.
T  INDICATES TRACE AMOUNT.




$$
