000
CDUS46 KLOX 280856
CLISDB


CLIMATE REPORT
NATIONAL WEATHER SERVICE LOS ANGELES/OXNARD CA
156 AM PDT WED JUN 28 2017


...................................

...THE SANDBERG CA CLIMATE SUMMARY FOR JUNE 27 2017...

CLIMATE NORMAL PERIOD 1981 TO 2010
CLIMATE RECORD PERIOD 1934 TO 2017


WEATHER ITEM   OBSERVED TIME   RECORD YEAR NORMAL DEPARTURE LAST
                VALUE   (LST)  VALUE       VALUE  FROM      YEAR
                                                  NORMAL
..................................................................
TEMPERATURE (F)
 YESTERDAY
  MAXIMUM         90    208 PM 102    1994  80     10      101
  MINIMUM         66    233 AM  40    1996  60      6       78
  AVERAGE         78                        70      8       90

PRECIPITATION (IN)
  YESTERDAY        0.00          T    2006   0.00   0.00     0.00
                                      2006
                                      2015
  MONTH TO DATE    T                         0.06  -0.06      T
  SINCE OCT 1     12.79                     12.11   0.68     6.93
  SINCE JAN 1      8.95                      8.48   0.47     5.23

DEGREE DAYS
 HEATING
  YESTERDAY        0                         1     -1        0
  MONTH TO DATE   40                        80    -40       21
  SINCE JUN 1     40                        80    -40       21
  SINCE JUL 1   3088                      4108  -1020     3065

 COOLING
  YESTERDAY       13                         6      7       25
  MONTH TO DATE  321                       111    210      311
  SINCE JUN 1    321                       111    210      311
  SINCE JAN 1    466                       156    310      392
..................................................................


WIND (MPH)
  HIGHEST WIND SPEED    24   HIGHEST WIND DIRECTION    NW (330)
  HIGHEST GUST SPEED    29   HIGHEST GUST DIRECTION    NW (320)
  AVERAGE WIND SPEED    12.5


SKY COVER
  POSSIBLE SUNSHINE  MM
  AVERAGE SKY COVER 0.0


WEATHER CONDITIONS
 THE FOLLOWING WEATHER WAS RECORDED YESTERDAY.
  NO SIGNIFICANT WEATHER WAS OBSERVED.


RELATIVE HUMIDITY (PERCENT)
 HIGHEST    47          1100 PM
 LOWEST      9           400 PM
 AVERAGE    28

..........................................................


THE SANDBERG CA CLIMATE NORMALS FOR TODAY
                         NORMAL    RECORD    YEAR
 MAXIMUM TEMPERATURE (F)   81       103      1994
 MINIMUM TEMPERATURE (F)   60        44      1952


SUNRISE AND SUNSET
JUNE 28 2017..........SUNRISE   544 AM PDT   SUNSET   812 PM PDT
JUNE 29 2017..........SUNRISE   545 AM PDT   SUNSET   812 PM PDT


-  INDICATES NEGATIVE NUMBERS.
R  INDICATES RECORD WAS SET OR TIED.
MM INDICATES DATA IS MISSING.
T  INDICATES TRACE AMOUNT.




$$
