000
CDUS46 KLOX 220901
CLISDB


CLIMATE REPORT
NATIONAL WEATHER SERVICE LOS ANGELES/OXNARD CA
101 AM PST THU FEB 22 2018


...................................

...THE SANDBERG CA CLIMATE SUMMARY FOR FEBRUARY 21 2018...

CLIMATE NORMAL PERIOD 1981 TO 2010
CLIMATE RECORD PERIOD 1934 TO 2018


WEATHER ITEM   OBSERVED TIME   RECORD YEAR NORMAL DEPARTURE LAST
                VALUE   (LST)  VALUE       VALUE  FROM      YEAR
                                                  NORMAL
..................................................................
TEMPERATURE (F)
 YESTERDAY
  MAXIMUM         42    254 PM  69    1965  50     -8       50
  MINIMUM         26    651 AM  22    1975  38    -12       42
  AVERAGE         34                        44    -10       46

PRECIPITATION (IN)
  YESTERDAY        0.00          2.90 2005   0.14  -0.14     0.00
  MONTH TO DATE    0.10                      2.30  -2.20     5.20
  SINCE OCT 1      3.22                      8.34  -5.12    12.27
  SINCE JAN 1      3.17                      4.71  -1.54     8.43

DEGREE DAYS
 HEATING
  YESTERDAY       31                        21     10       19
  MONTH TO DATE  306                       453   -147      323
  SINCE DEC 1   1032                      1839   -807     1621
  SINCE JUL 1   1390                      2618  -1228     2070

 COOLING
  YESTERDAY        0                         0      0        0
  MONTH TO DATE    2                         0      2        0
  SINCE DEC 1      2                         0      2        0
  SINCE JAN 1      2                         0      2        0
..................................................................


WIND (MPH)
  HIGHEST WIND SPEED    23   HIGHEST WIND DIRECTION     N (340)
  HIGHEST GUST SPEED    26   HIGHEST GUST DIRECTION     N (340)
  AVERAGE WIND SPEED    10.0


SKY COVER
  POSSIBLE SUNSHINE  MM
  AVERAGE SKY COVER 0.2


WEATHER CONDITIONS
 THE FOLLOWING WEATHER WAS RECORDED YESTERDAY.
  NO SIGNIFICANT WEATHER WAS OBSERVED.


RELATIVE HUMIDITY (PERCENT)
 HIGHEST    50           700 AM
 LOWEST     27           200 PM
 AVERAGE    39

..........................................................


THE SANDBERG CA CLIMATE NORMALS FOR TODAY
                         NORMAL    RECORD    YEAR
 MAXIMUM TEMPERATURE (F)   50        70      2014
 MINIMUM TEMPERATURE (F)   38        23      1975


SUNRISE AND SUNSET
FEBRUARY 22 2018......SUNRISE   633 AM PST   SUNSET   545 PM PST
FEBRUARY 23 2018......SUNRISE   631 AM PST   SUNSET   546 PM PST


-  INDICATES NEGATIVE NUMBERS.
R  INDICATES RECORD WAS SET OR TIED.
MM INDICATES DATA IS MISSING.
T  INDICATES TRACE AMOUNT.




$$
