000
CDUS46 KLOX 170913
CLISDB


CLIMATE REPORT
NATIONAL WEATHER SERVICE LOS ANGELES/OXNARD CA
213 AM PDT THU APR 17 2014


...................................

...THE SANDBERG CA CLIMATE SUMMARY FOR APRIL 16 2014...

CLIMATE NORMAL PERIOD 1981 TO 2010
CLIMATE RECORD PERIOD 1948 TO 2014


WEATHER ITEM   OBSERVED TIME   RECORD YEAR NORMAL DEPARTURE LAST
                VALUE   (LST)  VALUE       VALUE  FROM      YEAR
                                                  NORMAL
..................................................................
TEMPERATURE (F)
 YESTERDAY
  MAXIMUM         73    122 PM  81    1987  59     14       49
  MINIMUM         53    557 AM  24    1976  42     11       32
  AVERAGE         63                        50     13       41

PRECIPITATION (IN)
  YESTERDAY        0.00          0.39 1995   0.01  -0.01     0.00
  MONTH TO DATE    0.11                      0.40  -0.29     0.01
  SINCE JUL 1      4.11                     11.63  -7.52     3.90
  SINCE JAN 1      3.33                      7.78  -4.45     2.53

DEGREE DAYS
 HEATING
  YESTERDAY        2                        15    -13       24
  MONTH TO DATE  133                       259   -126      172
  SINCE MAR 1    475                       829   -354      478
  SINCE JUL 1   2260                      3588  -1328     2842

 COOLING
  YESTERDAY        0                         0      0        0
  MONTH TO DATE   19                         0     19        1
  SINCE MAR 1     22                         1     21       12
  SINCE JAN 1     29                         1     28       12
..................................................................


WIND (MPH)
  HIGHEST WIND SPEED    29   HIGHEST WIND DIRECTION     N (340)
  HIGHEST GUST SPEED    34   HIGHEST GUST DIRECTION    NW (330)
  AVERAGE WIND SPEED    16.4


SKY COVER
  POSSIBLE SUNSHINE  MM
  AVERAGE SKY COVER 0.0


WEATHER CONDITIONS
 THE FOLLOWING WEATHER WAS RECORDED YESTERDAY.
  NO SIGNIFICANT WEATHER WAS OBSERVED.


RELATIVE HUMIDITY (PERCENT)
 HIGHEST    46           600 AM
 LOWEST     14          1200 PM
 AVERAGE    30

..........................................................


THE SANDBERG CA CLIMATE NORMALS FOR TODAY
                         NORMAL    RECORD    YEAR
 MAXIMUM TEMPERATURE (F)   59        81      1994
 MINIMUM TEMPERATURE (F)   42        25      1963


SUNRISE AND SUNSET
APRIL 17 2014.........SUNRISE   621 AM PDT   SUNSET   729 PM PDT
APRIL 18 2014.........SUNRISE   619 AM PDT   SUNSET   730 PM PDT


-  INDICATES NEGATIVE NUMBERS.
R  INDICATES RECORD WAS SET OR TIED.
MM INDICATES DATA IS MISSING.
T  INDICATES TRACE AMOUNT.




$$
