000
CDUS46 KLOX 270856
CLISDB


CLIMATE REPORT
NATIONAL WEATHER SERVICE LOS ANGELES/OXNARD CA
156 AM PDT WED MAY 27 2015


...................................

...THE SANDBERG CA CLIMATE SUMMARY FOR MAY 26 2015...

CLIMATE NORMAL PERIOD 1981 TO 2010
CLIMATE RECORD PERIOD 1934 TO 2015


WEATHER ITEM   OBSERVED TIME   RECORD YEAR NORMAL DEPARTURE LAST
                VALUE   (LST)  VALUE       VALUE  FROM      YEAR
                                                  NORMAL
..................................................................
TEMPERATURE (F)
 YESTERDAY
  MAXIMUM         72    239 PM  90    1974  70      2       85
  MINIMUM         52    529 AM  30    1953  51      1       65
  AVERAGE         62                        61      1       75

PRECIPITATION (IN)
  YESTERDAY        0.00          0.32 1946   0.00   0.00     0.00
  MONTH TO DATE    0.26                      0.37  -0.11      T
  SINCE OCT 1      7.28                     12.01  -4.73     4.28
  SINCE JAN 1      2.38                      8.38  -6.00     3.58

DEGREE DAYS
 HEATING
  YESTERDAY        3                         6     -3        0
  MONTH TO DATE  245                       224     21      120
  SINCE MAR 1    751                      1240   -489      728
  SINCE JUL 1   2382                      3999  -1617     2513

 COOLING
  YESTERDAY        0                         2     -2       10
  MONTH TO DATE   10                        28    -18       89
  SINCE MAR 1     65                        36     29      113
  SINCE JAN 1     68                        36     32      120
..................................................................


WIND (MPH)
  HIGHEST WIND SPEED    20   HIGHEST WIND DIRECTION    NW (330)
  HIGHEST GUST SPEED    24   HIGHEST GUST DIRECTION    NW (330)
  AVERAGE WIND SPEED    10.6


SKY COVER
  POSSIBLE SUNSHINE  MM
  AVERAGE SKY COVER 0.0


WEATHER CONDITIONS
 THE FOLLOWING WEATHER WAS RECORDED YESTERDAY.
  NO SIGNIFICANT WEATHER WAS OBSERVED.


RELATIVE HUMIDITY (PERCENT)
 HIGHEST    72          1200 AM
 LOWEST     44          1200 PM
 AVERAGE    58

..........................................................


THE SANDBERG CA CLIMATE NORMALS FOR TODAY
                         NORMAL    RECORD    YEAR
 MAXIMUM TEMPERATURE (F)   71        88      2014
                                             2003
 MINIMUM TEMPERATURE (F)   51        33      1971


SUNRISE AND SUNSET
MAY 27 2015...........SUNRISE   545 AM PDT   SUNSET   800 PM PDT
MAY 28 2015...........SUNRISE   544 AM PDT   SUNSET   800 PM PDT


-  INDICATES NEGATIVE NUMBERS.
R  INDICATES RECORD WAS SET OR TIED.
MM INDICATES DATA IS MISSING.
T  INDICATES TRACE AMOUNT.




$$
