000
CDUS46 KLOX 171152
CLISDB


CLIMATE REPORT
NATIONAL WEATHER SERVICE LOS ANGELES/OXNARD CA
451 AM PDT TUE OCT 17 2017


...................................

...THE SANDBERG CA CLIMATE SUMMARY FOR OCTOBER 16 2017...

CLIMATE NORMAL PERIOD 1981 TO 2010
CLIMATE RECORD PERIOD 1934 TO 2017


WEATHER ITEM   OBSERVED TIME   RECORD YEAR NORMAL DEPARTURE LAST
                VALUE   (LST)  VALUE       VALUE  FROM      YEAR
                                                  NORMAL
..................................................................
TEMPERATURE (F)
 YESTERDAY
  MAXIMUM         83R   216 PM  83    2017  67     16       66
                                      1961
  MINIMUM         63    447 AM  28    1971  51     12       51
  AVERAGE         73                        59     14       59

PRECIPITATION (IN)
  YESTERDAY        0.00          0.52 1963   0.02  -0.02     0.00
  MONTH TO DATE    0.00                      0.24  -0.24     0.00
  SINCE OCT 1      0.00                      0.24  -0.24     0.00
  SINCE JAN 1     10.05                      8.94   1.11     5.23

DEGREE DAYS
 HEATING
  YESTERDAY        0                         7     -7        6
  MONTH TO DATE   37                        89    -52       48
  SINCE SEP 1     88                       150    -62       81
  SINCE JUL 1     89                       167    -78       81

 COOLING
  YESTERDAY        8                         1      7        0
  MONTH TO DATE   29                        38     -9       37
  SINCE SEP 1    232                       227      5      277
  SINCE JAN 1   1704                       984    720     1621
..................................................................


WIND (MPH)
  HIGHEST WIND SPEED    18   HIGHEST WIND DIRECTION     E (70)
  HIGHEST GUST SPEED    23   HIGHEST GUST DIRECTION     E (70)
  AVERAGE WIND SPEED    10.9


SKY COVER
  POSSIBLE SUNSHINE  MM
  AVERAGE SKY COVER 0.0


WEATHER CONDITIONS
 THE FOLLOWING WEATHER WAS RECORDED YESTERDAY.
  NO SIGNIFICANT WEATHER WAS OBSERVED.


RELATIVE HUMIDITY (PERCENT)
 HIGHEST     8          1200 AM
 LOWEST      5          1100 AM
 AVERAGE     7

..........................................................


THE SANDBERG CA CLIMATE NORMALS FOR TODAY
                         NORMAL    RECORD    YEAR
 MAXIMUM TEMPERATURE (F)   67        85      1958
 MINIMUM TEMPERATURE (F)   51        29      1971


SUNRISE AND SUNSET
OCTOBER 17 2017.......SUNRISE   703 AM PDT   SUNSET   617 PM PDT
OCTOBER 18 2017.......SUNRISE   703 AM PDT   SUNSET   616 PM PDT


-  INDICATES NEGATIVE NUMBERS.
R  INDICATES RECORD WAS SET OR TIED.
MM INDICATES DATA IS MISSING.
T  INDICATES TRACE AMOUNT.




$$
