000
CDUS43 KLMK 260627
CLISDF


CLIMATE REPORT
NATIONAL WEATHER SERVICE LOUISVILLE KY
126 AM EST SUN FEB 26 2017


...................................

...THE LOUISVILLE KY CLIMATE SUMMARY FOR FEBRUARY 25 2017...

CLIMATE NORMAL PERIOD 1981 TO 2010
CLIMATE RECORD PERIOD 1871 TO 2017


WEATHER ITEM   OBSERVED TIME   RECORD YEAR NORMAL DEPARTURE LAST
                VALUE   (LST)  VALUE       VALUE  FROM      YEAR
                                                  NORMAL
..................................................................
TEMPERATURE (F)
 YESTERDAY
  MAXIMUM         54   1211 AM  77    2000  51      3       40
  MINIMUM         31   1159 PM   0    1967  32     -1       35
                                      1900
  AVERAGE         43                        42      1       38

PRECIPITATION (IN)
  YESTERDAY        T             2.04 1961   0.12  -0.12      T
  MONTH TO DATE    1.57                      2.84  -1.27     4.69
  SINCE DEC 1     11.08                      9.91   1.17    12.28
  SINCE JAN 1      5.78                      6.08  -0.30     5.70

SNOWFALL (IN)
  YESTERDAY        T             9.5  1961   0.1   -0.1       T
  MONTH TO DATE    T                         4.2   -4.2      6.2
  SINCE DEC 1      2.7                      10.5   -7.8     14.4
  SINCE JUL 1      2.7                      10.7   -8.0     14.4
  SNOW DEPTH       0

DEGREE DAYS
 HEATING
  YESTERDAY       22                        23     -1       27
  MONTH TO DATE  400                       663   -263      639
  SINCE DEC 1   1952                      2437   -485     2031
  SINCE JUL 1   2419                      3172   -753     2555

 COOLING
  YESTERDAY        0                         0      0        0
  MONTH TO DATE    5                         0      5        0
  SINCE DEC 1      6                         1      5        3
  SINCE JAN 1      5                         0      5        0
..................................................................


WIND (MPH)
  HIGHEST WIND SPEED    29   HIGHEST WIND DIRECTION     W (280)
  HIGHEST GUST SPEED    35   HIGHEST GUST DIRECTION     W (280)
  AVERAGE WIND SPEED    15.0


SKY COVER
  POSSIBLE SUNSHINE  MM
  AVERAGE SKY COVER 0.6


WEATHER CONDITIONS
 THE FOLLOWING WEATHER WAS RECORDED YESTERDAY.
  LIGHT SNOW


RELATIVE HUMIDITY (PERCENT)
 HIGHEST    64           100 AM
 LOWEST     40           300 PM
 AVERAGE    52

..........................................................


THE LOUISVILLE KY CLIMATE NORMALS FOR TODAY
                         NORMAL    RECORD    YEAR
 MAXIMUM TEMPERATURE (F)   51        76      2000
 MINIMUM TEMPERATURE (F)   33         5      1967
                                             1934


SUNRISE AND SUNSET
FEBRUARY 26 2017......SUNRISE   719 AM EST   SUNSET   633 PM EST
FEBRUARY 27 2017......SUNRISE   717 AM EST   SUNSET   634 PM EST


-  INDICATES NEGATIVE NUMBERS.
R  INDICATES RECORD WAS SET OR TIED.
MM INDICATES DATA IS MISSING.
T  INDICATES TRACE AMOUNT.




$$
