000
CDUS43 KLMK 300626
CLISDF


CLIMATE REPORT
NATIONAL WEATHER SERVICE LOUISVILLE KY
226 AM EDT FRI SEP 30 2016


...................................

...THE LOUISVILLE KY CLIMATE SUMMARY FOR SEPTEMBER 29 2016...

CLIMATE NORMAL PERIOD 1981 TO 2010
CLIMATE RECORD PERIOD 1871 TO 2016


WEATHER ITEM   OBSERVED TIME   RECORD YEAR NORMAL DEPARTURE LAST
                VALUE   (LST)  VALUE       VALUE  FROM      YEAR
                                                  NORMAL
..................................................................
TEMPERATURE (F)
 YESTERDAY
  MAXIMUM         66    452 PM  99    1953  76    -10       74
  MINIMUM         53    613 AM  38    1967  55     -2       68
  AVERAGE         60                        66     -6       71

PRECIPITATION (IN)
  YESTERDAY        0.08          2.33 1955   0.11  -0.03     1.44
  MONTH TO DATE    1.79                      2.94  -1.15     2.35
  SINCE SEP 1      1.79                      2.94  -1.15     2.35
  SINCE JAN 1     35.46                     34.16   1.30    45.41

SNOWFALL (IN)
  YESTERDAY        0.0          MM      MM   0.0    0.0      0.0
  MONTH TO DATE    0.0                       0.0    0.0      0.0
  SINCE SEP 1      0.0                       0.0    0.0      0.0
  SINCE JUL 1      0.0                       0.0    0.0      0.0
  SNOW DEPTH       0

DEGREE DAYS
 HEATING
  YESTERDAY        5                         3      2        0
  MONTH TO DATE    7                        26    -19        4
  SINCE SEP 1      7                        26    -19        4
  SINCE JUL 1      7                        26    -19        4

 COOLING
  YESTERDAY        0                         3     -3        6
  MONTH TO DATE  334                       207    127      276
  SINCE SEP 1    334                       207    127      276
  SINCE JAN 1   1942                      1564    378     1730
..................................................................


WIND (MPH)
  HIGHEST WIND SPEED     9   HIGHEST WIND DIRECTION     N (340)
  HIGHEST GUST SPEED    12   HIGHEST GUST DIRECTION     N (340)
  AVERAGE WIND SPEED     4.2


SKY COVER
  POSSIBLE SUNSHINE  MM
  AVERAGE SKY COVER 0.8


WEATHER CONDITIONS
 THE FOLLOWING WEATHER WAS RECORDED YESTERDAY.
  HEAVY RAIN
  RAIN
  LIGHT RAIN
  FOG
  HAZE


RELATIVE HUMIDITY (PERCENT)
 HIGHEST    89           600 AM
 LOWEST     52           500 PM
 AVERAGE    71

..........................................................


THE LOUISVILLE KY CLIMATE NORMALS FOR TODAY
                         NORMAL    RECORD    YEAR
 MAXIMUM TEMPERATURE (F)   76        94      1953
 MINIMUM TEMPERATURE (F)   54        33      1949


SUNRISE AND SUNSET
SEPTEMBER 30 2016.....SUNRISE   738 AM EDT   SUNSET   727 PM EDT
OCTOBER  1 2016.......SUNRISE   739 AM EDT   SUNSET   725 PM EDT


-  INDICATES NEGATIVE NUMBERS.
R  INDICATES RECORD WAS SET OR TIED.
MM INDICATES DATA IS MISSING.
T  INDICATES TRACE AMOUNT.




$$
