000
CDUS43 KLMK 280651
CLISDF


CLIMATE REPORT
NATIONAL WEATHER SERVICE LOUISVILLE KY
250 AM EDT SUN AUG 28 2016


...................................

...THE LOUISVILLE KY CLIMATE SUMMARY FOR AUGUST 27 2016...

CLIMATE NORMAL PERIOD 1981 TO 2010
CLIMATE RECORD PERIOD 1871 TO 2016


WEATHER ITEM   OBSERVED TIME   RECORD YEAR NORMAL DEPARTURE LAST
                VALUE   (LST)  VALUE       VALUE  FROM      YEAR
                                                  NORMAL
..................................................................
TEMPERATURE (F)
 YESTERDAY
  MAXIMUM         91   1139 AM  99    1948  88      3       81
  MINIMUM         76    621 AM  51    1946  67      9       63
  AVERAGE         84                        77      7       72

PRECIPITATION (IN)
  YESTERDAY        0.00          1.33 1914   0.09  -0.09     0.00
  MONTH TO DATE    5.68                      2.97   2.71     3.47
  SINCE JUN 1     14.58                     10.99   3.59    18.94
  SINCE JAN 1     33.64                     30.86   2.78    43.06

SNOWFALL (IN)
  YESTERDAY        0.0          MM      MM   0.0    0.0      0.0
  MONTH TO DATE    0.0                       0.0    0.0      0.0
  SINCE JUN 1      0.0                       0.0    0.0      0.0
  SINCE JUL 1      0.0                       0.0    0.0      0.0
  SNOW DEPTH       0

DEGREE DAYS
 HEATING
  YESTERDAY        0                         0      0        0
  MONTH TO DATE    0                         0      0        0
  SINCE JUN 1      0                         5     -5        6
  SINCE JUL 1      0                         0      0        0

 COOLING
  YESTERDAY       19                        12      7        7
  MONTH TO DATE  436                       368     68      311
  SINCE JUN 1   1340                      1135    205     1153
  SINCE JAN 1   1533                      1309    224     1404
..................................................................


WIND (MPH)
  HIGHEST WIND SPEED    17   HIGHEST WIND DIRECTION    NW (330)
  HIGHEST GUST SPEED    22   HIGHEST GUST DIRECTION    NW (310)
  AVERAGE WIND SPEED     4.7


SKY COVER
  POSSIBLE SUNSHINE  MM
  AVERAGE SKY COVER 0.8


WEATHER CONDITIONS
 THE FOLLOWING WEATHER WAS RECORDED YESTERDAY.
  THUNDERSTORM
  FOG
  HAZE


RELATIVE HUMIDITY (PERCENT)
 HIGHEST    85           700 AM
 LOWEST     56           300 PM
 AVERAGE    71

..........................................................


THE LOUISVILLE KY CLIMATE NORMALS FOR TODAY
                         NORMAL    RECORD    YEAR
 MAXIMUM TEMPERATURE (F)   87       100      1953
                                             1936
 MINIMUM TEMPERATURE (F)   67        51      1986


SUNRISE AND SUNSET
AUGUST 28 2016........SUNRISE   710 AM EDT   SUNSET   818 PM EDT
AUGUST 29 2016........SUNRISE   710 AM EDT   SUNSET   816 PM EDT


-  INDICATES NEGATIVE NUMBERS.
R  INDICATES RECORD WAS SET OR TIED.
MM INDICATES DATA IS MISSING.
T  INDICATES TRACE AMOUNT.




$$
