678
CDUS43 KLMK 232035
CLISDF


CLIMATE REPORT
NATIONAL WEATHER SERVICE LOUISVILLE KY
432 PM EDT MON OCT 23 2017


...................................

...THE LOUISVILLE KY CLIMATE SUMMARY FOR OCTOBER 23 2017...
VALID TODAY AS OF 0400 PM LOCAL TIME.

CLIMATE NORMAL PERIOD 1981 TO 2010
CLIMATE RECORD PERIOD 1871 TO 2017


WEATHER ITEM   OBSERVED TIME   RECORD YEAR NORMAL DEPARTURE LAST
                VALUE   (LST)  VALUE       VALUE  FROM      YEAR
                                                  NORMAL
..................................................................
TEMPERATURE (F)
 TODAY
  MAXIMUM         70   1224 AM  86    1920  68      2       77
  MINIMUM         57    310 PM  28    1997  47     10       44
                                      1952
  AVERAGE         64                        57      7       61

PRECIPITATION (IN)
  TODAY            0.68          3.86 2007   0.11   0.57     0.00
  MONTH TO DATE    3.60                      2.41   1.19     0.65
  SINCE SEP 1      9.07                      5.46   3.61     2.93
  SINCE JAN 1     38.48                     36.68   1.80    36.60

SNOWFALL (IN)
  TODAY            0.0           1.2  1937   0.0    0.0      0.0
  MONTH TO DATE    0.0                       0.1   -0.1      0.0
  SINCE SEP 1      0.0                       0.1   -0.1      0.0
  SINCE JUL 1      0.0                       0.1   -0.1      0.0
  SNOW DEPTH       0

DEGREE DAYS
 HEATING
  TODAY            1                         8     -7        4
  MONTH TO DATE   32                       134   -102       46
  SINCE SEP 1     45                       164   -119       58
  SINCE JUL 1     45                       164   -119       58

 COOLING
  TODAY            0                         1     -1        0
  MONTH TO DATE   77                        38     39      110
  SINCE SEP 1    287                       248     39      444
  SINCE JAN 1   1781                      1605    176     2052
..................................................................


WIND (MPH)
  HIGHEST WIND SPEED    22   HIGHEST WIND DIRECTION    NE (40)
  HIGHEST GUST SPEED    26   HIGHEST GUST DIRECTION    NE (30)
  AVERAGE WIND SPEED    10.3


SKY COVER
  POSSIBLE SUNSHINE  MM
  AVERAGE SKY COVER 1.0


WEATHER CONDITIONS
 THE FOLLOWING WEATHER WAS RECORDED TODAY.
  HEAVY RAIN
  RAIN
  LIGHT RAIN
  FOG


RELATIVE HUMIDITY (PERCENT)
 HIGHEST    93           600 AM
 LOWEST     63           200 AM
 AVERAGE    78

..........................................................


THE LOUISVILLE KY CLIMATE NORMALS FOR TOMORROW
                         NORMAL    RECORD    YEAR
 MAXIMUM TEMPERATURE (F)   67        82      2010
                                             2000
                                             1975
 MINIMUM TEMPERATURE (F)   47        24      1981


SUNRISE AND SUNSET
OCTOBER 23 2017.......SUNRISE   800 AM EDT   SUNSET   654 PM EDT
OCTOBER 24 2017.......SUNRISE   801 AM EDT   SUNSET   653 PM EDT


-  INDICATES NEGATIVE NUMBERS.
R  INDICATES RECORD WAS SET OR TIED.
MM INDICATES DATA IS MISSING.
T  INDICATES TRACE AMOUNT.




$$
