000
CDUS46 KSEW 280828
CLISEA


CLIMATE REPORT
NATIONAL WEATHER SERVICE SEATTLE WA
1227 AM PST FRI NOV 28 2014


...................................

...THE SEATTLE-TACOMA WA AIRPORT CLIMATE SUMMARY FOR NOVEMBER 27 2014...

CLIMATE NORMAL PERIOD 1981 TO 2010
CLIMATE RECORD PERIOD 1945 TO 2014


WEATHER ITEM   OBSERVED TIME   RECORD YEAR NORMAL DEPARTURE LAST
                VALUE   (LST)  VALUE       VALUE  FROM      YEAR
                                                  NORMAL
..................................................................
TEMPERATURE (F)
 YESTERDAY
  MAXIMUM         58R   333 PM  58    2013  48     10       58
  MINIMUM         53    727 PM  19    1985  38     15       42
  AVERAGE         56                        43     13       50

PRECIPITATION (IN)
  YESTERDAY        0.13          1.30 1996   0.22  -0.09     0.00
  MONTH TO DATE    3.35                      5.91  -2.56     3.68
  SINCE OCT 1     10.10                      9.39   0.71     5.22
  SINCE JAN 1     42.22                     31.48  10.74    30.79

SNOWFALL (IN)
  YESTERDAY        0.0           7.6  1985                   0.0
  MONTH TO DATE    0.0                                       0.0
  SINCE OCT 1      0.0                                       0.0
  SINCE JUL 1      0.0                                       0.0
  SNOW DEPTH       0

DEGREE DAYS
 HEATING
  YESTERDAY        9                        22    -13       15
  MONTH TO DATE  477                       519    -42      451
  SINCE SEP 1    731                      1031   -300      952
  SINCE JUL 1    754                      1116   -362      967

 COOLING
  YESTERDAY        0                         0      0        0
  MONTH TO DATE    0                         0      0        0
  SINCE SEP 1     46                        21     25       55
  SINCE JAN 1    369                       189    180      385
..................................................................


WIND (MPH)
  RESULTANT WIND SPEED  14   RESULTANT WIND DIRECTION   S (200)
  HIGHEST WIND SPEED    28   HIGHEST WIND DIRECTION     S (190)
  HIGHEST GUST SPEED    37   HIGHEST GUST DIRECTION     S (190)
  AVERAGE WIND SPEED    14.8


SKY COVER
  AVERAGE SKY COVER 0.9


WEATHER CONDITIONS
 THE FOLLOWING WEATHER WAS RECORDED YESTERDAY.
  LIGHT RAIN
  FOG


RELATIVE HUMIDITY (PERCENT)
 HIGHEST    93           700 PM
 LOWEST     57           200 AM
 AVERAGE    75

..........................................................


THE SEATTLE-TACOMA WA AIRPORT CLIMATE NORMALS FOR TODAY
                         NORMAL    RECORD    YEAR
 MAXIMUM TEMPERATURE (F)   48        59      1999
 MINIMUM TEMPERATURE (F)   37        17      1952


SUNRISE AND SUNSET
NOVEMBER 28 2014......SUNRISE   732 AM PST   SUNSET   422 PM PST
NOVEMBER 29 2014......SUNRISE   733 AM PST   SUNSET   421 PM PST


-  INDICATES NEGATIVE NUMBERS.
R  INDICATES RECORD WAS SET OR TIED.
MM INDICATES DATA IS MISSING.
T  INDICATES TRACE AMOUNT.




$$
