000
CDUS46 KSEW 040129
CLISEW


CLIMATE REPORT
NATIONAL WEATHER SERVICE SEATTLE WA
529 PM PST SAT DEC 3 2016


...................................

...THE SEATTLE WA WFO CLIMATE SUMMARY FOR DECEMBER 3 2016...
VALID TODAY AS OF 0500 PM LOCAL TIME.

CLIMATE NORMAL PERIOD 1981 TO 2010
CLIMATE RECORD PERIOD 1986 TO 2016


WEATHER ITEM   OBSERVED TIME   RECORD YEAR     LAST
                VALUE   (LST)  VALUE           YEAR
....................................................
TEMPERATURE (F)
 TODAY
  MAXIMUM         49        MM  58    1993    55
  MINIMUM         44        MM  27    1994    48
  AVERAGE         47                          52

PRECIPITATION (IN)
  TODAY            0.03          4.15 2007     0.57
  MONTH TO DATE    0.23                        0.99
  SINCE OCT 1     18.24                       11.98
  SINCE JAN 1     41.55                       30.93

SNOWFALL (IN)
  TODAY            0.0                         0.0
  MONTH TO DATE    0.0                         0.0
  SINCE OCT 1      0.0                         0.0
  SINCE JUL 1      0.0                         0.0
  SNOW DEPTH       0

DEGREE DAYS
 HEATING
  TODAY           18                          13
  MONTH TO DATE   56                          51
  SINCE DEC 1     56                          51
  SINCE JUL 1    867                        1035

 COOLING
  TODAY            0                           0
  MONTH TO DATE    0                           0
  SINCE DEC 1      0                           0
  SINCE JAN 1    260                         430
....................................................


WIND (MPH)
  HIGHEST WIND SPEED    MM   HIGHEST WIND DIRECTION    MM
  HIGHEST GUST SPEED    MM   HIGHEST GUST DIRECTION    MM
  AVERAGE WIND SPEED    MM



WEATHER CONDITIONS
 THE FOLLOWING WEATHER WAS RECORDED TODAY.
  LIGHT RAIN






-  INDICATES NEGATIVE NUMBERS.
R  INDICATES RECORD WAS SET OR TIED.
MM INDICATES DATA IS MISSING.
T  INDICATES TRACE AMOUNT.




$$
