000
CDUS46 KSEW 190842
CLISEW


CLIMATE REPORT
NATIONAL WEATHER SERVICE SEATTLE WA
1242 AM PST SUN FEB 19 2017


...................................

...THE SEATTLE WA WFO CLIMATE SUMMARY FOR FEBRUARY 18 2017...

CLIMATE NORMAL PERIOD 1981 TO 2010
CLIMATE RECORD PERIOD 1986 TO 2017


WEATHER ITEM   OBSERVED TIME   RECORD YEAR     LAST
                VALUE   (LST)  VALUE           YEAR
....................................................
TEMPERATURE (F)
 YESTERDAY
  MAXIMUM         45        MM  57    2008    54
  MINIMUM         42        MM  19    2006    44
  AVERAGE         44                          49

PRECIPITATION (IN)
  YESTERDAY        0.10          0.94 1995     0.08
  MONTH TO DATE    6.86                        2.97
  SINCE OCT 1     32.28                       30.56
  SINCE JAN 1     10.56                       10.16

SNOWFALL (IN)
  YESTERDAY        0.0                         0.0
  MONTH TO DATE    1.0                         0.0
  SINCE OCT 1      2.4                          T
  SINCE JUL 1      2.4                          T
  SNOW DEPTH       0

DEGREE DAYS
 HEATING
  YESTERDAY       21                          16
  MONTH TO DATE  407                         307
  SINCE DEC 1   2029                        1631
  SINCE JUL 1   2840                        2615

 COOLING
  YESTERDAY        0                           0
  MONTH TO DATE    0                           0
  SINCE DEC 1      0                           0
  SINCE JAN 1      0                           0
....................................................


WIND (MPH)
  HIGHEST WIND SPEED    MM   HIGHEST WIND DIRECTION    MM
  HIGHEST GUST SPEED    MM   HIGHEST GUST DIRECTION    MM
  AVERAGE WIND SPEED    MM



WEATHER CONDITIONS
 THE FOLLOWING WEATHER WAS RECORDED YESTERDAY.
  LIGHT RAIN
  FOG






-  INDICATES NEGATIVE NUMBERS.
R  INDICATES RECORD WAS SET OR TIED.
MM INDICATES DATA IS MISSING.
T  INDICATES TRACE AMOUNT.




$$
