000
CDUS46 KSEW 190119
CLISEW


CLIMATE REPORT
NATIONAL WEATHER SERVICE SEATTLE WA
618 PM PDT FRI APR 18 2014


...................................

...THE SEATTLE WA WFO CLIMATE SUMMARY FOR APRIL 18 2014...
VALID TODAY AS OF 0600 PM LOCAL TIME.

CLIMATE NORMAL PERIOD 1981 TO 2010
CLIMATE RECORD PERIOD 1986 TO 2014


WEATHER ITEM   OBSERVED TIME   RECORD YEAR     LAST
                VALUE   (LST)  VALUE           YEAR
....................................................
TEMPERATURE (F)
 TODAY
  MAXIMUM         60        MM  70    2010    52
                                      1999
  MINIMUM         43        MM  35    2008    44
  AVERAGE         52                          48

PRECIPITATION (IN)
  TODAY            0.10          0.35 2008     0.18
  MONTH TO DATE    2.15                        3.40
  SINCE OCT 1     25.57                       35.39
  SINCE JAN 1     19.72                       13.42

SNOWFALL (IN)
  TODAY            0.0                         0.0
  MONTH TO DATE    0.0                         0.0
  SINCE OCT 1      2.9                         0.0
  SINCE JUL 1      2.9                         0.0
  SNOW DEPTH       0

DEGREE DAYS
 HEATING
  TODAY           13                          17
  MONTH TO DATE  230                         279
  SINCE MAR 1    754                         817
  SINCE JUL 1   4018                        3864

 COOLING
  TODAY            0                           0
  MONTH TO DATE    0                           0
  SINCE MAR 1      0                           0
  SINCE JAN 1      0                           0
....................................................


WIND (MPH)
  HIGHEST WIND SPEED    MM   HIGHEST WIND DIRECTION    MM
  HIGHEST GUST SPEED    MM   HIGHEST GUST DIRECTION    MM
  AVERAGE WIND SPEED    MM



WEATHER CONDITIONS
 THE FOLLOWING WEATHER WAS RECORDED TODAY.
  LIGHT RAIN






-  INDICATES NEGATIVE NUMBERS.
R  INDICATES RECORD WAS SET OR TIED.
MM INDICATES DATA IS MISSING.
T  INDICATES TRACE AMOUNT.




$$
