000
CDUS46 KMTR 290837
CLISFD


CLIMATE REPORT
NATIONAL WEATHER SERVICE SAN FRANCISCO BAY AREA
137 AM PDT FRI APR 29 2016


...................................

...THE SAN FRANCISCO DWTN CA CLIMATE SUMMARY FOR APRIL 28 2016...

CLIMATE NORMAL PERIOD 1981 TO 2010
CLIMATE RECORD PERIOD 1850 TO 2016


WEATHER ITEM   OBSERVED TIME   RECORD YEAR NORMAL DEPARTURE LAST
                VALUE   (LST)  VALUE       VALUE  FROM      YEAR
                                                  NORMAL
..................................................................
TEMPERATURE (F)
 YESTERDAY
  MAXIMUM         64    143 PM  85    1908  64      0       60
  MINIMUM         50    543 AM  43    1906  50      0       50
  AVERAGE         57                        57      0       55

PRECIPITATION (IN)
  YESTERDAY        0.00          0.86 1951   0.03  -0.03     0.00
  MONTH TO DATE    1.46                      1.39   0.07     1.30
  SINCE OCT 1     22.91                     22.45   0.46    17.34
  SINCE JAN 1     16.30                     13.61   2.69     2.89

DEGREE DAYS
 HEATING
  YESTERDAY        8                        MM     MM       10
  MONTH TO DATE  167                        MM     MM      231
  SINCE MAR 1    414                        MM     MM      389
  SINCE JUL 1   1739                        MM     MM     1463

 COOLING
  YESTERDAY        0                        MM     MM        0
  MONTH TO DATE   19                         0     19        2
  SINCE MAR 1     19                         0     19       10
  SINCE JAN 1     22                         0     22       10
..................................................................







THE SAN FRANCISCO DWTN CA CLIMATE NORMALS FOR TODAY
                         NORMAL    RECORD    YEAR
 MAXIMUM TEMPERATURE (F)   64        90      1996
 MINIMUM TEMPERATURE (F)   50        44      2002


SUNRISE AND SUNSET
APRIL 29 2016.........SUNRISE   616 AM PDT   SUNSET   759 PM PDT
APRIL 30 2016.........SUNRISE   614 AM PDT   SUNSET   800 PM PDT


-  INDICATES NEGATIVE NUMBERS.
R  INDICATES RECORD WAS SET OR TIED.
MM INDICATES DATA IS MISSING.
T  INDICATES TRACE AMOUNT.




$$
