000
CDUS46 KMTR 120826
CLISFD


CLIMATE REPORT
NATIONAL WEATHER SERVICE SAN FRANCISCO BAY AREA
1225 AM PST FRI FEB 12 2016


...................................

...THE SAN FRANCISCO DWTN CA CLIMATE SUMMARY FOR FEBRUARY 11 2016...

CLIMATE NORMAL PERIOD 1981 TO 2010
CLIMATE RECORD PERIOD 1850 TO 2016


WEATHER ITEM   OBSERVED TIME   RECORD YEAR NORMAL DEPARTURE LAST
                VALUE   (LST)  VALUE       VALUE  FROM      YEAR
                                                  NORMAL
..................................................................
TEMPERATURE (F)
 YESTERDAY
  MAXIMUM         71    243 PM  78    1988  60     11       67
  MINIMUM         53   1143 PM  36    1884  47      6       50
  AVERAGE         62                        54      8       59

PRECIPITATION (IN)
  YESTERDAY        0.00          2.02 1861   0.15  -0.15     0.00
  MONTH TO DATE    0.15                      1.80  -1.65     1.47
  SINCE OCT 1     13.70                     15.14  -1.44    15.92
  SINCE JAN 1      7.09                      6.30   0.79     1.47

DEGREE DAYS
 HEATING
  YESTERDAY        3                        MM     MM        6
  MONTH TO DATE   83                        MM     MM       57
  SINCE DEC 1    834                        MM     MM      612
  SINCE JUL 1   1225                        MM     MM      981

 COOLING
  YESTERDAY        0                        MM     MM        0
  MONTH TO DATE    0                         0      0        0
  SINCE DEC 1      0                         0      0        0
  SINCE JAN 1      0                         0      0        0
..................................................................







THE SAN FRANCISCO DWTN CA CLIMATE NORMALS FOR TODAY
                         NORMAL    RECORD    YEAR
 MAXIMUM TEMPERATURE (F)   60        80      1996
 MINIMUM TEMPERATURE (F)   47        36      1884


SUNRISE AND SUNSET
FEBRUARY 12 2016......SUNRISE   703 AM PST   SUNSET   545 PM PST
FEBRUARY 13 2016......SUNRISE   702 AM PST   SUNSET   546 PM PST


-  INDICATES NEGATIVE NUMBERS.
R  INDICATES RECORD WAS SET OR TIED.
MM INDICATES DATA IS MISSING.
T  INDICATES TRACE AMOUNT.




$$
