000
CDUS46 KMTR 290831
CLISFD


CLIMATE REPORT
NATIONAL WEATHER SERVICE SAN FRANCISCO BAY AREA
131 AM PDT FRI JUL 29 2016


...................................

...THE SAN FRANCISCO DWTN CA CLIMATE SUMMARY FOR JULY 28 2016...

CLIMATE NORMAL PERIOD 1981 TO 2010
CLIMATE RECORD PERIOD 1850 TO 2016


WEATHER ITEM   OBSERVED TIME   RECORD YEAR NORMAL DEPARTURE LAST
                VALUE   (LST)  VALUE       VALUE  FROM      YEAR
                                                  NORMAL
..................................................................
TEMPERATURE (F)
 YESTERDAY
  MAXIMUM         63    143 PM  84    1954  66     -3       80
  MINIMUM         52    243 AM  48    1897  55     -3       57
  AVERAGE         58                        61     -3       69

PRECIPITATION (IN)
  YESTERDAY        0.00          0.03 1858   0.00   0.00     0.00
  MONTH TO DATE    0.02                      0.00   0.02     0.09
  SINCE OCT 1     23.08                     23.38  -0.30    17.64
  SINCE JAN 1     16.47                     14.54   1.93     3.19

DEGREE DAYS
 HEATING
  YESTERDAY        7                        MM     MM        0
  MONTH TO DATE  150                        MM     MM       40
  SINCE JUN 1    290                        MM     MM      176
  SINCE JUL 1    150                        MM     MM       40

 COOLING
  YESTERDAY        0                        MM     MM        4
  MONTH TO DATE    0                         0      0       19
  SINCE JUN 1      5                         0      5       21
  SINCE JAN 1     31                         0     31       35
..................................................................







THE SAN FRANCISCO DWTN CA CLIMATE NORMALS FOR TODAY
                         NORMAL    RECORD    YEAR
 MAXIMUM TEMPERATURE (F)   67        83      1977
 MINIMUM TEMPERATURE (F)   55        48      1901


SUNRISE AND SUNSET
JULY 29 2016..........SUNRISE   611 AM PDT   SUNSET   821 PM PDT
JULY 30 2016..........SUNRISE   612 AM PDT   SUNSET   820 PM PDT


-  INDICATES NEGATIVE NUMBERS.
R  INDICATES RECORD WAS SET OR TIED.
MM INDICATES DATA IS MISSING.
T  INDICATES TRACE AMOUNT.




$$
