878
CDUS46 KMTR 250119
CLISFD


CLIMATE REPORT
NATIONAL WEATHER SERVICE SAN FRANCISCO BAY AREA
519 PM PST FRI FEB 24 2017


...................................

...THE SAN FRANCISCO DWTN CA CLIMATE SUMMARY FOR FEBRUARY 24 2017...
VALID TODAY AS OF 0500 PM LOCAL TIME.

CLIMATE NORMAL PERIOD 1981 TO 2010
CLIMATE RECORD PERIOD 1850 TO 2017


WEATHER ITEM   OBSERVED TIME   RECORD YEAR NORMAL DEPARTURE LAST
                VALUE   (LST)  VALUE       VALUE  FROM      YEAR
                                                  NORMAL
..................................................................
TEMPERATURE (F)
 TODAY
  MAXIMUM         54    243 PM  78    1991  61     -7       69
  MINIMUM         41    643 AM  40    1891  48     -7       51
  AVERAGE         48                        55     -7       60

PRECIPITATION (IN)
  TODAY            0.00          1.28 1872   0.15  -0.15     0.00
  MONTH TO DATE    7.35                      3.86   3.49     0.98
  SINCE OCT 1     25.80                     17.20   8.60    14.62
  SINCE JAN 1     16.77                      8.36   8.41     8.01

DEGREE DAYS
 HEATING
  TODAY           17                        MM     MM        5
  MONTH TO DATE  232                        MM     MM      159
  SINCE DEC 1   1071                        MM     MM      910
  SINCE JUL 1   1787                        MM     MM     1301

 COOLING
  TODAY            0                        MM     MM        0
  MONTH TO DATE    0                         0      0        3
  SINCE DEC 1      0                         0      0        3
  SINCE JAN 1      0                         0      0        3
..................................................................







THE SAN FRANCISCO DWTN CA CLIMATE NORMALS FOR TOMORROW
                         NORMAL    RECORD    YEAR
 MAXIMUM TEMPERATURE (F)   61        80      1992
 MINIMUM TEMPERATURE (F)   48        38      1887


SUNRISE AND SUNSET
FEBRUARY 24 2017......SUNRISE   648 AM PST   SUNSET   559 PM PST
FEBRUARY 25 2017......SUNRISE   646 AM PST   SUNSET   600 PM PST


-  INDICATES NEGATIVE NUMBERS.
R  INDICATES RECORD WAS SET OR TIED.
MM INDICATES DATA IS MISSING.
T  INDICATES TRACE AMOUNT.




$$
