000
CDUS46 KMTR 170031
CLISFD


CLIMATE REPORT
NATIONAL WEATHER SERVICE SAN FRANCISCO BAY AREA
531 PM PDT WED APR 16 2014


...................................

...THE SAN FRANCISCO DWTN CA CLIMATE SUMMARY FOR APRIL 16 2014...
VALID TODAY AS OF 0500 PM LOCAL TIME.

CLIMATE NORMAL PERIOD 1981 TO 2010
CLIMATE RECORD PERIOD 1850 TO 2014


WEATHER ITEM   OBSERVED TIME   RECORD YEAR NORMAL DEPARTURE LAST
                VALUE   (LST)  VALUE       VALUE  FROM      YEAR
                                                  NORMAL
..................................................................
TEMPERATURE (F)
 TODAY
  MAXIMUM         68    143 PM  83    1999  63      5       60
  MINIMUM         51    643 AM  43    1896  49      2       45
  AVERAGE         60                        56      4       53

PRECIPITATION (IN)
  TODAY            0.00          3.45 1853   0.05  -0.05     0.00
  MONTH TO DATE    1.27                      0.92   0.35     1.01
  SINCE JUL 1     12.18                     22.25 -10.07    16.42
  SINCE JAN 1     10.10                     13.14  -3.04     3.32

DEGREE DAYS
 HEATING
  TODAY            5                        MM     MM       12
  MONTH TO DATE  119                        MM     MM      136
  SINCE MAR 1    318                        MM     MM      441
  SINCE JUL 1   1981                        MM     MM     2472

 COOLING
  TODAY            0                        MM     MM        0
  MONTH TO DATE    3                         0      3        0
  SINCE MAR 1      4                         0      4        0
  SINCE JAN 1      4                         0      4        0
..................................................................







THE SAN FRANCISCO DWTN CA CLIMATE NORMALS FOR TOMORROW
                         NORMAL    RECORD    YEAR
 MAXIMUM TEMPERATURE (F)   63        79      1954
 MINIMUM TEMPERATURE (F)   49        42      1880


SUNRISE AND SUNSET
APRIL 16 2014.........SUNRISE   633 AM PDT   SUNSET   746 PM PDT
APRIL 17 2014.........SUNRISE   632 AM PDT   SUNSET   747 PM PDT


-  INDICATES NEGATIVE NUMBERS.
R  INDICATES RECORD WAS SET OR TIED.
MM INDICATES DATA IS MISSING.
T  INDICATES TRACE AMOUNT.




$$
