000
CDUS46 KMTR 300845
CLISFD


CLIMATE REPORT
NATIONAL WEATHER SERVICE SAN FRANCISCO BAY AREA
145 AM PDT MON MAY 30 2016


...................................

...THE SAN FRANCISCO DWTN CA CLIMATE SUMMARY FOR MAY 29 2016...

CLIMATE NORMAL PERIOD 1981 TO 2010
CLIMATE RECORD PERIOD 1850 TO 2016


WEATHER ITEM   OBSERVED TIME   RECORD YEAR NORMAL DEPARTURE LAST
                VALUE   (LST)  VALUE       VALUE  FROM      YEAR
                                                  NORMAL
..................................................................
TEMPERATURE (F)
 YESTERDAY
  MAXIMUM         67   1243 PM  93    1975  65      2       57
  MINIMUM         53    343 AM  46    1893  52      1       50
  AVERAGE         60                        59      1       54

PRECIPITATION (IN)
  YESTERDAY        0.00          0.33 1948   0.01  -0.01     0.00
  MONTH TO DATE    0.15                      0.67  -0.52     0.09
  SINCE OCT 1     23.06                     23.19  -0.13    17.43
  SINCE JAN 1     16.45                     14.35   2.10     2.98

DEGREE DAYS
 HEATING
  YESTERDAY        5                        MM     MM       11
  MONTH TO DATE  177                        MM     MM      258
  SINCE MAR 1    601                        MM     MM      655
  SINCE JUL 1   1926                        MM     MM     1729

 COOLING
  YESTERDAY        0                        MM     MM        0
  MONTH TO DATE    4                         0      4        0
  SINCE MAR 1     23                         0     23       14
  SINCE JAN 1     26                         0     26       14
..................................................................







THE SAN FRANCISCO DWTN CA CLIMATE NORMALS FOR TODAY
                         NORMAL    RECORD    YEAR
 MAXIMUM TEMPERATURE (F)   65       101      2001
 MINIMUM TEMPERATURE (F)   52        47      1899


SUNRISE AND SUNSET
MAY 30 2016...........SUNRISE   550 AM PDT   SUNSET   825 PM PDT
MAY 31 2016...........SUNRISE   550 AM PDT   SUNSET   826 PM PDT


-  INDICATES NEGATIVE NUMBERS.
R  INDICATES RECORD WAS SET OR TIED.
MM INDICATES DATA IS MISSING.
T  INDICATES TRACE AMOUNT.




$$
