000
CDUS46 KMTR 250835
CLISFD


CLIMATE REPORT
NATIONAL WEATHER SERVICE SAN FRANCISCO BAY AREA
135 AM PDT SUN SEP 25 2016


...................................

...THE SAN FRANCISCO DWTN CA CLIMATE SUMMARY FOR SEPTEMBER 24 2016...

CLIMATE NORMAL PERIOD 1981 TO 2010
CLIMATE RECORD PERIOD 1850 TO 2016


WEATHER ITEM   OBSERVED TIME   RECORD YEAR NORMAL DEPARTURE LAST
                VALUE   (LST)  VALUE       VALUE  FROM      YEAR
                                                  NORMAL
..................................................................
TEMPERATURE (F)
 YESTERDAY
  MAXIMUM         78   1143 AM  95    1997  70      8       90
  MINIMUM         58    643 AM  50    1899  55      3       60
  AVERAGE         68                        63      5       75

PRECIPITATION (IN)
  YESTERDAY        0.00          1.39 1904   0.01  -0.01     0.00
  MONTH TO DATE    0.00                      0.14  -0.14     0.04
  SINCE OCT 1     23.10                     23.58  -0.48    17.70
  SINCE JAN 1     16.49                     14.74   1.75     3.25

DEGREE DAYS
 HEATING
  YESTERDAY        0                        MM     MM        0
  MONTH TO DATE   94                        MM     MM       28
  SINCE SEP 1     94                        MM     MM       28
  SINCE JUL 1    402                        MM     MM       87

 COOLING
  YESTERDAY        3                        MM     MM       10
  MONTH TO DATE   20                         0     20       85
  SINCE SEP 1     20                         0     20       85
  SINCE JAN 1     51                         0     51      176
..................................................................







THE SAN FRANCISCO DWTN CA CLIMATE NORMALS FOR TODAY
                         NORMAL    RECORD    YEAR
 MAXIMUM TEMPERATURE (F)   70        93      1954
 MINIMUM TEMPERATURE (F)   55        50      1899


SUNRISE AND SUNSET
SEPTEMBER 25 2016.....SUNRISE   701 AM PDT   SUNSET   701 PM PDT
SEPTEMBER 26 2016.....SUNRISE   701 AM PDT   SUNSET   659 PM PDT


-  INDICATES NEGATIVE NUMBERS.
R  INDICATES RECORD WAS SET OR TIED.
MM INDICATES DATA IS MISSING.
T  INDICATES TRACE AMOUNT.




$$
