000
CDUS46 KMTR 250829
CLISFD


CLIMATE REPORT
NATIONAL WEATHER SERVICE SAN FRANCISCO BAY AREA
129 AM PDT MON MAY 25 2015


...................................

...THE SAN FRANCISCO DWTN CA CLIMATE SUMMARY FOR MAY 24 2015...

CLIMATE NORMAL PERIOD 1981 TO 2010
CLIMATE RECORD PERIOD 1850 TO 2015


WEATHER ITEM   OBSERVED TIME   RECORD YEAR NORMAL DEPARTURE LAST
                VALUE   (LST)  VALUE       VALUE  FROM      YEAR
                                                  NORMAL
..................................................................
TEMPERATURE (F)
 YESTERDAY
  MAXIMUM         56    243 PM  88    1927  65     -9       62
  MINIMUM         51    843 AM  46    1911  52     -1       52
  AVERAGE         54                        58     -4       57

PRECIPITATION (IN)
  YESTERDAY        0.00          1.08 1931   0.02  -0.02     0.00
  MONTH TO DATE    0.06                      0.59  -0.53     0.03
  SINCE OCT 1     17.40                     23.11  -5.71    12.10
  SINCE JAN 1      2.95                     14.27 -11.32    10.45

DEGREE DAYS
 HEATING
  YESTERDAY       11                        MM     MM        8
  MONTH TO DATE  209                        MM     MM      127
  SINCE MAR 1    606                        MM     MM      548
  SINCE JUL 1   1680                        MM     MM     2211

 COOLING
  YESTERDAY        0                        MM     MM        0
  MONTH TO DATE    0                         0      0       32
  SINCE MAR 1     14                         0     14       49
  SINCE JAN 1     14                         0     14       49
..................................................................







THE SAN FRANCISCO DWTN CA CLIMATE NORMALS FOR TODAY
                         NORMAL    RECORD    YEAR
 MAXIMUM TEMPERATURE (F)   65        87      1896
 MINIMUM TEMPERATURE (F)   52        47      1899


SUNRISE AND SUNSET
MAY 25 2015...........SUNRISE   553 AM PDT   SUNSET   821 PM PDT
MAY 26 2015...........SUNRISE   552 AM PDT   SUNSET   822 PM PDT


-  INDICATES NEGATIVE NUMBERS.
R  INDICATES RECORD WAS SET OR TIED.
MM INDICATES DATA IS MISSING.
T  INDICATES TRACE AMOUNT.




$$
