000
CDUS46 KMTR 050846
CLISFD


CLIMATE REPORT
NATIONAL WEATHER SERVICE SAN FRANCISCO BAY AREA
1246 AM PST THU MAR 5 2015


...................................

...THE SAN FRANCISCO DWTN CA CLIMATE SUMMARY FOR MARCH 4 2015...

CLIMATE NORMAL PERIOD 1981 TO 2010
CLIMATE RECORD PERIOD 1850 TO 2015


WEATHER ITEM   OBSERVED TIME   RECORD YEAR NORMAL DEPARTURE LAST
                VALUE   (LST)  VALUE       VALUE  FROM      YEAR
                                                  NORMAL
..................................................................
TEMPERATURE (F)
 YESTERDAY
  MAXIMUM         67    343 PM  77    1984  62      5       61
  MINIMUM         48    643 AM  37    1896  48      0       53
  AVERAGE         58                        55      3       57

PRECIPITATION (IN)
  YESTERDAY        0.00          1.57 1879   0.13  -0.13     0.07
  MONTH TO DATE    0.00                      0.54  -0.54     0.42
  SINCE OCT 1     15.92                     18.34  -2.42     7.95
  SINCE JAN 1      1.47                      9.50  -8.03     6.30

DEGREE DAYS
 HEATING
  YESTERDAY        7                        MM     MM        8
  MONTH TO DATE   32                        MM     MM       31
  SINCE MAR 1     32                        MM     MM       31
  SINCE JUL 1   1106                        MM     MM     1694

 COOLING
  YESTERDAY        0                        MM     MM        0
  MONTH TO DATE    0                         0      0        0
  SINCE MAR 1      0                         0      0        0
  SINCE JAN 1      0                         0      0        0
..................................................................







THE SAN FRANCISCO DWTN CA CLIMATE NORMALS FOR TODAY
                         NORMAL    RECORD    YEAR
 MAXIMUM TEMPERATURE (F)   62        77      1901
 MINIMUM TEMPERATURE (F)   48        40      1880


SUNRISE AND SUNSET
MARCH  5 2015.........SUNRISE   636 AM PST   SUNSET   607 PM PST
MARCH  6 2015.........SUNRISE   634 AM PST   SUNSET   608 PM PST


-  INDICATES NEGATIVE NUMBERS.
R  INDICATES RECORD WAS SET OR TIED.
MM INDICATES DATA IS MISSING.
T  INDICATES TRACE AMOUNT.




$$
