000
CDUS46 KMTR 290839
CLISFD


CLIMATE REPORT
NATIONAL WEATHER SERVICE SAN FRANCISCO BAY AREA
138 AM PDT SAT AUG 29 2015


...................................

...THE SAN FRANCISCO DWTN CA CLIMATE SUMMARY FOR AUGUST 28 2015...

CLIMATE NORMAL PERIOD 1981 TO 2010
CLIMATE RECORD PERIOD 1850 TO 2015


WEATHER ITEM   OBSERVED TIME   RECORD YEAR NORMAL DEPARTURE LAST
                VALUE   (LST)  VALUE       VALUE  FROM      YEAR
                                                  NORMAL
..................................................................
TEMPERATURE (F)
 YESTERDAY
  MAXIMUM         87        MM  96    2009  69     18       68
  MINIMUM         64        MM  49    1955  55      9       59
  AVERAGE         76                        62     14       64

PRECIPITATION (IN)
  YESTERDAY        0.00          0.07 1916   0.00   0.00     0.00
  MONTH TO DATE    0.02                      0.05  -0.03     0.01
  SINCE OCT 1     17.66                     23.43  -5.77    12.20
  SINCE JAN 1      3.21                     14.59 -11.38    10.55

DEGREE DAYS
 HEATING
  YESTERDAY        0                        MM     MM        1
  MONTH TO DATE   16                        MM     MM       55
  SINCE JUN 1    195                        MM     MM      280
  SINCE JUL 1     59                        MM     MM      129

 COOLING
  YESTERDAY       11                        MM     MM        0
  MONTH TO DATE   48                         0     48        0
  SINCE JUN 1     69                         0     69       17
  SINCE JAN 1     83                         0     83       66
..................................................................







THE SAN FRANCISCO DWTN CA CLIMATE NORMALS FOR TODAY
                         NORMAL    RECORD    YEAR
 MAXIMUM TEMPERATURE (F)   69        96      1968
 MINIMUM TEMPERATURE (F)   55        48      1955


SUNRISE AND SUNSET
AUGUST 29 2015........SUNRISE   637 AM PDT   SUNSET   744 PM PDT
AUGUST 30 2015........SUNRISE   638 AM PDT   SUNSET   742 PM PDT


-  INDICATES NEGATIVE NUMBERS.
R  INDICATES RECORD WAS SET OR TIED.
MM INDICATES DATA IS MISSING.
T  INDICATES TRACE AMOUNT.




$$
