000
CDUS46 KMTR 030027
CLISFD


CLIMATE REPORT
NATIONAL WEATHER SERVICE SAN FRANCISCO BAY AREA
527 PM PDT THU JUL 2 2015


...................................

...THE SAN FRANCISCO DWTN CA CLIMATE SUMMARY FOR JULY 2 2015...
VALID TODAY AS OF 0500 PM LOCAL TIME.

CLIMATE NORMAL PERIOD 1981 TO 2010
CLIMATE RECORD PERIOD 1850 TO 2015


WEATHER ITEM   OBSERVED TIME   RECORD YEAR NORMAL DEPARTURE LAST
                VALUE   (LST)  VALUE       VALUE  FROM      YEAR
                                                  NORMAL
..................................................................
TEMPERATURE (F)
 TODAY
  MAXIMUM         66   1243 PM  92    1970  67     -1       65
  MINIMUM         57    343 AM  48    1899  54      3       54
  AVERAGE         62                        60      2       60

PRECIPITATION (IN)
  TODAY            0.00          0.04 1980   0.00   0.00     0.00
  MONTH TO DATE    0.00                      0.00   0.00     0.00
  SINCE OCT 1     17.55                     23.38  -5.83    12.11
  SINCE JAN 1      3.10                     14.54 -11.44    10.46

DEGREE DAYS
 HEATING
  TODAY            3                        MM     MM        5
  MONTH TO DATE    6                        MM     MM       10
  SINCE JUN 1    118                        MM     MM      161
  SINCE JUL 1      6                        MM     MM       10

 COOLING
  TODAY            0                        MM     MM        0
  MONTH TO DATE    0                         0      0        0
  SINCE JUN 1      2                         0      2        1
  SINCE JAN 1     16                         0     16       50
..................................................................







THE SAN FRANCISCO DWTN CA CLIMATE NORMALS FOR TOMORROW
                         NORMAL    RECORD    YEAR
 MAXIMUM TEMPERATURE (F)   67        99      1931
 MINIMUM TEMPERATURE (F)   54        47      1898


SUNRISE AND SUNSET
JULY  2 2015..........SUNRISE   552 AM PDT   SUNSET   835 PM PDT
JULY  3 2015..........SUNRISE   552 AM PDT   SUNSET   835 PM PDT


-  INDICATES NEGATIVE NUMBERS.
R  INDICATES RECORD WAS SET OR TIED.
MM INDICATES DATA IS MISSING.
T  INDICATES TRACE AMOUNT.




$$
