000
CDUS46 KMTR 300827
CLISFD


CLIMATE REPORT
NATIONAL WEATHER SERVICE SAN FRANCISCO BAY AREA
127 AM PDT TUE AUG 30 2016


...................................

...THE SAN FRANCISCO DWTN CA CLIMATE SUMMARY FOR AUGUST 29 2016...

CLIMATE NORMAL PERIOD 1981 TO 2010
CLIMATE RECORD PERIOD 1850 TO 2016


WEATHER ITEM   OBSERVED TIME   RECORD YEAR NORMAL DEPARTURE LAST
                VALUE   (LST)  VALUE       VALUE  FROM      YEAR
                                                  NORMAL
..................................................................
TEMPERATURE (F)
 YESTERDAY
  MAXIMUM         68    443 PM  96    1968  69     -1       72
  MINIMUM         56    143 AM  48    1955  55      1       64
  AVERAGE         62                        62      0       68

PRECIPITATION (IN)
  YESTERDAY        0.00          0.10 1951   0.00   0.00     0.00
  MONTH TO DATE    0.02                      0.05  -0.03     0.02
  SINCE OCT 1     23.10                     23.43  -0.33    17.66
  SINCE JAN 1     16.49                     14.59   1.90     3.21

DEGREE DAYS
 HEATING
  YESTERDAY        3                        MM     MM        0
  MONTH TO DATE  135                        MM     MM       16
  SINCE JUN 1    443                        MM     MM      195
  SINCE JUL 1    303                        MM     MM       59

 COOLING
  YESTERDAY        0                        MM     MM        3
  MONTH TO DATE    0                         0      0       51
  SINCE JUN 1      5                         0      5       72
  SINCE JAN 1     31                         0     31       86
..................................................................







THE SAN FRANCISCO DWTN CA CLIMATE NORMALS FOR TODAY
                         NORMAL    RECORD    YEAR
 MAXIMUM TEMPERATURE (F)   70        89      1879
 MINIMUM TEMPERATURE (F)   55        49      1911


SUNRISE AND SUNSET
AUGUST 30 2016........SUNRISE   639 AM PDT   SUNSET   741 PM PDT
AUGUST 31 2016........SUNRISE   639 AM PDT   SUNSET   739 PM PDT


-  INDICATES NEGATIVE NUMBERS.
R  INDICATES RECORD WAS SET OR TIED.
MM INDICATES DATA IS MISSING.
T  INDICATES TRACE AMOUNT.




$$
