207
CDUS46 KOTX 250827
CLISFF


CLIMATE REPORT
NATIONAL WEATHER SERVICE SPOKANE, WA
127 AM PDT WED MAY 25 2016


...................................

...THE SPOKANE WA FELTS AIRPORT CLIMATE SUMMARY FOR MAY 24 2016...

CLIMATE NORMAL PERIOD 1981 TO 2010
CLIMATE RECORD PERIOD 9999 TO 9999


WEATHER ITEM   OBSERVED TIME   RECORD YEAR NORMAL DEPARTURE LAST
                VALUE   (LST)  VALUE       VALUE  FROM      YEAR
                                                  NORMAL
..................................................................
TEMPERATURE (F)
 YESTERDAY
  MAXIMUM         67    444 PM  MM      MM  70     -3       81
  MINIMUM         49   1129 PM  MM      MM  45      4       53
  AVERAGE         58                        57      1       67

PRECIPITATION (IN)
  YESTERDAY        0.01         MM      MM   0.06  -0.05      T
  MONTH TO DATE    1.60                      1.28   0.32     0.60
  SINCE OCT 1     14.13                     13.62   0.51    11.75
  SINCE JAN 1      8.59                      7.42   1.17     7.02

SNOWFALL (IN)
  YESTERDAY       MM

DEGREE DAYS
 HEATING
  YESTERDAY        7                         8     -1        0
  MONTH TO DATE  124                       268   -144      132
  SINCE MAR 1   1055                      1552   -497     1203
  SINCE JUL 1   4960                      6123  -1163     5021

 COOLING
  YESTERDAY        0                         0      0        2
  MONTH TO DATE   10                         0     10       16
  SINCE MAR 1     15                         0     15       16
  SINCE JAN 1     15                         0     15       16
..................................................................


WIND (MPH)
  HIGHEST WIND SPEED     9   HIGHEST WIND DIRECTION    SE (140)
  HIGHEST GUST SPEED    11   HIGHEST GUST DIRECTION     S (180)
  AVERAGE WIND SPEED     2.5


SKY COVER
  POSSIBLE SUNSHINE  MM
  AVERAGE SKY COVER 0.7


WEATHER CONDITIONS
 THE FOLLOWING WEATHER WAS RECORDED YESTERDAY.
  LIGHT RAIN


RELATIVE HUMIDITY (PERCENT)
 HIGHEST    89          1200 AM
 LOWEST     48           400 PM
 AVERAGE    69

..........................................................


THE SPOKANE WA FELTS AIRPORT CLIMATE NORMALS FOR TODAY
                         NORMAL    RECORD    YEAR
 MAXIMUM TEMPERATURE (F)   70        MM        MM
 MINIMUM TEMPERATURE (F)   45        MM        MM


SUNRISE AND SUNSET
MAY 25 2016...........SUNRISE   500 AM PDT   SUNSET   833 PM PDT
MAY 26 2016...........SUNRISE   459 AM PDT   SUNSET   834 PM PDT


-  INDICATES NEGATIVE NUMBERS.
R  INDICATES RECORD WAS SET OR TIED.
MM INDICATES DATA IS MISSING.
T  INDICATES TRACE AMOUNT.




$$
