000
CDUS46 KOTX 230833
CLISFF


CLIMATE REPORT
NATIONAL WEATHER SERVICE SPOKANE, WA
132 AM PDT TUE SEP 23 2014


...................................

...THE SPOKANE WA FELTS AIRPORT CLIMATE SUMMARY FOR SEPTEMBER 22 2014...

CLIMATE NORMAL PERIOD 1981 TO 2010
CLIMATE RECORD PERIOD 9999 TO 9999


WEATHER ITEM   OBSERVED TIME   RECORD YEAR NORMAL DEPARTURE LAST
                VALUE   (LST)  VALUE       VALUE  FROM      YEAR
                                                  NORMAL
..................................................................
TEMPERATURE (F)
 YESTERDAY
  MAXIMUM         87    227 PM  MM      MM  72     15       64
  MINIMUM         53    604 AM  MM      MM  44      9       48
  AVERAGE         70                        58     12       56

PRECIPITATION (IN)
  YESTERDAY        T            MM      MM   0.03  -0.03     0.04
  MONTH TO DATE    0.18                      0.58  -0.40     1.08
  SINCE OCT 1     13.58                     17.52  -3.94    17.40
  SINCE JAN 1     11.30                     11.32  -0.02    10.76

SNOWFALL (IN)
  YESTERDAY       MM            MM      MM  MM     MM       MM
  MONTH TO DATE   MM                        MM     MM       MM
  SINCE SEP 1     MM                        MM     MM       MM
  SINCE JUL 1     MM                        MM     MM       MM
  SNOW DEPTH      MM

DEGREE DAYS
 HEATING
  YESTERDAY        0                         7     -7        9
  MONTH TO DATE   60                        94    -34       35
  SINCE SEP 1     60                        94    -34       35
  SINCE JUL 1     66                       140    -74       40

 COOLING
  YESTERDAY        5                         0      5        0
  MONTH TO DATE   29                        29      0      101
  SINCE SEP 1     29                        29      0      101
  SINCE JAN 1    634                       405    229      704
..................................................................


WIND (MPH)
  HIGHEST WIND SPEED    15   HIGHEST WIND DIRECTION    SW (230)
  HIGHEST GUST SPEED    19   HIGHEST GUST DIRECTION    SW (220)
  AVERAGE WIND SPEED     3.1


SKY COVER
  POSSIBLE SUNSHINE  MM
  AVERAGE SKY COVER 0.1


WEATHER CONDITIONS
 THE FOLLOWING WEATHER WAS RECORDED YESTERDAY.
  NO SIGNIFICANT WEATHER WAS OBSERVED.


RELATIVE HUMIDITY (PERCENT)
 HIGHEST    77           400 AM
 LOWEST     22           200 PM
 AVERAGE    50

..........................................................


THE SPOKANE WA FELTS AIRPORT CLIMATE NORMALS FOR TODAY
                         NORMAL    RECORD    YEAR
 MAXIMUM TEMPERATURE (F)   72        MM        MM
 MINIMUM TEMPERATURE (F)   44        MM        MM


SUNRISE AND SUNSET
SEPTEMBER 23 2014.....SUNRISE   637 AM PDT   SUNSET   645 PM PDT
SEPTEMBER 24 2014.....SUNRISE   639 AM PDT   SUNSET   643 PM PDT


-  INDICATES NEGATIVE NUMBERS.
R  INDICATES RECORD WAS SET OR TIED.
MM INDICATES DATA IS MISSING.
T  INDICATES TRACE AMOUNT.




$$
