000
CDUS43 KSGF 280628
CLISGF


CLIMATE REPORT
NATIONAL WEATHER SERVICE SPRINGFIELD MO
127 AM CDT SUN MAY 28 2017


...................................

...THE SPRINGFIELD MO CLIMATE SUMMARY FOR MAY 27 2017...

CLIMATE NORMAL PERIOD 1981 TO 2010
CLIMATE RECORD PERIOD 1888 TO 2017


WEATHER ITEM   OBSERVED TIME   RECORD YEAR NORMAL DEPARTURE LAST
                VALUE   (LST)  VALUE       VALUE  FROM      YEAR
                                                  NORMAL
..................................................................
TEMPERATURE (F)
 YESTERDAY
  MAXIMUM         85   1147 AM  91    2012  78      7       75
  MINIMUM         62    545 PM  37    1961  58      4       66
  AVERAGE         74                        68      6       71

PRECIPITATION (IN)
  YESTERDAY        1.56R         1.47 1910   0.16   1.40     0.01
  MONTH TO DATE    7.30                      4.51   2.79     4.51
  SINCE MAR 1     24.12                     12.45  11.67     9.95
  SINCE JAN 1     28.58                     17.44  11.14    11.23

SNOWFALL (IN)
  YESTERDAY        0.0
  MONTH TO DATE    0.0
  SINCE MAR 1      0.1
  SINCE JUL 1      1.8
  SNOW DEPTH       0

DEGREE DAYS
 HEATING
  YESTERDAY        0                         1     -1        0
  MONTH TO DATE   75                        90    -15      129
  SINCE MAR 1    666                       971   -305      716
  SINCE JUL 1   3355                      4564  -1209     3629

 COOLING
  YESTERDAY        9                         4      5        6
  MONTH TO DATE   82                        69     13       64
  SINCE MAR 1    123                        94     29       91
  SINCE JAN 1    132                        94     38       91
..................................................................


WIND (MPH)
  HIGHEST WIND SPEED    36   HIGHEST WIND DIRECTION     W (270)
  HIGHEST GUST SPEED    56   HIGHEST GUST DIRECTION     W (250)
  AVERAGE WIND SPEED     8.1


SKY COVER
  AVERAGE SKY COVER 0.4


WEATHER CONDITIONS
 THE FOLLOWING WEATHER WAS RECORDED YESTERDAY.
  THUNDERSTORM
  HEAVY RAIN
  RAIN
  LIGHT RAIN
  FOG


RELATIVE HUMIDITY (PERCENT)
 HIGHEST   100           300 AM
 LOWEST     69          1200 PM
 AVERAGE    85

..........................................................


THE SPRINGFIELD MO CLIMATE NORMALS FOR TODAY
                         NORMAL    RECORD    YEAR
 MAXIMUM TEMPERATURE (F)   79        90      2012
 MINIMUM TEMPERATURE (F)   58        40      1947


SUNRISE AND SUNSET
MAY 28 2017...........SUNRISE   556 AM CDT   SUNSET   826 PM CDT
MAY 29 2017...........SUNRISE   556 AM CDT   SUNSET   826 PM CDT


-  INDICATES NEGATIVE NUMBERS.
R  INDICATES RECORD WAS SET OR TIED.
MM INDICATES DATA IS MISSING.
T  INDICATES TRACE AMOUNT.




$$
