000
CDUS43 KSGF 240630
CLISGF


CLIMATE REPORT
NATIONAL WEATHER SERVICE SPRINGFIELD MO
129 AM CDT MON JUL 24 2017


...................................

...THE SPRINGFIELD MO CLIMATE SUMMARY FOR JULY 23 2017...

CLIMATE NORMAL PERIOD 1981 TO 2010
CLIMATE RECORD PERIOD 1888 TO 2017


WEATHER ITEM   OBSERVED TIME   RECORD YEAR NORMAL DEPARTURE LAST
                VALUE   (LST)  VALUE       VALUE  FROM      YEAR
                                                  NORMAL
..................................................................
TEMPERATURE (F)
 YESTERDAY
  MAXIMUM         92    458 PM 106    1901  89      3       98
  MINIMUM         71    535 AM  53    1947  68      3       77
  AVERAGE         82                        79      3       88

PRECIPITATION (IN)
  YESTERDAY        T             2.13 1956   0.11  -0.11     0.00
  MONTH TO DATE    0.63                      2.87  -2.24     3.17
  SINCE JUN 1      5.62                      7.72  -2.10     7.59
  SINCE JAN 1     34.32                     25.75   8.57    18.84

SNOWFALL (IN)
  YESTERDAY        0.0
  MONTH TO DATE    0.0
  SINCE JUN 1      0.0
  SINCE JUL 1      0.0
  SNOW DEPTH       0

DEGREE DAYS
 HEATING
  YESTERDAY        0                         0      0        0
  MONTH TO DATE    0                         0      0        0
  SINCE JUN 1      0                         9     -9        0
  SINCE JUL 1      0                         0      0        0

 COOLING
  YESTERDAY       17                        14      3       23
  MONTH TO DATE  349                       299     50      353
  SINCE JUN 1    619                       562     57      749
  SINCE JAN 1    767                       677     90      869
..................................................................


WIND (MPH)
  HIGHEST WIND SPEED    17   HIGHEST WIND DIRECTION     N (340)
  HIGHEST GUST SPEED    21   HIGHEST GUST DIRECTION     N (340)
  AVERAGE WIND SPEED     4.2


SKY COVER
  AVERAGE SKY COVER 0.1


WEATHER CONDITIONS
 THE FOLLOWING WEATHER WAS RECORDED YESTERDAY.
  LIGHT RAIN


RELATIVE HUMIDITY (PERCENT)
 HIGHEST    84           600 AM
 LOWEST     44           500 PM
 AVERAGE    64

..........................................................


THE SPRINGFIELD MO CLIMATE NORMALS FOR TODAY
                         NORMAL    RECORD    YEAR
 MAXIMUM TEMPERATURE (F)   89       106      1934
 MINIMUM TEMPERATURE (F)   68        57      2003
                                             2000
                                             1947


SUNRISE AND SUNSET
JULY 24 2017..........SUNRISE   612 AM CDT   SUNSET   828 PM CDT
JULY 25 2017..........SUNRISE   613 AM CDT   SUNSET   827 PM CDT


-  INDICATES NEGATIVE NUMBERS.
R  INDICATES RECORD WAS SET OR TIED.
MM INDICATES DATA IS MISSING.
T  INDICATES TRACE AMOUNT.




$$
