000
CDUS45 KBYZ 252223
CLISHR


CLIMATE REPORT
NATIONAL WEATHER SERVICE BILLINGS MT
423 PM MDT SUN JUN 25 2017


...................................

...THE SHERIDAN WY CLIMATE SUMMARY FOR JUNE 25 2017...
VALID TODAY AS OF 0400 PM LOCAL TIME.

CLIMATE NORMAL PERIOD 1981 TO 2010
CLIMATE RECORD PERIOD 1907 TO 2017


WEATHER ITEM   OBSERVED TIME   RECORD YEAR NORMAL DEPARTURE LAST
                VALUE   (LST)  VALUE       VALUE  FROM      YEAR
                                                  NORMAL
..................................................................
TEMPERATURE (F)
 TODAY
  MAXIMUM         79    259 PM 100    2012  81     -2       81
  MINIMUM         41    353 AM  36    1966  49     -8       52
                                      1953
                                      1935
  AVERAGE         60                        65     -5       67

PRECIPITATION (IN)
  TODAY            0.00          1.58 1932   0.05  -0.05     0.00
  MONTH TO DATE    1.02                      1.87  -0.85     0.37
  SINCE OCT 1     16.72                     10.58   6.14     9.98
  SINCE JAN 1     12.99                      7.90   5.09     7.83

DEGREE DAYS
 HEATING
  TODAY            5                         3      2        0
  MONTH TO DATE   65                       136    -71       16
  SINCE JUN 1     65                       136    -71       16
  SINCE JUL 1   7288                      7630   -342     6456

 COOLING
  TODAY            0                         3     -3        2
  MONTH TO DATE   32                        32      0       97
  SINCE JUN 1     32                        32      0       97
  SINCE JAN 1     32                        36     -4       99
..................................................................


WIND (MPH)
  HIGHEST WIND SPEED    14   HIGHEST WIND DIRECTION     N (20)
  HIGHEST GUST SPEED    19   HIGHEST GUST DIRECTION     N (340)
  AVERAGE WIND SPEED     3.4


SKY COVER
  POSSIBLE SUNSHINE  MM
  AVERAGE SKY COVER 0.2


WEATHER CONDITIONS
 THE FOLLOWING WEATHER WAS RECORDED TODAY.
  NO SIGNIFICANT WEATHER WAS OBSERVED.


RELATIVE HUMIDITY (PERCENT)
 HIGHEST    86           400 AM
 LOWEST     21           200 PM
 AVERAGE    54

..........................................................


THE SHERIDAN WY CLIMATE NORMALS FOR TOMORROW
                         NORMAL    RECORD    YEAR
 MAXIMUM TEMPERATURE (F)   81       105      1988
 MINIMUM TEMPERATURE (F)   49        37      2000


SUNRISE AND SUNSET
JUNE 25 2017..........SUNRISE   523 AM MDT   SUNSET   858 PM MDT
JUNE 26 2017..........SUNRISE   524 AM MDT   SUNSET   858 PM MDT


-  INDICATES NEGATIVE NUMBERS.
R  INDICATES RECORD WAS SET OR TIED.
MM INDICATES DATA IS MISSING.
T  INDICATES TRACE AMOUNT.




$$
