000
CDUS45 KBYZ 021032
CLISHR


CLIMATE REPORT
NATIONAL WEATHER SERVICE BILLINGS MT
331 AM MST MON MAR 2 2015


...................................

...THE SHERIDAN WY CLIMATE SUMMARY FOR MARCH 1 2015...

CLIMATE NORMAL PERIOD 1981 TO 2010
CLIMATE RECORD PERIOD 1907 TO 2015


WEATHER ITEM   OBSERVED TIME   RECORD YEAR NORMAL DEPARTURE LAST
                VALUE   (LST)  VALUE       VALUE  FROM      YEAR
                                                  NORMAL
..................................................................
TEMPERATURE (F)
 YESTERDAY
  MAXIMUM         26    438 PM  69    1992  43    -17        1
  MINIMUM          2    256 AM -15    1960  18    -16       -8
  AVERAGE         14                        30    -16       -3

PRECIPITATION (IN)
  YESTERDAY        0.00          0.18        0.02  -0.02     0.13
  MONTH TO DATE    0.00                      0.02  -0.02     0.13
  SINCE OCT 1      4.12                      3.80   0.32     5.74
  SINCE JAN 1      1.73                      1.12   0.61     1.98

DEGREE DAYS
 HEATING
  YESTERDAY       51                        35     16       68
  MONTH TO DATE   51                        35     16       68
  SINCE MAR 1     51                        35     16       68
  SINCE JUL 1   5281                      5570   -289     5818

 COOLING
  YESTERDAY        0                         0      0        0
  MONTH TO DATE    0                         0      0        0
  SINCE MAR 1      0                         0      0        0
  SINCE JAN 1      0                         0      0        0
..................................................................


WIND (MPH)
  HIGHEST WIND SPEED    29   HIGHEST WIND DIRECTION    NW (330)
  HIGHEST GUST SPEED    35   HIGHEST GUST DIRECTION    NW (330)
  AVERAGE WIND SPEED     5.0


SKY COVER
  POSSIBLE SUNSHINE  MM
  AVERAGE SKY COVER 0.0


WEATHER CONDITIONS
 THE FOLLOWING WEATHER WAS RECORDED YESTERDAY.
  NO SIGNIFICANT WEATHER WAS OBSERVED.


RELATIVE HUMIDITY (PERCENT)
 HIGHEST    87           300 AM
 LOWEST     40           300 PM
 AVERAGE    64

..........................................................


THE SHERIDAN WY CLIMATE NORMALS FOR TODAY
                         NORMAL    RECORD    YEAR
 MAXIMUM TEMPERATURE (F)   44        68      2009
                                             1992
 MINIMUM TEMPERATURE (F)   18       -17      1943


SUNRISE AND SUNSET
MARCH  2 2015.........SUNRISE   644 AM MST   SUNSET   557 PM MST
MARCH  3 2015.........SUNRISE   642 AM MST   SUNSET   558 PM MST


-  INDICATES NEGATIVE NUMBERS.
R  INDICATES RECORD WAS SET OR TIED.
MM INDICATES DATA IS MISSING.
T  INDICATES TRACE AMOUNT.




$$
