000
CDUS45 KBYZ 232326
CLISHR


CLIMATE REPORT
NATIONAL WEATHER SERVICE BILLINGS MT
425 PM MST MON JAN 23 2017


...................................

...THE SHERIDAN WY CLIMATE SUMMARY FOR JANUARY 23 2017...
VALID TODAY AS OF 0400 PM LOCAL TIME.

CLIMATE NORMAL PERIOD 1981 TO 2010
CLIMATE RECORD PERIOD 1907 TO 2017


WEATHER ITEM   OBSERVED TIME   RECORD YEAR NORMAL DEPARTURE LAST
                VALUE   (LST)  VALUE       VALUE  FROM      YEAR
                                                  NORMAL
..................................................................
TEMPERATURE (F)
 TODAY
  MAXIMUM         31    119 PM  65    2005  37     -6       50
  MINIMUM         13    729 AM -27    1929  12      1       25
  AVERAGE         22                        24     -2       38

PRECIPITATION (IN)
  TODAY            0.00          0.36 1938   0.02  -0.02     0.00
  MONTH TO DATE    0.35                      0.40  -0.05     0.37
  SINCE OCT 1      4.08                      3.08   1.00     2.52
  SINCE JAN 1      0.35                      0.40  -0.05     0.37

DEGREE DAYS
 HEATING
  TODAY           43                        41      2       27
  MONTH TO DATE 1201                       952    249      920
  SINCE DEC 1   2729                      2257    472     2133
  SINCE JUL 1   4206                      4135     71     3685

 COOLING
  TODAY            0                         0      0        0
  MONTH TO DATE    0                         0      0        0
  SINCE DEC 1      0                         0      0        0
  SINCE JAN 1      0                         0      0        0
..................................................................


WIND (MPH)
  HIGHEST WIND SPEED    18   HIGHEST WIND DIRECTION     W (270)
  HIGHEST GUST SPEED    23   HIGHEST GUST DIRECTION    NW (300)
  AVERAGE WIND SPEED     9.0


SKY COVER
  POSSIBLE SUNSHINE  MM
  AVERAGE SKY COVER 0.1


WEATHER CONDITIONS
 THE FOLLOWING WEATHER WAS RECORDED TODAY.
  NO SIGNIFICANT WEATHER WAS OBSERVED.


RELATIVE HUMIDITY (PERCENT)
 HIGHEST    92           200 AM
 LOWEST     69          1200 PM
 AVERAGE    81

..........................................................


THE SHERIDAN WY CLIMATE NORMALS FOR TOMORROW
                         NORMAL    RECORD    YEAR
 MAXIMUM TEMPERATURE (F)   37        69      2005
 MINIMUM TEMPERATURE (F)   12       -29      1929


SUNRISE AND SUNSET
JANUARY 23 2017.......SUNRISE   736 AM MST   SUNSET   504 PM MST
JANUARY 24 2017.......SUNRISE   735 AM MST   SUNSET   506 PM MST


-  INDICATES NEGATIVE NUMBERS.
R  INDICATES RECORD WAS SET OR TIED.
MM INDICATES DATA IS MISSING.
T  INDICATES TRACE AMOUNT.




$$
