000
CDUS45 KBYZ 050932
CLISHR


CLIMATE REPORT
NATIONAL WEATHER SERVICE BILLINGS MT
331 AM MDT SUN JUL 5 2015


...................................

...THE SHERIDAN WY CLIMATE SUMMARY FOR JULY 4 2015...

CLIMATE NORMAL PERIOD 1981 TO 2010
CLIMATE RECORD PERIOD 1907 TO 2015


WEATHER ITEM   OBSERVED TIME   RECORD YEAR NORMAL DEPARTURE LAST
                VALUE   (LST)  VALUE       VALUE  FROM      YEAR
                                                  NORMAL
..................................................................
TEMPERATURE (F)
 YESTERDAY
  MAXIMUM         95    434 PM 104    1989  84     11       94
  MINIMUM         57    449 AM  39    1972  51      6       54
                                      1921
  AVERAGE         76                        68      8       74

PRECIPITATION (IN)
  YESTERDAY        0.00          1.05 2010   0.04  -0.04      T
  MONTH TO DATE    0.00                      0.16  -0.16      T
  SINCE OCT 1     14.42                     10.99   3.43    12.77
  SINCE JAN 1     12.03                      8.31   3.72     9.01

DEGREE DAYS
 HEATING
  YESTERDAY        0                         2     -2        0
  MONTH TO DATE    0                         8     -8        7
  SINCE JUN 1     44                       157   -113      189
  SINCE JUL 1      0                         8     -8        7

 COOLING
  YESTERDAY       11                         4      7        9
  MONTH TO DATE   30                        16     14       14
  SINCE JUN 1    109                        62     47       22
  SINCE JAN 1    109                        66     43       30
..................................................................


WIND (MPH)
  HIGHEST WIND SPEED    10   HIGHEST WIND DIRECTION    SE (130)
  HIGHEST GUST SPEED    14   HIGHEST GUST DIRECTION    SE (130)
  AVERAGE WIND SPEED     2.5


SKY COVER
  POSSIBLE SUNSHINE  MM
  AVERAGE SKY COVER 0.0


WEATHER CONDITIONS
 THE FOLLOWING WEATHER WAS RECORDED YESTERDAY.
  NO SIGNIFICANT WEATHER WAS OBSERVED.


RELATIVE HUMIDITY (PERCENT)
 HIGHEST    86           300 AM
 LOWEST     20           100 PM
 AVERAGE    53

..........................................................


THE SHERIDAN WY CLIMATE NORMALS FOR TODAY
                         NORMAL    RECORD    YEAR
 MAXIMUM TEMPERATURE (F)   85       104      1936
 MINIMUM TEMPERATURE (F)   51        40      1915


SUNRISE AND SUNSET
JULY  5 2015..........SUNRISE   528 AM MDT   SUNSET   856 PM MDT
JULY  6 2015..........SUNRISE   529 AM MDT   SUNSET   856 PM MDT


-  INDICATES NEGATIVE NUMBERS.
R  INDICATES RECORD WAS SET OR TIED.
MM INDICATES DATA IS MISSING.
T  INDICATES TRACE AMOUNT.




$$
