000
CDUS45 KBYZ 272230
CLISHR


CLIMATE REPORT
NATIONAL WEATHER SERVICE BILLINGS MT
429 PM MDT FRI MAR 27 2015


...................................

...THE SHERIDAN WY CLIMATE SUMMARY FOR MARCH 27 2015...
VALID TODAY AS OF 0400 PM LOCAL TIME.

CLIMATE NORMAL PERIOD 1981 TO 2010
CLIMATE RECORD PERIOD 1907 TO 2015


WEATHER ITEM   OBSERVED TIME   RECORD YEAR NORMAL DEPARTURE LAST
                VALUE   (LST)  VALUE       VALUE  FROM      YEAR
                                                  NORMAL
..................................................................
TEMPERATURE (F)
 TODAY
  MAXIMUM         73    235 PM  75    1986  52     21       38
  MINIMUM         44    547 AM  -3    1937  25     19       31
                                      1931
  AVERAGE         59                        38     21       35

PRECIPITATION (IN)
  TODAY            0.00          0.97        0.04  -0.04     0.29
  MONTH TO DATE    0.40                      0.82  -0.42     1.46
  SINCE OCT 1      4.52                      4.60  -0.08     7.07
  SINCE JAN 1      2.13                      1.92   0.21     3.31

DEGREE DAYS
 HEATING
  TODAY            6                        26    -20       30
  MONTH TO DATE  654                       821   -167      883
  SINCE MAR 1    654                       821   -167      883
  SINCE JUL 1   5884                      6356   -472     6633

 COOLING
  TODAY            0                         0      0        0
  MONTH TO DATE    0                         0      0        0
  SINCE MAR 1      0                         0      0        0
  SINCE JAN 1      0                         0      0        0
..................................................................


WIND (MPH)
  HIGHEST WIND SPEED    31   HIGHEST WIND DIRECTION    NW (330)
  HIGHEST GUST SPEED    39   HIGHEST GUST DIRECTION     N (340)
  AVERAGE WIND SPEED    12.4


SKY COVER
  POSSIBLE SUNSHINE  MM
  AVERAGE SKY COVER 0.3


WEATHER CONDITIONS
 THE FOLLOWING WEATHER WAS RECORDED TODAY.
  NO SIGNIFICANT WEATHER WAS OBSERVED.


RELATIVE HUMIDITY (PERCENT)
 HIGHEST    76           100 AM
 LOWEST     20           300 PM
 AVERAGE    48

..........................................................


THE SHERIDAN WY CLIMATE NORMALS FOR TOMORROW
                         NORMAL    RECORD    YEAR
 MAXIMUM TEMPERATURE (F)   52        76      1986
 MINIMUM TEMPERATURE (F)   25        -2      1987


SUNRISE AND SUNSET
MARCH 27 2015.........SUNRISE   658 AM MDT   SUNSET   729 PM MDT
MARCH 28 2015.........SUNRISE   656 AM MDT   SUNSET   730 PM MDT


-  INDICATES NEGATIVE NUMBERS.
R  INDICATES RECORD WAS SET OR TIED.
MM INDICATES DATA IS MISSING.
T  INDICATES TRACE AMOUNT.




$$
