707
CDUS45 KBYZ 031037
CLISHR


CLIMATE REPORT
NATIONAL WEATHER SERVICE BILLINGS MT
336 AM MST SAT DEC 3 2016


...................................

...THE SHERIDAN WY CLIMATE SUMMARY FOR DECEMBER 2 2016...

CLIMATE NORMAL PERIOD 1981 TO 2010
CLIMATE RECORD PERIOD 1907 TO 2016


WEATHER ITEM   OBSERVED TIME   RECORD YEAR NORMAL DEPARTURE LAST
                VALUE   (LST)  VALUE       VALUE  FROM      YEAR
                                                  NORMAL
..................................................................
TEMPERATURE (F)
 YESTERDAY
  MAXIMUM         40   1228 PM  70    1941  38      2       45
  MINIMUM         15   1147 PM -25    1919  13      2       11
  AVERAGE         28                        25      3       28

PRECIPITATION (IN)
  YESTERDAY        0.00          0.47 2013   0.02  -0.02     0.00
  MONTH TO DATE    0.00                      0.04  -0.04     0.00
  SINCE OCT 1      2.73                      2.16   0.57     1.91
  SINCE JAN 1     15.95                     13.64   2.31    15.65

DEGREE DAYS
 HEATING
  YESTERDAY       37                        40     -3       37
  MONTH TO DATE   72                        80     -8       77
  SINCE DEC 1     72                        80     -8       77
  SINCE JUL 1   1549                      1958   -409     1629

 COOLING
  YESTERDAY        0                         0      0        0
  MONTH TO DATE    0                         0      0        0
  SINCE DEC 1      0                         0      0        0
  SINCE JAN 1    549                       419    130      479
..................................................................


WIND (MPH)
  HIGHEST WIND SPEED    14   HIGHEST WIND DIRECTION    NW (310)
  HIGHEST GUST SPEED    19   HIGHEST GUST DIRECTION    NW (310)
  AVERAGE WIND SPEED     4.3


SKY COVER
  POSSIBLE SUNSHINE  MM
  AVERAGE SKY COVER 0.3


WEATHER CONDITIONS
 THE FOLLOWING WEATHER WAS RECORDED YESTERDAY.
  NO SIGNIFICANT WEATHER WAS OBSERVED.


RELATIVE HUMIDITY (PERCENT)
 HIGHEST    85           500 AM
 LOWEST     44           300 PM
 AVERAGE    65

..........................................................


THE SHERIDAN WY CLIMATE NORMALS FOR TODAY
                         NORMAL    RECORD    YEAR
 MAXIMUM TEMPERATURE (F)   37        71      1941
 MINIMUM TEMPERATURE (F)   13       -14      1919


SUNRISE AND SUNSET
DECEMBER  3 2016......SUNRISE   728 AM MST   SUNSET   428 PM MST
DECEMBER  4 2016......SUNRISE   729 AM MST   SUNSET   428 PM MST


-  INDICATES NEGATIVE NUMBERS.
R  INDICATES RECORD WAS SET OR TIED.
MM INDICATES DATA IS MISSING.
T  INDICATES TRACE AMOUNT.




$$
