000
CDUS45 KBYZ 221040
CLISHR


CLIMATE REPORT
NATIONAL WEATHER SERVICE BILLINGS MT
340 AM MST WED FEB 22 2017


...................................

...THE SHERIDAN WY CLIMATE SUMMARY FOR FEBRUARY 21 2017...

CLIMATE NORMAL PERIOD 1981 TO 2010
CLIMATE RECORD PERIOD 1907 TO 2017


WEATHER ITEM   OBSERVED TIME   RECORD YEAR NORMAL DEPARTURE LAST
                VALUE   (LST)  VALUE       VALUE  FROM      YEAR
                                                  NORMAL
..................................................................
TEMPERATURE (F)
 YESTERDAY
  MAXIMUM         63   1153 AM  76    1982  40     23       47
  MINIMUM         38    707 AM -19    1957  15     23       20
  AVERAGE         51                        28     23       34

PRECIPITATION (IN)
  YESTERDAY        0.00          0.53 1914   0.02  -0.02     0.00
  MONTH TO DATE    0.50                      0.40   0.10     0.88
  SINCE OCT 1      5.27                      3.64   1.63     3.59
  SINCE JAN 1      1.54                      0.96   0.58     1.44

DEGREE DAYS
 HEATING
  YESTERDAY       14                        37    -23       31
  MONTH TO DATE  733                       821    -88      598
  SINCE DEC 1   3777                      3403    374     2981
  SINCE JUL 1   5254                      5281    -27     4533

 COOLING
  YESTERDAY        0                         0      0        0
  MONTH TO DATE    0                         0      0        0
  SINCE DEC 1      0                         0      0        0
  SINCE JAN 1      0                         0      0        0
..................................................................


WIND (MPH)
  HIGHEST WIND SPEED    44   HIGHEST WIND DIRECTION    SW (220)
  HIGHEST GUST SPEED    56   HIGHEST GUST DIRECTION    SW (230)
  AVERAGE WIND SPEED    18.0


SKY COVER
  POSSIBLE SUNSHINE  MM
  AVERAGE SKY COVER 0.2


WEATHER CONDITIONS
 THE FOLLOWING WEATHER WAS RECORDED YESTERDAY.
  NO SIGNIFICANT WEATHER WAS OBSERVED.


RELATIVE HUMIDITY (PERCENT)
 HIGHEST    64           700 AM
 LOWEST     32          1200 PM
 AVERAGE    48

..........................................................


THE SHERIDAN WY CLIMATE NORMALS FOR TODAY
                         NORMAL    RECORD    YEAR
 MAXIMUM TEMPERATURE (F)   41        67      1958
 MINIMUM TEMPERATURE (F)   16       -23      1910


SUNRISE AND SUNSET
FEBRUARY 22 2017......SUNRISE   657 AM MST   SUNSET   546 PM MST
FEBRUARY 23 2017......SUNRISE   655 AM MST   SUNSET   548 PM MST


-  INDICATES NEGATIVE NUMBERS.
R  INDICATES RECORD WAS SET OR TIED.
MM INDICATES DATA IS MISSING.
T  INDICATES TRACE AMOUNT.




$$
