840
CDUS45 KBYZ 250723
CLISHR


CLIMATE REPORT
NATIONAL WEATHER SERVICE BILLINGS MT
123 AM MDT MON SEP 25 2017


...................................

...THE SHERIDAN WY CLIMATE SUMMARY FOR SEPTEMBER 24 2017...

CLIMATE NORMAL PERIOD 1981 TO 2010
CLIMATE RECORD PERIOD 1907 TO 2017


WEATHER ITEM   OBSERVED TIME   RECORD YEAR NORMAL DEPARTURE LAST
                VALUE   (LST)  VALUE       VALUE  FROM      YEAR
                                                  NORMAL
..................................................................
TEMPERATURE (F)
 YESTERDAY
  MAXIMUM         49   1232 PM  90    2015  70    -21       51
                                      2011
  MINIMUM         39    620 AM  13    1984  38      1       45
                                      1926
  AVERAGE         44                        54    -10       48

PRECIPITATION (IN)
  YESTERDAY        0.08          2.19 2016   0.06   0.02     2.19
  MONTH TO DATE    1.69                      1.11   0.58     3.71
  SINCE OCT 1     19.31                     13.84   5.47    15.37
  SINCE JAN 1     15.58                     11.16   4.42    13.22

DEGREE DAYS
 HEATING
  YESTERDAY       21                        11     10       17
  MONTH TO DATE  201                       165     36      153
  SINCE SEP 1    201                       165     36      153
  SINCE JUL 1    225                       227     -2      196

 COOLING
  YESTERDAY        0                         0      0        0
  MONTH TO DATE   52                        26     26       30
  SINCE SEP 1     52                        26     26       30
  SINCE JAN 1    481                       416     65      549
..................................................................


WIND (MPH)
  HIGHEST WIND SPEED    12   HIGHEST WIND DIRECTION     N (340)
  HIGHEST GUST SPEED    14   HIGHEST GUST DIRECTION    NW (330)
  AVERAGE WIND SPEED     4.5


SKY COVER
  POSSIBLE SUNSHINE  MM
  AVERAGE SKY COVER 1.0


WEATHER CONDITIONS
 THE FOLLOWING WEATHER WAS RECORDED YESTERDAY.
  LIGHT RAIN
  FOG


RELATIVE HUMIDITY (PERCENT)
 HIGHEST   100          1200 AM
 LOWEST     76          1200 PM
 AVERAGE    88

..........................................................


THE SHERIDAN WY CLIMATE NORMALS FOR TODAY
                         NORMAL    RECORD    YEAR
 MAXIMUM TEMPERATURE (F)   69        94      2015
 MINIMUM TEMPERATURE (F)   38         6      1984


SUNRISE AND SUNSET
SEPTEMBER 25 2017.....SUNRISE   659 AM MDT   SUNSET   659 PM MDT
SEPTEMBER 26 2017.....SUNRISE   700 AM MDT   SUNSET   657 PM MDT


-  INDICATES NEGATIVE NUMBERS.
R  INDICATES RECORD WAS SET OR TIED.
MM INDICATES DATA IS MISSING.
T  INDICATES TRACE AMOUNT.




$$
