000
CDUS45 KBYZ 280935
CLISHR


CLIMATE REPORT
NATIONAL WEATHER SERVICE BILLINGS MT
333 AM MDT WED SEP 28 2016


...................................

...THE SHERIDAN WY CLIMATE SUMMARY FOR SEPTEMBER 27 2016...

CLIMATE NORMAL PERIOD 1981 TO 2010
CLIMATE RECORD PERIOD 1907 TO 2016


WEATHER ITEM   OBSERVED TIME   RECORD YEAR NORMAL DEPARTURE LAST
                VALUE   (LST)  VALUE       VALUE  FROM      YEAR
                                                  NORMAL
..................................................................
TEMPERATURE (F)
 YESTERDAY
  MAXIMUM         83    250 PM  90    1963  68     15       84
                                      1952
  MINIMUM         42    608 AM  20    1908  37      5       50
  AVERAGE         63                        53     10       67

PRECIPITATION (IN)
  YESTERDAY        0.00          2.04 1923   0.05  -0.05      T
  MONTH TO DATE    3.71                      1.27   2.44     0.27
  SINCE OCT 1     15.37                     14.00   1.37    16.13
  SINCE JAN 1     13.22                     11.32   1.90    13.74

DEGREE DAYS
 HEATING
  YESTERDAY        2                        12    -10        0
  MONTH TO DATE  173                       201    -28       72
  SINCE SEP 1    173                       201    -28       72
  SINCE JUL 1    216                       263    -47      136

 COOLING
  YESTERDAY        0                         0      0        2
  MONTH TO DATE   30                        26      4       65
  SINCE SEP 1     30                        26      4       65
  SINCE JAN 1    549                       416    133      474
..................................................................


WIND (MPH)
  HIGHEST WIND SPEED    16   HIGHEST WIND DIRECTION    NW (330)
  HIGHEST GUST SPEED    22   HIGHEST GUST DIRECTION    NW (330)
  AVERAGE WIND SPEED     4.9


SKY COVER
  POSSIBLE SUNSHINE  MM
  AVERAGE SKY COVER 0.0


WEATHER CONDITIONS
 THE FOLLOWING WEATHER WAS RECORDED YESTERDAY.
  NO SIGNIFICANT WEATHER WAS OBSERVED.


RELATIVE HUMIDITY (PERCENT)
 HIGHEST    83          1200 AM
 LOWEST     23          1200 PM
 AVERAGE    53

..........................................................


THE SHERIDAN WY CLIMATE NORMALS FOR TODAY
                         NORMAL    RECORD    YEAR
 MAXIMUM TEMPERATURE (F)   68        92      2010
                                             2001
 MINIMUM TEMPERATURE (F)   37        19      1984


SUNRISE AND SUNSET
SEPTEMBER 28 2016.....SUNRISE   703 AM MDT   SUNSET   653 PM MDT
SEPTEMBER 29 2016.....SUNRISE   704 AM MDT   SUNSET   651 PM MDT


-  INDICATES NEGATIVE NUMBERS.
R  INDICATES RECORD WAS SET OR TIED.
MM INDICATES DATA IS MISSING.
T  INDICATES TRACE AMOUNT.




$$
