000
CDUS45 KBYZ 010937
CLISHR


CLIMATE REPORT
NATIONAL WEATHER SERVICE BILLINGS MT
336 AM MDT TUE SEP 1 2015


...................................

...THE SHERIDAN WY CLIMATE SUMMARY FOR AUGUST 31 2015...

CLIMATE NORMAL PERIOD 1981 TO 2010
CLIMATE RECORD PERIOD 1907 TO 2015


WEATHER ITEM   OBSERVED TIME   RECORD YEAR NORMAL DEPARTURE LAST
                VALUE   (LST)  VALUE       VALUE  FROM      YEAR
                                                  NORMAL
..................................................................
TEMPERATURE (F)
 YESTERDAY
  MAXIMUM         86    338 PM 103    1954  82      4       74
  MINIMUM         50    616 AM  31    1910  48      2       47
  AVERAGE         68                        65      3       61

PRECIPITATION (IN)
  YESTERDAY        0.00          1.67 1943   0.03  -0.03     0.05
  MONTH TO DATE    0.60                      0.72  -0.12     1.05
  SINCE OCT 1     15.86                     12.73   3.13    14.83
  SINCE JAN 1     13.47                     10.05   3.42    11.07

DEGREE DAYS
 HEATING
  YESTERDAY        0                         3     -3        4
  MONTH TO DATE   44                        36      8       41
  SINCE JUN 1    108                       211   -103      232
  SINCE JUL 1     64                        62      2       50

 COOLING
  YESTERDAY        3                         3      0        0
  MONTH TO DATE  183                       158     25      127
  SINCE JUN 1    409                       386     23      310
  SINCE JAN 1    409                       390     19      318
..................................................................


WIND (MPH)
  HIGHEST WIND SPEED    36   HIGHEST WIND DIRECTION    NW (310)
  HIGHEST GUST SPEED    43   HIGHEST GUST DIRECTION    NW (300)
  AVERAGE WIND SPEED     8.6


SKY COVER
  POSSIBLE SUNSHINE  MM
  AVERAGE SKY COVER 0.0


WEATHER CONDITIONS
 THE FOLLOWING WEATHER WAS RECORDED YESTERDAY.
  NO SIGNIFICANT WEATHER WAS OBSERVED.


RELATIVE HUMIDITY (PERCENT)
 HIGHEST    77          1100 PM
 LOWEST     23           400 PM
 AVERAGE    50

..........................................................


THE SHERIDAN WY CLIMATE NORMALS FOR TODAY
                         NORMAL    RECORD    YEAR
 MAXIMUM TEMPERATURE (F)   82       103      1983
 MINIMUM TEMPERATURE (F)   47        34      1930
                                             1924


SUNRISE AND SUNSET
SEPTEMBER  1 2015.....SUNRISE   630 AM MDT   SUNSET   745 PM MDT
SEPTEMBER  2 2015.....SUNRISE   631 AM MDT   SUNSET   743 PM MDT


-  INDICATES NEGATIVE NUMBERS.
R  INDICATES RECORD WAS SET OR TIED.
MM INDICATES DATA IS MISSING.
T  INDICATES TRACE AMOUNT.




$$
