781
CDUS44 KSHV 250743
CLISHV


CLIMATE REPORT
NATIONAL WEATHER SERVICE SHREVEPORT, LA
243 AM CDT WED MAY 25 2016


...................................

...THE SHREVEPORT CLIMATE SUMMARY FOR MAY 24 2016...

CLIMATE NORMAL PERIOD 1981 TO 2010
CLIMATE RECORD PERIOD 1874 TO 2016


WEATHER ITEM   OBSERVED TIME   RECORD YEAR NORMAL DEPARTURE LAST
                VALUE   (LST)  VALUE       VALUE  FROM      YEAR
                                                  NORMAL
..................................................................
TEMPERATURE (F)
 YESTERDAY
  MAXIMUM         88    454 PM 101    1875  86      2       80
  MINIMUM         69    549 AM  54    1963  65      4       69
                                      1940
                                      1913
  AVERAGE         79                        75      4       75

PRECIPITATION (IN)
  YESTERDAY        T             3.21 1872   0.15  -0.15     0.04
  MONTH TO DATE    1.48                      3.82  -2.34     8.01
  SINCE DEC 1     35.52                     25.87   9.65    36.96
  SINCE JAN 1     32.63                     21.10  11.53    33.21

SNOWFALL (IN)
  YESTERDAY        0.0
  MONTH TO DATE    0.0
  SINCE MAR 1      T
  SINCE JUL 1      T
  SNOW DEPTH       0

DEGREE DAYS
 HEATING
  YESTERDAY        0                         0      0        0
  MONTH TO DATE    2                         5     -3        0
  SINCE MAR 1    148                       342   -194      291
  SINCE JUL 1   1451                      2224   -773     2291

 COOLING
  YESTERDAY       14                        10      4       10
  MONTH TO DATE  171                       184    -13      223
  SINCE MAR 1    352                       309     43      390
  SINCE JAN 1    370                       319     51      390
..................................................................


WIND (MPH)
  HIGHEST WIND SPEED    16   HIGHEST WIND DIRECTION    SE (150)
  HIGHEST GUST SPEED    20   HIGHEST GUST DIRECTION     S (180)
  AVERAGE WIND SPEED     8.7


SKY COVER
  POSSIBLE SUNSHINE  MM
  AVERAGE SKY COVER 0.6


WEATHER CONDITIONS
 THE FOLLOWING WEATHER WAS RECORDED YESTERDAY.
  FOG


RELATIVE HUMIDITY (PERCENT)
 HIGHEST    93           200 AM
 LOWEST     59           400 PM
 AVERAGE    76

..........................................................


THE SHREVEPORT CLIMATE NORMALS FOR TODAY
                         NORMAL    RECORD    YEAR
 MAXIMUM TEMPERATURE (F)   86        98      1875
 MINIMUM TEMPERATURE (F)   65        50      1971


SUNRISE AND SUNSET
MAY 25 2016...........SUNRISE   611 AM CDT   SUNSET   814 PM CDT
MAY 26 2016...........SUNRISE   611 AM CDT   SUNSET   814 PM CDT


-  INDICATES NEGATIVE NUMBERS.
R  INDICATES RECORD WAS SET OR TIED.
MM INDICATES DATA IS MISSING.
T  INDICATES TRACE AMOUNT.




$$
