000
CDUS44 KSHV 100836
CLISHV


CLIMATE REPORT
NATIONAL WEATHER SERVICE SHREVEPORT, LA
235 AM CST WED FEB 10 2016


...................................

...THE SHREVEPORT CLIMATE SUMMARY FOR FEBRUARY 9 2016...

CLIMATE NORMAL PERIOD 1981 TO 2010
CLIMATE RECORD PERIOD 1874 TO 2016


WEATHER ITEM   OBSERVED TIME   RECORD YEAR NORMAL DEPARTURE LAST
                VALUE   (LST)  VALUE       VALUE  FROM      YEAR
                                                  NORMAL
..................................................................
TEMPERATURE (F)
 YESTERDAY
  MAXIMUM         59    342 PM  84    1932  60     -1       76
  MINIMUM         35    715 AM  13    1933  38     -3       48
  AVERAGE         47                        49     -2       62

PRECIPITATION (IN)
  YESTERDAY        0.00          1.91 1983   0.18  -0.18     0.00
  MONTH TO DATE    T                         1.50  -1.50     0.38
  SINCE DEC 1      5.76                     10.47  -4.71    11.58
  SINCE JAN 1      2.87                      5.70  -2.83     7.83

SNOWFALL (IN)
  YESTERDAY        0.0
  MONTH TO DATE    0.0
  SINCE DEC 1      T
  SINCE JUL 1      T
  SNOW DEPTH       0

DEGREE DAYS
 HEATING
  YESTERDAY       18                        16      2        3
  MONTH TO DATE  132                       149    -17      142
  SINCE DEC 1    959                      1250   -291     1191
  SINCE JUL 1   1136                      1621   -485     1595

 COOLING
  YESTERDAY        0                         0      0        0
  MONTH TO DATE    3                         0      3        0
  SINCE DEC 1     45                        11     34        2
  SINCE JAN 1      9                         4      5        0
..................................................................


WIND (MPH)
  HIGHEST WIND SPEED    31   HIGHEST WIND DIRECTION    NW (300)
  HIGHEST GUST SPEED    42   HIGHEST GUST DIRECTION    NW (300)
  AVERAGE WIND SPEED    14.4


SKY COVER
  POSSIBLE SUNSHINE  MM
  AVERAGE SKY COVER 0.0


WEATHER CONDITIONS
 THE FOLLOWING WEATHER WAS RECORDED YESTERDAY.
  NO SIGNIFICANT WEATHER WAS OBSERVED.


RELATIVE HUMIDITY (PERCENT)
 HIGHEST    47           700 AM
 LOWEST     19          1200 PM
 AVERAGE    33

..........................................................


THE SHREVEPORT CLIMATE NORMALS FOR TODAY
                         NORMAL    RECORD    YEAR
 MAXIMUM TEMPERATURE (F)   60        83      1954
 MINIMUM TEMPERATURE (F)   39        15      1885


SUNRISE AND SUNSET
FEBRUARY 10 2016......SUNRISE   703 AM CST   SUNSET   556 PM CST
FEBRUARY 11 2016......SUNRISE   702 AM CST   SUNSET   557 PM CST


-  INDICATES NEGATIVE NUMBERS.
R  INDICATES RECORD WAS SET OR TIED.
MM INDICATES DATA IS MISSING.
T  INDICATES TRACE AMOUNT.




$$
