000
CDUS44 KSHV 250737
CLISHV


CLIMATE REPORT
NATIONAL WEATHER SERVICE SHREVEPORT, LA
236 AM CDT MON SEP 25 2017


...................................

...THE SHREVEPORT CLIMATE SUMMARY FOR SEPTEMBER 24 2017...

CLIMATE NORMAL PERIOD 1981 TO 2010
CLIMATE RECORD PERIOD 1874 TO 2017


WEATHER ITEM   OBSERVED TIME   RECORD YEAR NORMAL DEPARTURE LAST
                VALUE   (LST)  VALUE       VALUE  FROM      YEAR
                                                  NORMAL
..................................................................
TEMPERATURE (F)
 YESTERDAY
  MAXIMUM         91    319 PM  98    1931  86      5       93
                                      1907
  MINIMUM         70    623 AM  46    1990  63      7       70
  AVERAGE         81                        74      7       82

PRECIPITATION (IN)
  YESTERDAY        0.00          5.52 2005   0.12  -0.12     0.00
  MONTH TO DATE    T                         2.44  -2.44     0.16
  SINCE DEC 1     33.24                     41.20  -7.96    53.42
  SINCE JAN 1     30.10                     36.43  -6.33    50.53

SNOWFALL (IN)
  YESTERDAY        0.0
  MONTH TO DATE    0.0
  SINCE SEP 1      0.0
  SINCE JUL 1      0.0
  SNOW DEPTH       0

DEGREE DAYS
 HEATING
  YESTERDAY        0                         0      0        0
  MONTH TO DATE    0                         0      0        0
  SINCE SEP 1      0                         0      0        0
  SINCE JUL 1      0                         0      0        0

 COOLING
  YESTERDAY       16                         9      7       17
  MONTH TO DATE  288                       313    -25      430
  SINCE SEP 1    288                       313    -25      430
  SINCE JAN 1   2395                      2275    120     2671
..................................................................


WIND (MPH)
  HIGHEST WIND SPEED    13   HIGHEST WIND DIRECTION    SE (150)
  HIGHEST GUST SPEED    16   HIGHEST GUST DIRECTION    SE (140)
  AVERAGE WIND SPEED     3.7


SKY COVER
  POSSIBLE SUNSHINE  MM
  AVERAGE SKY COVER 0.1


WEATHER CONDITIONS
 THE FOLLOWING WEATHER WAS RECORDED YESTERDAY.
  FOG


RELATIVE HUMIDITY (PERCENT)
 HIGHEST   100           500 AM
 LOWEST     44           400 PM
 AVERAGE    72

..........................................................


THE SHREVEPORT CLIMATE NORMALS FOR TODAY
                         NORMAL    RECORD    YEAR
 MAXIMUM TEMPERATURE (F)   85        98      2011
                                             1931
 MINIMUM TEMPERATURE (F)   62        46      1994


SUNRISE AND SUNSET
SEPTEMBER 25 2017.....SUNRISE   706 AM CDT   SUNSET   707 PM CDT
SEPTEMBER 26 2017.....SUNRISE   706 AM CDT   SUNSET   706 PM CDT


-  INDICATES NEGATIVE NUMBERS.
R  INDICATES RECORD WAS SET OR TIED.
MM INDICATES DATA IS MISSING.
T  INDICATES TRACE AMOUNT.




$$
