000
CDUS44 KSHV 190733
CLISHV


CLIMATE REPORT
NATIONAL WEATHER SERVICE SHREVEPORT, LA
231 AM CDT SAT APR 19 2014


...................................

...THE SHREVEPORT CLIMATE SUMMARY FOR APRIL 18 2014...

CLIMATE NORMAL PERIOD 1981 TO 2010
CLIMATE RECORD PERIOD 1874 TO 2014


WEATHER ITEM   OBSERVED TIME   RECORD YEAR NORMAL DEPARTURE LAST
                VALUE   (LST)  VALUE       VALUE  FROM      YEAR
                                                  NORMAL
..................................................................
TEMPERATURE (F)
 YESTERDAY
  MAXIMUM         76    328 PM  93    2006  77     -1       78
  MINIMUM         51    109 AM  37    1999  54     -3       46
  AVERAGE         64                        66     -2       62

PRECIPITATION (IN)
  YESTERDAY        0.07          1.49 1882   0.15  -0.08     0.57
  MONTH TO DATE    3.89                      2.49   1.40     3.18
  SINCE DEC 1     16.33                     20.35  -4.02    19.86
  SINCE JAN 1     11.35                     15.58  -4.23    14.20

SNOWFALL (IN)
  YESTERDAY        0.0
  MONTH TO DATE    0.0
  SINCE MAR 1      T
  SINCE JUL 1      1.0
  SNOW DEPTH       0

DEGREE DAYS
 HEATING
  YESTERDAY        1                         2     -1        3
  MONTH TO DATE  102                        68     34       77
  SINCE MAR 1    424                       319    105      383
  SINCE JUL 1   2535                      2201    334     1997

 COOLING
  YESTERDAY        0                         3     -3        0
  MONTH TO DATE   43                        45     -2       64
  SINCE MAR 1     56                        76    -20       81
  SINCE JAN 1     62                        86    -24       89
..................................................................


WIND (MPH)
  HIGHEST WIND SPEED    16   HIGHEST WIND DIRECTION    NE (60)
  HIGHEST GUST SPEED    20   HIGHEST GUST DIRECTION     N (10)
  AVERAGE WIND SPEED     4.9


SKY COVER
  POSSIBLE SUNSHINE  MM
  AVERAGE SKY COVER 0.7


WEATHER CONDITIONS
 THE FOLLOWING WEATHER WAS RECORDED YESTERDAY.
  THUNDERSTORM
  RAIN
  FOG


RELATIVE HUMIDITY (PERCENT)
 HIGHEST    89           100 AM
 LOWEST     43           200 PM
 AVERAGE    66

..........................................................


THE SHREVEPORT CLIMATE NORMALS FOR TODAY
                         NORMAL    RECORD    YEAR
 MAXIMUM TEMPERATURE (F)   78        93      1987
 MINIMUM TEMPERATURE (F)   55        38      1953


SUNRISE AND SUNSET
APRIL 19 2014.........SUNRISE   641 AM CDT   SUNSET   748 PM CDT
APRIL 20 2014.........SUNRISE   640 AM CDT   SUNSET   749 PM CDT


-  INDICATES NEGATIVE NUMBERS.
R  INDICATES RECORD WAS SET OR TIED.
MM INDICATES DATA IS MISSING.
T  INDICATES TRACE AMOUNT.




$$
