000
CDUS44 KSHV 300743
CLISHV


CLIMATE REPORT
NATIONAL WEATHER SERVICE SHREVEPORT, LA
237 AM CDT TUE SEP 30 2014


...................................

...THE SHREVEPORT CLIMATE SUMMARY FOR SEPTEMBER 29 2014...

CLIMATE NORMAL PERIOD 1981 TO 2010
CLIMATE RECORD PERIOD 1874 TO 2014


WEATHER ITEM   OBSERVED TIME   RECORD YEAR NORMAL DEPARTURE LAST
                VALUE   (LST)  VALUE       VALUE  FROM      YEAR
                                                  NORMAL
..................................................................
TEMPERATURE (F)
 YESTERDAY
  MAXIMUM         88    432 PM 101    1953  84      4       79
  MINIMUM         69    604 AM  42    1967  61      8       73
  AVERAGE         79                        72      7       76

PRECIPITATION (IN)
  YESTERDAY        0.00          2.34 2012   0.12  -0.12     1.18
  MONTH TO DATE    1.21                      3.03  -1.82     9.30
  SINCE DEC 1     32.18                     41.79  -9.61    41.92
  SINCE JAN 1     27.20                     37.02  -9.82    36.26

SNOWFALL (IN)
  YESTERDAY        0.0
  MONTH TO DATE    0.0
  SINCE SEP 1      0.0
  SINCE JUL 1      0.0
  SNOW DEPTH       0

DEGREE DAYS
 HEATING
  YESTERDAY        0                         1     -1        0
  MONTH TO DATE    0                         3     -3        0
  SINCE SEP 1      0                         3     -3        0
  SINCE JUL 1      0                         3     -3        0

 COOLING
  YESTERDAY       14                         8      6       11
  MONTH TO DATE  425                       355     70      502
  SINCE SEP 1    425                       355     70      502
  SINCE JAN 1   2317                      2317      0     2547
..................................................................


WIND (MPH)
  HIGHEST WIND SPEED    14   HIGHEST WIND DIRECTION     E (70)
  HIGHEST GUST SPEED    17   HIGHEST GUST DIRECTION     E (100)
  AVERAGE WIND SPEED     5.0


SKY COVER
  POSSIBLE SUNSHINE  MM
  AVERAGE SKY COVER 0.7


WEATHER CONDITIONS
 THE FOLLOWING WEATHER WAS RECORDED YESTERDAY.
  NO SIGNIFICANT WEATHER WAS OBSERVED.


RELATIVE HUMIDITY (PERCENT)
 HIGHEST    90           600 AM
 LOWEST     50           400 PM
 AVERAGE    70

..........................................................


THE SHREVEPORT CLIMATE NORMALS FOR TODAY
                         NORMAL    RECORD    YEAR
 MAXIMUM TEMPERATURE (F)   83        99      1953
 MINIMUM TEMPERATURE (F)   60        42      1984


SUNRISE AND SUNSET
SEPTEMBER 30 2014.....SUNRISE   709 AM CDT   SUNSET   701 PM CDT
OCTOBER  1 2014.......SUNRISE   709 AM CDT   SUNSET   700 PM CDT


-  INDICATES NEGATIVE NUMBERS.
R  INDICATES RECORD WAS SET OR TIED.
MM INDICATES DATA IS MISSING.
T  INDICATES TRACE AMOUNT.




$$
