000
CDUS44 KSHV 050733
CLISHV


CLIMATE REPORT
NATIONAL WEATHER SERVICE SHREVEPORT, LA
231 AM CDT WED AUG 5 2015


...................................

...THE SHREVEPORT CLIMATE SUMMARY FOR AUGUST 4 2015...

CLIMATE NORMAL PERIOD 1981 TO 2010
CLIMATE RECORD PERIOD 1874 TO 2015


WEATHER ITEM   OBSERVED TIME   RECORD YEAR NORMAL DEPARTURE LAST
                VALUE   (LST)  VALUE       VALUE  FROM      YEAR
                                                  NORMAL
..................................................................
TEMPERATURE (F)
 YESTERDAY
  MAXIMUM        100    421 PM 108    2011  95      5       92
  MINIMUM         75    546 AM  62    1976  73      2       73
                                      1973
                                      1894
  AVERAGE         88                        84      4       83

PRECIPITATION (IN)
  YESTERDAY        0.00          1.42 1971   0.10  -0.10     0.00
  MONTH TO DATE    0.00                      0.40  -0.40     0.15
  SINCE DEC 1     46.49                     36.43  10.06    30.56
  SINCE JAN 1     42.74                     31.66  11.08    25.58

SNOWFALL (IN)
  YESTERDAY        0.0
  MONTH TO DATE    0.0
  SINCE JUN 1      0.0
  SINCE JUL 1      0.0
  SNOW DEPTH       0

DEGREE DAYS
 HEATING
  YESTERDAY        0                         0      0        0
  MONTH TO DATE    0                         0      0        0
  SINCE JUN 1      0                         0      0        0
  SINCE JUL 1      0                         0      0        0

 COOLING
  YESTERDAY       23                        19      4       18
  MONTH TO DATE   84                        76      8       50
  SINCE JUN 1   1262                      1079    183     1005
  SINCE JAN 1   1734                      1477    257     1375
..................................................................


WIND (MPH)
  HIGHEST WIND SPEED    13   HIGHEST WIND DIRECTION     S (180)
  HIGHEST GUST SPEED    15   HIGHEST GUST DIRECTION     S (200)
  AVERAGE WIND SPEED     4.0


SKY COVER
  POSSIBLE SUNSHINE  MM
  AVERAGE SKY COVER 0.3


WEATHER CONDITIONS
 THE FOLLOWING WEATHER WAS RECORDED YESTERDAY.
  NO SIGNIFICANT WEATHER WAS OBSERVED.


RELATIVE HUMIDITY (PERCENT)
 HIGHEST    79           400 AM
 LOWEST     26           400 PM
 AVERAGE    53

..........................................................


THE SHREVEPORT CLIMATE NORMALS FOR TODAY
                         NORMAL    RECORD    YEAR
 MAXIMUM TEMPERATURE (F)   95       107      2011
 MINIMUM TEMPERATURE (F)   73        58      1880


SUNRISE AND SUNSET
AUGUST  5 2015........SUNRISE   632 AM CDT   SUNSET   810 PM CDT
AUGUST  6 2015........SUNRISE   633 AM CDT   SUNSET   809 PM CDT


-  INDICATES NEGATIVE NUMBERS.
R  INDICATES RECORD WAS SET OR TIED.
MM INDICATES DATA IS MISSING.
T  INDICATES TRACE AMOUNT.




$$
