000
CDUS44 KSHV 220838
CLISHV


CLIMATE REPORT
NATIONAL WEATHER SERVICE SHREVEPORT, LA
238 AM CST MON DEC 22 2014


...................................

...THE SHREVEPORT CLIMATE SUMMARY FOR DECEMBER 21 2014...

CLIMATE NORMAL PERIOD 1981 TO 2010
CLIMATE RECORD PERIOD 1874 TO 2014


WEATHER ITEM   OBSERVED TIME   RECORD YEAR NORMAL DEPARTURE LAST
                VALUE   (LST)  VALUE       VALUE  FROM      YEAR
                                                  NORMAL
..................................................................
TEMPERATURE (F)
 YESTERDAY
  MAXIMUM         60    337 PM  82    2010  57      3       73
  MINIMUM         34    550 AM  18    1973  37     -3       53
  AVERAGE         47                        47      0       63

PRECIPITATION (IN)
  YESTERDAY        0.00          4.66 1875   0.15  -0.15     2.79
  MONTH TO DATE    2.85                      3.34  -0.49     4.98
  SINCE DEC 1      2.85                      3.34  -0.49     4.98
  SINCE JAN 1     40.32                     49.98  -9.66    53.45

SNOWFALL (IN)
  YESTERDAY        0.0
  MONTH TO DATE    0.0
  SINCE DEC 1      0.0
  SINCE JUL 1      T
  SNOW DEPTH       0

DEGREE DAYS
 HEATING
  YESTERDAY       18                        18      0        2
  MONTH TO DATE  260                       345    -85      345
  SINCE DEC 1    260                       345    -85      345
  SINCE JUL 1    664                       716    -52      756

 COOLING
  YESTERDAY        0                         0      0        0
  MONTH TO DATE    2                         0      2       11
  SINCE DEC 1      2                         0      2       11
  SINCE JAN 1   2498                      2474     24     2717
..................................................................


WIND (MPH)
  HIGHEST WIND SPEED    10   HIGHEST WIND DIRECTION    SE (150)
  HIGHEST GUST SPEED    15   HIGHEST GUST DIRECTION     S (170)
  AVERAGE WIND SPEED     4.0


SKY COVER
  POSSIBLE SUNSHINE  MM
  AVERAGE SKY COVER 0.6


WEATHER CONDITIONS
 THE FOLLOWING WEATHER WAS RECORDED YESTERDAY.
  FOG
  FOG W/VISIBILITY <= 1/4 MILE


RELATIVE HUMIDITY (PERCENT)
 HIGHEST   100           100 AM
 LOWEST     57           300 PM
 AVERAGE    79

..........................................................


THE SHREVEPORT CLIMATE NORMALS FOR TODAY
                         NORMAL    RECORD    YEAR
 MAXIMUM TEMPERATURE (F)   57        79      1981
 MINIMUM TEMPERATURE (F)   37        10      1989


SUNRISE AND SUNSET
DECEMBER 22 2014......SUNRISE   713 AM CST   SUNSET   514 PM CST
DECEMBER 23 2014......SUNRISE   714 AM CST   SUNSET   515 PM CST


-  INDICATES NEGATIVE NUMBERS.
R  INDICATES RECORD WAS SET OR TIED.
MM INDICATES DATA IS MISSING.
T  INDICATES TRACE AMOUNT.




$$
