000
CDUS44 KSHV 210739
CLISHV


CLIMATE REPORT
NATIONAL WEATHER SERVICE SHREVEPORT, LA
237 AM CDT FRI JUL 21 2017


...................................

...THE SHREVEPORT CLIMATE SUMMARY FOR JULY 20 2017...

CLIMATE NORMAL PERIOD 1981 TO 2010
CLIMATE RECORD PERIOD 1874 TO 2017


WEATHER ITEM   OBSERVED TIME   RECORD YEAR NORMAL DEPARTURE LAST
                VALUE   (LST)  VALUE       VALUE  FROM      YEAR
                                                  NORMAL
..................................................................
TEMPERATURE (F)
 YESTERDAY
  MAXIMUM         98    332 PM 101    2000  94      4       99
                                      1978
                                      1939
  MINIMUM         76    348 AM  65    1910  73      3       76
  AVERAGE         87                        83      4       88

PRECIPITATION (IN)
  YESTERDAY        0.00          4.94 1917   0.10  -0.10     0.00
  MONTH TO DATE    1.74                      2.49  -0.75     1.95
  SINCE DEC 1     25.38                     34.87  -9.49    43.51
  SINCE JAN 1     22.24                     30.10  -7.86    40.62

SNOWFALL (IN)
  YESTERDAY        0.0
  MONTH TO DATE    0.0
  SINCE JUN 1      0.0
  SINCE JUL 1      0.0
  SNOW DEPTH       0

DEGREE DAYS
 HEATING
  YESTERDAY        0                         0      0        0
  MONTH TO DATE    0                         0      0        0
  SINCE JUN 1      0                         0      0        0
  SINCE JUL 1      0                         0      0        0

 COOLING
  YESTERDAY       22                        18      4       23
  MONTH TO DATE  376                       355     21      421
  SINCE JUN 1    824                       799     25      948
  SINCE JAN 1   1366                      1197    169     1408
..................................................................


WIND (MPH)
  HIGHEST WIND SPEED    10   HIGHEST WIND DIRECTION     N (340)
  HIGHEST GUST SPEED    15   HIGHEST GUST DIRECTION     S (160)
  AVERAGE WIND SPEED     2.4


SKY COVER
  POSSIBLE SUNSHINE  MM
  AVERAGE SKY COVER 0.1


WEATHER CONDITIONS
 THE FOLLOWING WEATHER WAS RECORDED YESTERDAY.
  NO SIGNIFICANT WEATHER WAS OBSERVED.


RELATIVE HUMIDITY (PERCENT)
 HIGHEST   100           100 AM
 LOWEST     48           500 PM
 AVERAGE    74

..........................................................


THE SHREVEPORT CLIMATE NORMALS FOR TODAY
                         NORMAL    RECORD    YEAR
 MAXIMUM TEMPERATURE (F)   94       103      1963
                                             1939
 MINIMUM TEMPERATURE (F)   73        64      2014
                                             1984
                                             1877


SUNRISE AND SUNSET
JULY 21 2017..........SUNRISE   623 AM CDT   SUNSET   820 PM CDT
JULY 22 2017..........SUNRISE   623 AM CDT   SUNSET   820 PM CDT


-  INDICATES NEGATIVE NUMBERS.
R  INDICATES RECORD WAS SET OR TIED.
MM INDICATES DATA IS MISSING.
T  INDICATES TRACE AMOUNT.




$$
