000
CDUS44 KSHV 242235
CLISHV


CLIMATE REPORT
NATIONAL WEATHER SERVICE SHREVEPORT, LA
435 PM CST FRI NOV 24 2017


...................................

...THE SHREVEPORT CLIMATE SUMMARY FOR NOVEMBER 24 2017...
VALID TODAY AS OF 0400 PM LOCAL TIME.

CLIMATE NORMAL PERIOD 1981 TO 2010
CLIMATE RECORD PERIOD 1874 TO 2017


WEATHER ITEM   OBSERVED TIME   RECORD YEAR NORMAL DEPARTURE LAST
                VALUE   (LST)  VALUE       VALUE  FROM      YEAR
                                                  NORMAL
..................................................................
TEMPERATURE (F)
 TODAY
  MAXIMUM         71    301 PM  84    1973  64      7       70
  MINIMUM         34    627 AM  26    1970  43     -9       41
  AVERAGE         53                        53      0       56

PRECIPITATION (IN)
  TODAY            0.00          2.50 1887   0.14  -0.14     0.00
  MONTH TO DATE    1.43                      3.61  -2.18     3.30
  SINCE DEC 1     35.80                     50.49 -14.69    57.70
  SINCE JAN 1     32.66                     45.72 -13.06    54.81

SNOWFALL (IN)
  TODAY            0.0
  MONTH TO DATE    0.0
  SINCE SEP 1      0.0
  SINCE JUL 1      0.0
  SNOW DEPTH       0

DEGREE DAYS
 HEATING
  TODAY           12                        12      0        9
  MONTH TO DATE  145                       206    -61       91
  SINCE SEP 1    224                       292    -68      102
  SINCE JUL 1    224                       292    -68      102

 COOLING
  TODAY            0                         0      0        0
  MONTH TO DATE   82                        23     59       48
  SINCE SEP 1    645                       510    135      768
  SINCE JAN 1   2752                      2472    280     3009
..................................................................


WIND (MPH)
  HIGHEST WIND SPEED    13   HIGHEST WIND DIRECTION     S (200)
  HIGHEST GUST SPEED    17   HIGHEST GUST DIRECTION     S (180)
  AVERAGE WIND SPEED     4.5


SKY COVER
  POSSIBLE SUNSHINE  MM
  AVERAGE SKY COVER 0.3


WEATHER CONDITIONS
 THE FOLLOWING WEATHER WAS RECORDED TODAY.
  NO SIGNIFICANT WEATHER WAS OBSERVED.


RELATIVE HUMIDITY (PERCENT)
 HIGHEST    92           500 AM
 LOWEST     28           100 PM
 AVERAGE    60

..........................................................


THE SHREVEPORT CLIMATE NORMALS FOR TOMORROW
                         NORMAL    RECORD    YEAR
 MAXIMUM TEMPERATURE (F)   64        83      1967
 MINIMUM TEMPERATURE (F)   42        23      1950
                                             1881


SUNRISE AND SUNSET
NOVEMBER 24 2017......SUNRISE   653 AM CST   SUNSET   511 PM CST
NOVEMBER 25 2017......SUNRISE   654 AM CST   SUNSET   510 PM CST


-  INDICATES NEGATIVE NUMBERS.
R  INDICATES RECORD WAS SET OR TIED.
MM INDICATES DATA IS MISSING.
T  INDICATES TRACE AMOUNT.




$$
