000
CDUS46 KMFR 060101
CLISIY


CLIMATE REPORT
NATIONAL WEATHER SERVICE MEDFORD, OR
548 PM PDT SUN JUL 5 2015


...................................

...THE MONTAGUE CA CLIMATE SUMMARY FOR JULY 5 2015...
VALID TODAY AS OF 0500 PM LOCAL TIME.

CLIMATE NORMAL PERIOD 1981 TO 2010
CLIMATE RECORD PERIOD 1948 TO 2015


WEATHER ITEM   OBSERVED TIME   RECORD YEAR NORMAL DEPARTURE LAST
                VALUE   (LST)  VALUE       VALUE  FROM      YEAR
                                                  NORMAL
..................................................................
TEMPERATURE (F)
 TODAY
  MAXIMUM         93        MM 105    2007  88      5       99
  MINIMUM         69        MM  38    1986  53     16       56
  AVERAGE         81                        71     10       78

PRECIPITATION (IN)
  TODAY            0.00          1.15 1970   0.01  -0.01     0.00
  MONTH TO DATE    0.04                      0.05  -0.01     0.02
  SINCE OCT 1     12.36                     17.09  -4.73     6.69
  SINCE JAN 1      6.45                     10.26  -3.81     6.05

SNOWFALL (IN)
  TODAY           MM                        MM     MM       MM
  MONTH TO DATE   MM                        MM     MM       MM
  SINCE JUL 1     MM                        MM     MM       MM
  SNOW DEPTH      MM

DEGREE DAYS
 HEATING
  TODAY            0                         0      0        0
  MONTH TO DATE    0                         1     -1        0
  SINCE JUN 1     17                        94    -77       46
  SINCE JUL 1      0                         1     -1        0

 COOLING
  TODAY           16                         6     10       13
  MONTH TO DATE   94                        27     67       70
  SINCE JUN 1    328                        85    243      153
  SINCE JAN 1    343                        98    245      160
..................................................................


WIND (MPH)
  HIGHEST WIND SPEED    17   HIGHEST WIND DIRECTION    NW (330)
  HIGHEST GUST SPEED    20   HIGHEST GUST DIRECTION    NW (330)
  AVERAGE WIND SPEED    MM


SKY COVER
  POSSIBLE SUNSHINE   0 PERCENT
  AVERAGE SKY COVER 0.0


WEATHER CONDITIONS
 THE FOLLOWING WEATHER WAS RECORDED TODAY.
  NO SIGNIFICANT WEATHER WAS OBSERVED.


RELATIVE HUMIDITY (PERCENT)
 HIGHEST    MM          1200 AM
 LOWEST     MM          1200 AM

..........................................................


THE MONTAGUE CA CLIMATE NORMALS FOR TOMORROW
                         NORMAL    RECORD    YEAR
 MAXIMUM TEMPERATURE (F)   89       103      1968
 MINIMUM TEMPERATURE (F)   53        39      1988


SUNRISE AND SUNSET
JULY  5 2015..........SUNRISE   541 AM PDT   SUNSET   848 PM PDT
JULY  6 2015..........SUNRISE   542 AM PDT   SUNSET   847 PM PDT


-  INDICATES NEGATIVE NUMBERS.
R  INDICATES RECORD WAS SET OR TIED.
MM INDICATES DATA IS MISSING.
T  INDICATES TRACE AMOUNT.




$$
