000
CDUS46 KMFR 110835
CLISIY


CLIMATE REPORT
NATIONAL WEATHER SERVICE MEDFORD, OR
1235 AM PST SUN DEC 11 2016


...................................

...THE MONTAGUE CA CLIMATE SUMMARY FOR DECEMBER 10 2016...

CLIMATE NORMAL PERIOD 1981 TO 2010
CLIMATE RECORD PERIOD 1948 TO 2016


WEATHER ITEM   OBSERVED TIME   RECORD YEAR NORMAL DEPARTURE LAST
                VALUE   (LST)  VALUE       VALUE  FROM      YEAR
                                                  NORMAL
..................................................................
TEMPERATURE (F)
 YESTERDAY
  MAXIMUM         50    131 PM  63    1950  44      6       52
  MINIMUM         28   1159 PM -10    1972  26      2       37
  AVERAGE         39                        35      4       45

PRECIPITATION (IN)
  YESTERDAY        0.15          0.82 1996   0.08   0.07     0.55
  MONTH TO DATE    0.44                      0.79  -0.35     1.34
  SINCE OCT 1      6.42                      4.96   1.46     2.35
  SINCE JAN 1     16.65                     16.60   0.05     9.57

SNOWFALL (IN)
  YESTERDAY       MM                        MM     MM       MM
  MONTH TO DATE   MM                        MM     MM       MM
  SINCE JUL 1     MM                        MM     MM       MM
  SNOW DEPTH      MM

DEGREE DAYS
 HEATING
  YESTERDAY       26                        30     -4       20
  MONTH TO DATE  295                       298     -3      212
  SINCE DEC 1    295                       298     -3      212
  SINCE JUL 1   1425                      1604   -179     1295

 COOLING
  YESTERDAY        0                         0      0        0
  MONTH TO DATE    0                         0      0        0
  SINCE DEC 1      0                         0      0        0
  SINCE JAN 1    689                       544    145      922
..................................................................


WIND (MPH)
  HIGHEST WIND SPEED    18   HIGHEST WIND DIRECTION    NW (300)
  HIGHEST GUST SPEED    23   HIGHEST GUST DIRECTION    NW (310)
  AVERAGE WIND SPEED     4.6


SKY COVER
  POSSIBLE SUNSHINE  MM
  AVERAGE SKY COVER 0.5


WEATHER CONDITIONS
 THE FOLLOWING WEATHER WAS RECORDED YESTERDAY.
  LIGHT RAIN
  FOG


RELATIVE HUMIDITY (PERCENT)
 HIGHEST   100          1200 AM
 LOWEST     61           300 PM

..........................................................


THE MONTAGUE CA CLIMATE NORMALS FOR TODAY
                         NORMAL    RECORD    YEAR
 MAXIMUM TEMPERATURE (F)   44        60      1958
 MINIMUM TEMPERATURE (F)   26        -9      1972


SUNRISE AND SUNSET
DECEMBER 11 2016......SUNRISE   728 AM PST   SUNSET   439 PM PST
DECEMBER 12 2016......SUNRISE   728 AM PST   SUNSET   439 PM PST


-  INDICATES NEGATIVE NUMBERS.
R  INDICATES RECORD WAS SET OR TIED.
MM INDICATES DATA IS MISSING.
T  INDICATES TRACE AMOUNT.




$$
