000
CDUS46 KMFR 240836
CLISIY


CLIMATE REPORT
NATIONAL WEATHER SERVICE MEDFORD, OR
135 AM PDT WED AUG 24 2016


...................................

...THE MONTAGUE CA CLIMATE SUMMARY FOR AUGUST 23 2016...

CLIMATE NORMAL PERIOD 1981 TO 2010
CLIMATE RECORD PERIOD 1948 TO 2016


WEATHER ITEM   OBSERVED TIME   RECORD YEAR NORMAL DEPARTURE LAST
                VALUE   (LST)  VALUE       VALUE  FROM      YEAR
                                                  NORMAL
..................................................................
TEMPERATURE (F)
 YESTERDAY
  MAXIMUM         92    320 PM 101    1982  88      4       95
  MINIMUM         47    524 AM  39    1992  50     -3       55
  AVERAGE         70                        69      1       75

PRECIPITATION (IN)
  YESTERDAY        0.00          1.02 1948   0.00   0.00     0.00
  MONTH TO DATE    0.02                      0.30  -0.28     0.01
  SINCE OCT 1     15.14                     17.79  -2.65    13.13
  SINCE JAN 1     10.05                     10.96  -0.91     7.22

SNOWFALL (IN)
  YESTERDAY       MM                        MM     MM       MM
  MONTH TO DATE   MM                        MM     MM       MM
  SINCE JUL 1     MM                        MM     MM       MM
  SNOW DEPTH      MM

DEGREE DAYS
 HEATING
  YESTERDAY        0                         1     -1        0
  MONTH TO DATE    0                         1     -1        0
  SINCE JUN 1     85                        98    -13       17
  SINCE JUL 1     12                         5      7        0

 COOLING
  YESTERDAY        5                         5      0       10
  MONTH TO DATE  224                       159     65      208
  SINCE JUN 1    602                       459    143      766
  SINCE JAN 1    606                       472    134      781
..................................................................


WIND (MPH)
  HIGHEST WIND SPEED    17   HIGHEST WIND DIRECTION     N (350)
  HIGHEST GUST SPEED    21   HIGHEST GUST DIRECTION     N (10)
  AVERAGE WIND SPEED     6.1


SKY COVER
  POSSIBLE SUNSHINE  MM
  AVERAGE SKY COVER 0.0


WEATHER CONDITIONS
 THE FOLLOWING WEATHER WAS RECORDED YESTERDAY.
  HAZE


RELATIVE HUMIDITY (PERCENT)
 HIGHEST    46           500 AM
 LOWEST      8           300 PM

..........................................................


THE MONTAGUE CA CLIMATE NORMALS FOR TODAY
                         NORMAL    RECORD    YEAR
 MAXIMUM TEMPERATURE (F)   88       100      1982
 MINIMUM TEMPERATURE (F)   50        37      1989


SUNRISE AND SUNSET
AUGUST 24 2016........SUNRISE   628 AM PDT   SUNSET   755 PM PDT
AUGUST 25 2016........SUNRISE   629 AM PDT   SUNSET   754 PM PDT


-  INDICATES NEGATIVE NUMBERS.
R  INDICATES RECORD WAS SET OR TIED.
MM INDICATES DATA IS MISSING.
T  INDICATES TRACE AMOUNT.




$$
