000
CDUS46 KMFR 210839
CLISIY


CLIMATE REPORT
NATIONAL WEATHER SERVICE MEDFORD, OR
138 AM PDT MON AUG 21 2017


...................................

...THE MONTAGUE CA CLIMATE SUMMARY FOR AUGUST 20 2017...

CLIMATE NORMAL PERIOD 1981 TO 2010
CLIMATE RECORD PERIOD 1948 TO 2017


WEATHER ITEM   OBSERVED TIME   RECORD YEAR NORMAL DEPARTURE LAST
                VALUE   (LST)  VALUE       VALUE  FROM      YEAR
                                                  NORMAL
..................................................................
TEMPERATURE (F)
 YESTERDAY
  MAXIMUM         93    317 PM 103    2016  89      4      103
                                      1967
  MINIMUM         50    555 AM  41    1974  51     -1       56
  AVERAGE         72                        70      2       80

PRECIPITATION (IN)
  YESTERDAY        0.00          1.02 1997   0.01  -0.01     0.00
  MONTH TO DATE    0.02                      0.30  -0.28     0.02
  SINCE OCT 1     15.91                     17.79  -1.88    15.14
  SINCE JAN 1      7.70                     10.96  -3.26    10.05

SNOWFALL (IN)
  YESTERDAY       MM                        MM     MM       MM
  MONTH TO DATE   MM                        MM     MM       MM
  SINCE JUL 1     MM                        MM     MM       MM
  SNOW DEPTH      MM

DEGREE DAYS
 HEATING
  YESTERDAY        0                         0      0        0
  MONTH TO DATE    0                         0      0        0
  SINCE JUN 1     88                        97     -9       85
  SINCE JUL 1      0                         4     -4       12

 COOLING
  YESTERDAY        7                         5      2       15
  MONTH TO DATE  226                       144     82      198
  SINCE JUN 1    699                       444    255      576
  SINCE JAN 1    714                       457    257      580
..................................................................


WIND (MPH)
  HIGHEST WIND SPEED    20   HIGHEST WIND DIRECTION     N (350)
  HIGHEST GUST SPEED    23   HIGHEST GUST DIRECTION    NW (330)
  AVERAGE WIND SPEED     6.5


SKY COVER
  POSSIBLE SUNSHINE  MM
  AVERAGE SKY COVER 0.0


WEATHER CONDITIONS
 THE FOLLOWING WEATHER WAS RECORDED YESTERDAY.
  HAZE


RELATIVE HUMIDITY (PERCENT)
 HIGHEST    74           600 AM
 LOWEST     14           200 PM

..........................................................


THE MONTAGUE CA CLIMATE NORMALS FOR TODAY
                         NORMAL    RECORD    YEAR
 MAXIMUM TEMPERATURE (F)   89        99      2016
                                             1967
 MINIMUM TEMPERATURE (F)   51        42      2002


SUNRISE AND SUNSET
AUGUST 21 2017........SUNRISE   625 AM PDT   SUNSET   800 PM PDT
AUGUST 22 2017........SUNRISE   626 AM PDT   SUNSET   759 PM PDT


-  INDICATES NEGATIVE NUMBERS.
R  INDICATES RECORD WAS SET OR TIED.
MM INDICATES DATA IS MISSING.
T  INDICATES TRACE AMOUNT.




$$
