000
CDUS46 KMFR 220847
CLISIY


CLIMATE REPORT
NATIONAL WEATHER SERVICE MEDFORD, OR
147 AM PDT FRI MAY 22 2015


...................................

...THE MONTAGUE CA CLIMATE SUMMARY FOR MAY 21 2015...

CLIMATE NORMAL PERIOD 1981 TO 2010
CLIMATE RECORD PERIOD 1948 TO 2015


WEATHER ITEM   OBSERVED TIME   RECORD YEAR NORMAL DEPARTURE LAST
                VALUE   (LST)  VALUE       VALUE  FROM      YEAR
                                                  NORMAL
..................................................................
TEMPERATURE (F)
 YESTERDAY
  MAXIMUM         71    345 PM  92    2001  73     -2       80
                                      1988
  MINIMUM         51   1149 PM  31    1962  41     10       41
  AVERAGE         61                        57      4       61

PRECIPITATION (IN)
  YESTERDAY        0.00          0.49 2002   0.03  -0.03     0.00
  MONTH TO DATE    0.91                      1.17  -0.26     0.42
  SINCE OCT 1     11.95                     16.08  -4.13     6.47
  SINCE JAN 1      6.04                      9.25  -3.21     5.83

SNOWFALL (IN)
  YESTERDAY       MM                        MM     MM       MM
  MONTH TO DATE   MM                        MM     MM       MM
  SINCE JUL 1     MM                        MM     MM        0.0
  SNOW DEPTH      MM

DEGREE DAYS
 HEATING
  YESTERDAY        4                         8     -4        4
  MONTH TO DATE  190                       217    -27      183
  SINCE MAR 1   1170                      1438   -268     1151
  SINCE JUL 1   4312                      5315  -1003     5199

 COOLING
  YESTERDAY        0                         1     -1        0
  MONTH TO DATE    0                         6     -6        4
  SINCE MAR 1      0                         6     -6        6
  SINCE JAN 1      0                         6     -6        6
..................................................................


WIND (MPH)
  HIGHEST WIND SPEED    20   HIGHEST WIND DIRECTION    NW (320)
  HIGHEST GUST SPEED    24   HIGHEST GUST DIRECTION    NW (320)
  AVERAGE WIND SPEED     5.3


SKY COVER
  POSSIBLE SUNSHINE  MM
  AVERAGE SKY COVER 0.7


WEATHER CONDITIONS
 THE FOLLOWING WEATHER WAS RECORDED YESTERDAY.
  NO SIGNIFICANT WEATHER WAS OBSERVED.


RELATIVE HUMIDITY (PERCENT)
 HIGHEST   100           500 AM
 LOWEST     42           100 PM

..........................................................


THE MONTAGUE CA CLIMATE NORMALS FOR TODAY
                         NORMAL    RECORD    YEAR
 MAXIMUM TEMPERATURE (F)   74        95      2001
 MINIMUM TEMPERATURE (F)   42        25      2013


SUNRISE AND SUNSET
MAY 22 2015...........SUNRISE   544 AM PDT   SUNSET   830 PM PDT
MAY 23 2015...........SUNRISE   543 AM PDT   SUNSET   831 PM PDT


-  INDICATES NEGATIVE NUMBERS.
R  INDICATES RECORD WAS SET OR TIED.
MM INDICATES DATA IS MISSING.
T  INDICATES TRACE AMOUNT.




$$
