000
CDUS46 KMFR 240838
CLISIY


CLIMATE REPORT
NATIONAL WEATHER SERVICE MEDFORD, OR
1238 AM PST TUE JAN 24 2017


...................................

...THE MONTAGUE CA CLIMATE SUMMARY FOR JANUARY 23 2017...

CLIMATE NORMAL PERIOD 1981 TO 2010
CLIMATE RECORD PERIOD 1948 TO 2017


WEATHER ITEM   OBSERVED TIME   RECORD YEAR NORMAL DEPARTURE LAST
                VALUE   (LST)  VALUE       VALUE  FROM      YEAR
                                                  NORMAL
..................................................................
TEMPERATURE (F)
 YESTERDAY
  MAXIMUM         44    312 PM  63    2014  45     -1       50
  MINIMUM         24    740 AM  -5    1962  26     -2       38
  AVERAGE         34                        35     -1       44

PRECIPITATION (IN)
  YESTERDAY        0.00          0.93 1954   0.04  -0.04     0.02
  MONTH TO DATE    1.62                      1.86  -0.24     2.49
  SINCE OCT 1      9.83                      8.69   1.14     7.58
  SINCE JAN 1      1.62                      1.86  -0.24     2.49

SNOWFALL (IN)
  YESTERDAY        0.0                      MM     MM       MM
  MONTH TO DATE    0.0                      MM     MM       MM
  SINCE JUL 1      0.0                      MM     MM       MM
  SNOW DEPTH      MM

DEGREE DAYS
 HEATING
  YESTERDAY       31                        30      1       21
  MONTH TO DATE  803                       690    113      622
  SINCE DEC 1   1817                      1617    200     1482
  SINCE JUL 1   2947                      2923     24     2565

 COOLING
  YESTERDAY        0                         0      0        0
  MONTH TO DATE    0                         0      0        0
  SINCE DEC 1      0                         0      0        0
  SINCE JAN 1      0                         0      0        0
..................................................................


WIND (MPH)
  HIGHEST WIND SPEED    10   HIGHEST WIND DIRECTION    NE (30)
  HIGHEST GUST SPEED    11   HIGHEST GUST DIRECTION     N (20)
  AVERAGE WIND SPEED     2.4


SKY COVER
  POSSIBLE SUNSHINE  MM
  AVERAGE SKY COVER 0.3


WEATHER CONDITIONS
 THE FOLLOWING WEATHER WAS RECORDED YESTERDAY.
  FOG


RELATIVE HUMIDITY (PERCENT)
 HIGHEST    92
 LOWEST     53           300 PM

..........................................................


THE MONTAGUE CA CLIMATE NORMALS FOR TODAY
                         NORMAL    RECORD    YEAR
 MAXIMUM TEMPERATURE (F)   45        65      2014
 MINIMUM TEMPERATURE (F)   26        -3      1962


SUNRISE AND SUNSET
JANUARY 24 2017.......SUNRISE   729 AM PST   SUNSET   516 PM PST
JANUARY 25 2017.......SUNRISE   728 AM PST   SUNSET   517 PM PST


-  INDICATES NEGATIVE NUMBERS.
R  INDICATES RECORD WAS SET OR TIED.
MM INDICATES DATA IS MISSING.
T  INDICATES TRACE AMOUNT.




$$
