410
CDUS46 KMFR 290836
CLISIY


CLIMATE REPORT
NATIONAL WEATHER SERVICE MEDFORD, OR
136 AM PDT SUN MAY 29 2016


...................................

...THE MONTAGUE CA CLIMATE SUMMARY FOR MAY 28 2016...

CLIMATE NORMAL PERIOD 1981 TO 2010
CLIMATE RECORD PERIOD 1948 TO 2016


WEATHER ITEM   OBSERVED TIME   RECORD YEAR NORMAL DEPARTURE LAST
                VALUE   (LST)  VALUE       VALUE  FROM      YEAR
                                                  NORMAL
..................................................................
TEMPERATURE (F)
 YESTERDAY
  MAXIMUM         80    346 PM 103    1983  75      5       88
  MINIMUM         34    505 AM  31    2011  43     -9       46
  AVERAGE         57                        59     -2       67

PRECIPITATION (IN)
  YESTERDAY        T             0.64 1990   0.03  -0.03     0.00
                                      1990
                                      2008
  MONTH TO DATE    0.78                      1.36  -0.58     0.92
  SINCE OCT 1     13.89                     16.27  -2.38    11.96
  SINCE JAN 1      8.80                      9.44  -0.64     6.05

SNOWFALL (IN)
  YESTERDAY       MM                        MM     MM       MM
  MONTH TO DATE   MM                        MM     MM       MM
  SINCE JUL 1     MM                        MM     MM       MM
  SNOW DEPTH      MM

DEGREE DAYS
 HEATING
  YESTERDAY        8                         7      1        0
  MONTH TO DATE  206                       270    -64      217
  SINCE MAR 1   1150                      1491   -341     1197
  SINCE JUL 1   4567                      5368   -801     4339

 COOLING
  YESTERDAY        0                         1     -1        2
  MONTH TO DATE    1                        13    -12        2
  SINCE MAR 1      1                        13    -12        2
  SINCE JAN 1      1                        13    -12        2
..................................................................


WIND (MPH)
  HIGHEST WIND SPEED    16   HIGHEST WIND DIRECTION     N (360)
  HIGHEST GUST SPEED    19   HIGHEST GUST DIRECTION     N (360)
  AVERAGE WIND SPEED     5.0


SKY COVER
  POSSIBLE SUNSHINE  MM
  AVERAGE SKY COVER 0.0


WEATHER CONDITIONS
 THE FOLLOWING WEATHER WAS RECORDED YESTERDAY.
  LIGHT RAIN


RELATIVE HUMIDITY (PERCENT)
 HIGHEST    85           600 AM
 LOWEST     15           400 PM

..........................................................


THE MONTAGUE CA CLIMATE NORMALS FOR TODAY
                         NORMAL    RECORD    YEAR
 MAXIMUM TEMPERATURE (F)   75        98      1986
 MINIMUM TEMPERATURE (F)   43        30      1988


SUNRISE AND SUNSET
MAY 29 2016...........SUNRISE   539 AM PDT   SUNSET   836 PM PDT
MAY 30 2016...........SUNRISE   538 AM PDT   SUNSET   837 PM PDT


-  INDICATES NEGATIVE NUMBERS.
R  INDICATES RECORD WAS SET OR TIED.
MM INDICATES DATA IS MISSING.
T  INDICATES TRACE AMOUNT.




$$
