985
CDUS46 KMFR 070843
CLISIY


CLIMATE REPORT
NATIONAL WEATHER SERVICE MEDFORD, OR
1243 AM PST SUN FEB 7 2016


...................................

...THE MONTAGUE CA CLIMATE SUMMARY FOR FEBRUARY 6 2016...

CLIMATE NORMAL PERIOD 1981 TO 2010
CLIMATE RECORD PERIOD 1948 TO 2016


WEATHER ITEM   OBSERVED TIME   RECORD YEAR NORMAL DEPARTURE LAST
                VALUE   (LST)  VALUE       VALUE  FROM      YEAR
                                                  NORMAL
..................................................................
TEMPERATURE (F)
 YESTERDAY
  MAXIMUM         56    453 PM  69    1963  48      8       49
  MINIMUM         33    546 AM  -2    1989  27      6       43
  AVERAGE         45                        37      8       46

PRECIPITATION (IN)
  YESTERDAY        0.00          1.54 2015   0.07  -0.07     1.54
  MONTH TO DATE    0.01                      0.37  -0.36     2.90
  SINCE OCT 1      8.67                      9.40  -0.73     9.52
  SINCE JAN 1      3.58                      2.57   1.01     3.61

SNOWFALL (IN)
  YESTERDAY       MM                        MM     MM       MM
  MONTH TO DATE   MM                        MM     MM       MM
  SINCE JUL 1     MM                        MM     MM       MM
  SNOW DEPTH      MM

DEGREE DAYS
 HEATING
  YESTERDAY       20                        28     -8       19
  MONTH TO DATE  168                       169     -1      107
  SINCE DEC 1   1861                      2015   -154     1650
  SINCE JUL 1   2944                      3321   -377     2655

 COOLING
  YESTERDAY        0                         0      0        0
  MONTH TO DATE    0                         0      0        0
  SINCE DEC 1      0                         0      0        0
  SINCE JAN 1      0                         0      0        0
..................................................................


WIND (MPH)
  HIGHEST WIND SPEED    10   HIGHEST WIND DIRECTION     N (20)
  HIGHEST GUST SPEED    10   HIGHEST GUST DIRECTION     N (20)
  AVERAGE WIND SPEED     2.5


SKY COVER
  POSSIBLE SUNSHINE  MM
  AVERAGE SKY COVER 0.7


WEATHER CONDITIONS
 THE FOLLOWING WEATHER WAS RECORDED YESTERDAY.
  NO SIGNIFICANT WEATHER WAS OBSERVED.


RELATIVE HUMIDITY (PERCENT)
 HIGHEST    92           400 AM
 LOWEST     46           300 PM

..........................................................


THE MONTAGUE CA CLIMATE NORMALS FOR TODAY
                         NORMAL    RECORD    YEAR
 MAXIMUM TEMPERATURE (F)   48        66      1996
 MINIMUM TEMPERATURE (F)   27         2      1989


SUNRISE AND SUNSET
FEBRUARY  7 2016......SUNRISE   716 AM PST   SUNSET   532 PM PST
FEBRUARY  8 2016......SUNRISE   715 AM PST   SUNSET   534 PM PST


-  INDICATES NEGATIVE NUMBERS.
R  INDICATES RECORD WAS SET OR TIED.
MM INDICATES DATA IS MISSING.
T  INDICATES TRACE AMOUNT.




$$
