000
CDUS46 KMTR 230028
CLISJC


CLIMATE REPORT
NATIONAL WEATHER SERVICE SAN FRANCISCO BAY AREA
428 PM PST SUN JAN 22 2017


...................................

...THE SAN JOSE CA CLIMATE SUMMARY FOR JANUARY 22 2017...
VALID TODAY AS OF 0400 PM LOCAL TIME.

CLIMATE NORMAL PERIOD 1981 TO 2010
CLIMATE RECORD PERIOD 1893 TO 2017


WEATHER ITEM   OBSERVED TIME   RECORD YEAR NORMAL DEPARTURE LAST
                VALUE   (LST)  VALUE       VALUE  FROM      YEAR
                                                  NORMAL
..................................................................
TEMPERATURE (F)
 TODAY
  MAXIMUM         57   1221 PM  72    2014  59     -2       63
                                      2011
  MINIMUM         49    440 AM  25    1937  42      7       56
  AVERAGE         53                        50      3       60

PRECIPITATION (IN)
  TODAY            0.51          1.63 1983   0.09   0.42     0.42
  MONTH TO DATE    5.25                      2.18   3.07     3.85
  SINCE OCT 1      9.63                      7.27   2.36     8.55
  SINCE JAN 1      5.25                      2.18   3.07     3.85

SNOWFALL (IN)
  TODAY           MM             0.0  1947
  MONTH TO DATE    0.0
  SINCE DEC 1      0.0
  SINCE JUL 1      0.0

DEGREE DAYS
 HEATING
  TODAY           12                        15     -3        5
  MONTH TO DATE  321                       338    -17      244
  SINCE DEC 1    765                       805    -40      700
  SINCE JUL 1    988                      1212   -224     1065

 COOLING
  TODAY            0                         0      0        0
  MONTH TO DATE    0                         0      0        0
  SINCE DEC 1      0                         0      0        0
  SINCE JAN 1      0                         0      0        0
..................................................................


WIND (MPH)
  RESULTANT WIND SPEED  20   RESULTANT WIND DIRECTION  SE (120)
  HIGHEST WIND SPEED    37   HIGHEST WIND DIRECTION    SE (120)
  HIGHEST GUST SPEED    46   HIGHEST GUST DIRECTION    SE (120)
  AVERAGE WIND SPEED    20.4


SKY COVER
  POSSIBLE SUNSHINE  MM
  AVERAGE SKY COVER 0.8


WEATHER CONDITIONS
 THE FOLLOWING WEATHER WAS RECORDED TODAY.
  RAIN
  LIGHT RAIN
  FOG
  HAZE


RELATIVE HUMIDITY (PERCENT)
 HIGHEST    96           900 AM
 LOWEST     68          1200 AM
 AVERAGE    82

..........................................................


THE SAN JOSE CA CLIMATE NORMALS FOR TOMORROW
                         NORMAL    RECORD    YEAR
 MAXIMUM TEMPERATURE (F)   59        78      1948
 MINIMUM TEMPERATURE (F)   42        25      1937


SUNRISE AND SUNSET
JANUARY 22 2017.......SUNRISE   718 AM PST   SUNSET   522 PM PST
JANUARY 23 2017.......SUNRISE   717 AM PST   SUNSET   523 PM PST


-  INDICATES NEGATIVE NUMBERS.
R  INDICATES RECORD WAS SET OR TIED.
MM INDICATES DATA IS MISSING.
T  INDICATES TRACE AMOUNT.




$$
