000
CDUS46 KMTR 280827
CLISJC


CLIMATE REPORT
NATIONAL WEATHER SERVICE SAN FRANCISCO BAY AREA
126 AM PDT SAT MAR 28 2015


...................................

...THE SAN JOSE AIRPORT CLIMATE SUMMARY FOR MARCH 27 2015...

CLIMATE NORMAL PERIOD 1981 TO 2010
CLIMATE RECORD PERIOD 1893 TO 2015


WEATHER ITEM   OBSERVED TIME   RECORD YEAR NORMAL DEPARTURE LAST
                VALUE   (LST)  VALUE       VALUE  FROM      YEAR
                                                  NORMAL
..................................................................
TEMPERATURE (F)
 YESTERDAY
  MAXIMUM         70    139 PM  83    1986  67      3       65
  MINIMUM         55   1159 PM  35    1972  47      8       46
  AVERAGE         63                        57      6       56

PRECIPITATION (IN)
  YESTERDAY        0.00          1.30 1963   0.05  -0.05     0.00
  MONTH TO DATE    0.19                      1.82  -1.63     0.59
  SINCE OCT 1     11.88                     12.91  -1.03     4.26
  SINCE JAN 1      1.93                      8.13  -6.20     3.36

SNOWFALL (IN)
  YESTERDAY        0.0                      MM     MM        0.0
  MONTH TO DATE    0.0                      MM     MM        0.0
  SINCE MAR 1      0.0                      MM     MM        0.0
  SINCE JUL 1      0.0                      MM     MM        0.0

DEGREE DAYS
 HEATING
  YESTERDAY        2                         8     -6        9
  MONTH TO DATE  123                       220    -97      133
  SINCE MAR 1    123                       220    -97      133
  SINCE JUL 1   1343                      1683   -340     1674

 COOLING
  YESTERDAY        0                         0      0        0
  MONTH TO DATE   14                         0     14        4
  SINCE MAR 1     14                         0     14        4
  SINCE JAN 1     14                         0     14        4
..................................................................


WIND (MPH)
  RESULTANT WIND SPEED   6   RESULTANT WIND DIRECTION  NW (310)
  HIGHEST WIND SPEED    20   HIGHEST WIND DIRECTION    NW (300)
  HIGHEST GUST SPEED    23   HIGHEST GUST DIRECTION    NW (320)
  AVERAGE WIND SPEED     6.4


SKY COVER
  POSSIBLE SUNSHINE  MM
  AVERAGE SKY COVER 0.1


WEATHER CONDITIONS
 THE FOLLOWING WEATHER WAS RECORDED YESTERDAY.
  NO SIGNIFICANT WEATHER WAS OBSERVED.


RELATIVE HUMIDITY (PERCENT)
 HIGHEST    93           600 AM
 LOWEST     55           400 PM
 AVERAGE    74

..........................................................


THE SAN JOSE AIRPORT CLIMATE NORMALS FOR TODAY
                         NORMAL    RECORD    YEAR
 MAXIMUM TEMPERATURE (F)   67        81      1893
 MINIMUM TEMPERATURE (F)   47        36      1972


SUNRISE AND SUNSET
MARCH 28 2015.........SUNRISE   659 AM PDT   SUNSET   727 PM PDT
MARCH 29 2015.........SUNRISE   658 AM PDT   SUNSET   728 PM PDT


-  INDICATES NEGATIVE NUMBERS.
R  INDICATES RECORD WAS SET OR TIED.
MM INDICATES DATA IS MISSING.
T  INDICATES TRACE AMOUNT.




$$
