000
CDUS46 KMTR 130027
CLISJC


CLIMATE REPORT
NATIONAL WEATHER SERVICE SAN FRANCISCO BAY AREA
426 PM PST FRI FEB 12 2016


...................................

...THE SAN JOSE CA CLIMATE SUMMARY FOR FEBRUARY 12 2016...
VALID TODAY AS OF 0400 PM LOCAL TIME.

CLIMATE NORMAL PERIOD 1981 TO 2010
CLIMATE RECORD PERIOD 1893 TO 2016


WEATHER ITEM   OBSERVED TIME   RECORD YEAR NORMAL DEPARTURE LAST
                VALUE   (LST)  VALUE       VALUE  FROM      YEAR
                                                  NORMAL
..................................................................
TEMPERATURE (F)
 TODAY
  MAXIMUM         69    252 PM  78    1971  63      6       72
  MINIMUM         48    506 AM  27    1904  45      3       44
  AVERAGE         59                        54      5       58

PRECIPITATION (IN)
  TODAY            0.00          1.07 1992   0.11  -0.11     0.00
  MONTH TO DATE    0.05                      1.27  -1.22     1.70
  SINCE OCT 1      8.84                      9.04  -0.20    11.65
  SINCE JAN 1      4.14                      4.26  -0.12     1.70

SNOWFALL (IN)
  TODAY            0.0           0.0  1947
  MONTH TO DATE    0.0
  SINCE DEC 1      0.0
  SINCE JUL 1      0.0

DEGREE DAYS
 HEATING
  TODAY            6                        11     -5        7
  MONTH TO DATE  114                       141    -27       82
  SINCE DEC 1    908                       985    -77      815
  SINCE JUL 1   1273                      1310    -37     1099

 COOLING
  TODAY            0                         0      0        0
  MONTH TO DATE    0                         0      0        0
  SINCE DEC 1      0                         0      0        0
  SINCE JAN 1      0                         0      0        0
..................................................................


WIND (MPH)
  RESULTANT WIND SPEED   2   RESULTANT WIND DIRECTION   W (290)
  HIGHEST WIND SPEED    15   HIGHEST WIND DIRECTION    NW (300)
  HIGHEST GUST SPEED    18   HIGHEST GUST DIRECTION    NW (310)
  AVERAGE WIND SPEED     3.3


SKY COVER
  POSSIBLE SUNSHINE  MM
  AVERAGE SKY COVER 0.5


WEATHER CONDITIONS
 THE FOLLOWING WEATHER WAS RECORDED TODAY.
  FOG
  HAZE


RELATIVE HUMIDITY (PERCENT)
 HIGHEST    93           500 AM
 LOWEST     49           200 PM
 AVERAGE    71

..........................................................


THE SAN JOSE CA CLIMATE NORMALS FOR TOMORROW
                         NORMAL    RECORD    YEAR
 MAXIMUM TEMPERATURE (F)   64        77      2015
 MINIMUM TEMPERATURE (F)   45        27      1894


SUNRISE AND SUNSET
FEBRUARY 12 2016......SUNRISE   701 AM PST   SUNSET   544 PM PST
FEBRUARY 13 2016......SUNRISE   659 AM PST   SUNSET   545 PM PST


-  INDICATES NEGATIVE NUMBERS.
R  INDICATES RECORD WAS SET OR TIED.
MM INDICATES DATA IS MISSING.
T  INDICATES TRACE AMOUNT.




$$
