000
CDUS46 KMTR 050827
CLISJC


CLIMATE REPORT
NATIONAL WEATHER SERVICE SAN FRANCISCO BAY AREA
1226 AM PST MON DEC 5 2016


...................................

...THE SAN JOSE AIRPORT CLIMATE SUMMARY FOR DECEMBER 4 2016...

CLIMATE NORMAL PERIOD 1981 TO 2010
CLIMATE RECORD PERIOD 1893 TO 2016


WEATHER ITEM   OBSERVED TIME   RECORD YEAR NORMAL DEPARTURE LAST
                VALUE   (LST)  VALUE       VALUE  FROM      YEAR
                                                  NORMAL
..................................................................
TEMPERATURE (F)
 YESTERDAY
  MAXIMUM         62    144 PM  75    1958  59      3       62
  MINIMUM         42    728 AM  32    1936  43     -1       40
  AVERAGE         52                        51      1       51

PRECIPITATION (IN)
  YESTERDAY        0.00          2.60 1915   0.07  -0.07     0.00
  MONTH TO DATE    0.00                      0.28  -0.28     0.11
  SINCE OCT 1      2.87                      2.76   0.11     2.58
  SINCE JAN 1     13.08                     13.49  -0.41     6.02

SNOWFALL (IN)
  YESTERDAY        0.0                       0.0    0.0      0.0
  MONTH TO DATE    0.0                       0.0    0.0      0.0
  SINCE DEC 1      0.0                       0.0    0.0      0.0
  SINCE JUL 1      0.0                       0.0    0.0      0.0

DEGREE DAYS
 HEATING
  YESTERDAY       13                        14     -1       14
  MONTH TO DATE   50                        56     -6       57
  SINCE DEC 1     50                        56     -6       57
  SINCE JUL 1    273                       463   -190      422

 COOLING
  YESTERDAY        0                         0      0        0
  MONTH TO DATE    0                         0      0        0
  SINCE DEC 1      0                         0      0        0
  SINCE JAN 1    706                       637     69      765
..................................................................


WIND (MPH)
  RESULTANT WIND SPEED   3   RESULTANT WIND DIRECTION  NW (320)
  HIGHEST WIND SPEED    14   HIGHEST WIND DIRECTION    NW (300)
  HIGHEST GUST SPEED    16   HIGHEST GUST DIRECTION    NW (300)
  AVERAGE WIND SPEED     4.9


SKY COVER
  POSSIBLE SUNSHINE  MM
  AVERAGE SKY COVER 0.5


WEATHER CONDITIONS
 THE FOLLOWING WEATHER WAS RECORDED YESTERDAY.
  NO SIGNIFICANT WEATHER WAS OBSERVED.


RELATIVE HUMIDITY (PERCENT)
 HIGHEST    93           900 PM
 LOWEST     51           300 PM
 AVERAGE    72

..........................................................


THE SAN JOSE AIRPORT CLIMATE NORMALS FOR TODAY
                         NORMAL    RECORD    YEAR
 MAXIMUM TEMPERATURE (F)   59        72      1959
 MINIMUM TEMPERATURE (F)   43        29      2013
                                             1972


SUNRISE AND SUNSET
DECEMBER  5 2016......SUNRISE   707 AM PST   SUNSET   450 PM PST
DECEMBER  6 2016......SUNRISE   708 AM PST   SUNSET   450 PM PST


-  INDICATES NEGATIVE NUMBERS.
R  INDICATES RECORD WAS SET OR TIED.
MM INDICATES DATA IS MISSING.
T  INDICATES TRACE AMOUNT.




$$
