000
CDUS46 KMTR 180027
CLISJC


CLIMATE REPORT
NATIONAL WEATHER SERVICE SAN FRANCISCO BAY AREA
527 PM PDT THU APR 17 2014


...................................

...THE SAN JOSE CA CLIMATE SUMMARY FOR APRIL 17 2014...
VALID TODAY AS OF 0500 PM LOCAL TIME.

CLIMATE NORMAL PERIOD 1981 TO 2010
CLIMATE RECORD PERIOD 1893 TO 2014


WEATHER ITEM   OBSERVED TIME   RECORD YEAR NORMAL DEPARTURE LAST
                VALUE   (LST)  VALUE       VALUE  FROM      YEAR
                                                  NORMAL
..................................................................
TEMPERATURE (F)
 TODAY
  MAXIMUM         73    104 PM  92    1999  70      3       69
  MINIMUM         52    435 AM  29    1894  49      3       47
  AVERAGE         63                        59      4       58

PRECIPITATION (IN)
  TODAY            0.00          0.56 1957   0.04  -0.04     0.00
  MONTH TO DATE    0.39                      0.67  -0.28     0.26
  SINCE JUL 1      6.07                     14.03  -7.96     9.38
  SINCE JAN 1      4.51                      9.02  -4.51     2.19

SNOWFALL (IN)
  TODAY            0.0           0.0  1947
  MONTH TO DATE    0.0
  SINCE MAR 1      0.0
  SINCE JUL 1      0.0

DEGREE DAYS
 HEATING
  TODAY            2                         6     -4        7
  MONTH TO DATE   74                       118    -44       98
  SINCE MAR 1    244                       373   -129      350
  SINCE JUL 1   1785                      1836    -51     1956

 COOLING
  TODAY            0                         1     -1        0
  MONTH TO DATE   11                         2      9        2
  SINCE MAR 1     15                         6      9        3
  SINCE JAN 1     15                         6      9        3
..................................................................


WIND (MPH)
  RESULTANT WIND SPEED   4   RESULTANT WIND DIRECTION  NW (310)
  HIGHEST WIND SPEED    21   HIGHEST WIND DIRECTION    NW (300)
  HIGHEST GUST SPEED    25   HIGHEST GUST DIRECTION     W (290)
  AVERAGE WIND SPEED     4.8


SKY COVER
  POSSIBLE SUNSHINE  MM
  AVERAGE SKY COVER 0.4


WEATHER CONDITIONS
 THE FOLLOWING WEATHER WAS RECORDED TODAY.
  NO SIGNIFICANT WEATHER WAS OBSERVED.


RELATIVE HUMIDITY (PERCENT)
 HIGHEST    83           200 AM
 LOWEST     49           100 PM
 AVERAGE    66

..........................................................


THE SAN JOSE CA CLIMATE NORMALS FOR TOMORROW
                         NORMAL    RECORD    YEAR
 MAXIMUM TEMPERATURE (F)   71        86      1999
 MINIMUM TEMPERATURE (F)   49        30      1893


SUNRISE AND SUNSET
APRIL 17 2014.........SUNRISE   630 AM PDT   SUNSET   745 PM PDT
APRIL 18 2014.........SUNRISE   629 AM PDT   SUNSET   746 PM PDT


-  INDICATES NEGATIVE NUMBERS.
R  INDICATES RECORD WAS SET OR TIED.
MM INDICATES DATA IS MISSING.
T  INDICATES TRACE AMOUNT.




$$
