000
CDUS44 KSJT 262226
CLISJT


CLIMATE REPORT
NATIONAL WEATHER SERVICE SAN ANGELO TX
525 PM CDT WED JUL 26 2017


...................................

...THE SAN ANGELO CLIMATE SUMMARY FOR JULY 26 2017...
VALID TODAY AS OF 0500 PM LOCAL TIME.

CLIMATE NORMAL PERIOD 1981 TO 2010
CLIMATE RECORD PERIOD 1907 TO 2017


WEATHER ITEM   OBSERVED TIME   RECORD YEAR NORMAL DEPARTURE LAST
                VALUE   (LST)  VALUE       VALUE  FROM      YEAR
                                                  NORMAL
..................................................................
TEMPERATURE (F)
 TODAY
  MAXIMUM        101    230 PM 106    1944  96      5       99
  MINIMUM         73    607 AM  61    1987  72      1       70
  AVERAGE         87                        84      3       85

PRECIPITATION (IN)
  TODAY            0.00          0.96 2004   0.04  -0.04     0.00
  MONTH TO DATE    1.69                      1.01   0.68     0.00
  SINCE JUN 1      3.21                      3.60  -0.39     7.02
  SINCE JAN 1      9.69                     11.62  -1.93    22.65

DEGREE DAYS
 HEATING
  TODAY            0                         0      0        0
  MONTH TO DATE    0                         0      0        0
  SINCE JUN 1      0                         0      0        0
  SINCE JUL 1      0                         0      0        0

 COOLING
  TODAY           22                        19      3       20
  MONTH TO DATE  502                       469     33      595
  SINCE JUN 1   1064                       933    131     1041
  SINCE JAN 1   1640                      1393    247     1452
..................................................................


WIND (MPH)
  HIGHEST WIND SPEED    18   HIGHEST WIND DIRECTION     S (180)
  HIGHEST GUST SPEED    26   HIGHEST GUST DIRECTION    SW (210)
  AVERAGE WIND SPEED    10.2


SKY COVER
  POSSIBLE SUNSHINE  MM
  AVERAGE SKY COVER 0.0


WEATHER CONDITIONS
 THE FOLLOWING WEATHER WAS RECORDED TODAY.
  NO SIGNIFICANT WEATHER WAS OBSERVED.


RELATIVE HUMIDITY (PERCENT)
 HIGHEST    84           500 AM
 LOWEST     24           400 PM
 AVERAGE    54

..........................................................


THE SAN ANGELO CLIMATE NORMALS FOR TOMORROW
                         NORMAL    RECORD    YEAR
 MAXIMUM TEMPERATURE (F)   96       111      1944
 MINIMUM TEMPERATURE (F)   72        60      1913


SUNRISE AND SUNSET
JULY 26 2017..........SUNRISE   655 AM CDT   SUNSET   842 PM CDT
JULY 27 2017..........SUNRISE   656 AM CDT   SUNSET   841 PM CDT


-  INDICATES NEGATIVE NUMBERS.
R  INDICATES RECORD WAS SET OR TIED.
MM INDICATES DATA IS MISSING.
T  INDICATES TRACE AMOUNT.




$$
