896
CDUS44 KSJT 242232
CLISJT


CLIMATE REPORT
NATIONAL WEATHER SERVICE SAN ANGELO TX
529 PM CDT SUN SEP 24 2017


...................................

...THE SAN ANGELO CLIMATE SUMMARY FOR SEPTEMBER 24 2017...
VALID TODAY AS OF 0500 PM LOCAL TIME.

CLIMATE NORMAL PERIOD 1981 TO 2010
CLIMATE RECORD PERIOD 1907 TO 2017


WEATHER ITEM   OBSERVED TIME   RECORD YEAR NORMAL DEPARTURE LAST
                VALUE   (LST)  VALUE       VALUE  FROM      YEAR
                                                  NORMAL
..................................................................
TEMPERATURE (F)
 TODAY
  MAXIMUM         82   1211 PM 102    1926  85     -3       93
                                      1907
  MINIMUM         72    753 AM  39    1989  61     11       71
                                      1913
  AVERAGE         77                        73      4       82

PRECIPITATION (IN)
  TODAY            0.06          2.91 1959   0.08  -0.02     0.07
  MONTH TO DATE    0.87                      2.01  -1.14     2.56
  SINCE SEP 1      0.87                      2.01  -1.14     2.56
  SINCE JAN 1     12.97                     16.08  -3.11    28.08

DEGREE DAYS
 HEATING
  TODAY            0                         1     -1        0
  MONTH TO DATE    0                         2     -2        0
  SINCE SEP 1      0                         2     -2        0
  SINCE JUL 1      0                         2     -2        0

 COOLING
  TODAY           12                         9      3       17
  MONTH TO DATE  346                       284     62      380
  SINCE SEP 1    346                       284     62      380
  SINCE JAN 1   2620                      2320    300     2540
..................................................................


WIND (MPH)
  HIGHEST WIND SPEED    20   HIGHEST WIND DIRECTION    SE (150)
  HIGHEST GUST SPEED    24   HIGHEST GUST DIRECTION    SE (150)
  AVERAGE WIND SPEED    10.6


SKY COVER
  POSSIBLE SUNSHINE  MM
  AVERAGE SKY COVER 0.6


WEATHER CONDITIONS
 THE FOLLOWING WEATHER WAS RECORDED TODAY.
  LIGHT RAIN


RELATIVE HUMIDITY (PERCENT)
 HIGHEST    73           700 AM
 LOWEST     51          1100 AM
 AVERAGE    62

..........................................................


THE SAN ANGELO CLIMATE NORMALS FOR TOMORROW
                         NORMAL    RECORD    YEAR
 MAXIMUM TEMPERATURE (F)   85       107      2005
 MINIMUM TEMPERATURE (F)   60        37      1989


SUNRISE AND SUNSET
SEPTEMBER 24 2017.....SUNRISE   732 AM CDT   SUNSET   736 PM CDT
SEPTEMBER 25 2017.....SUNRISE   732 AM CDT   SUNSET   734 PM CDT


-  INDICATES NEGATIVE NUMBERS.
R  INDICATES RECORD WAS SET OR TIED.
MM INDICATES DATA IS MISSING.
T  INDICATES TRACE AMOUNT.




$$
