000
CDUS44 KSJT 050711
CLISJT


CLIMATE REPORT
NATIONAL WEATHER SERVICE SAN ANGELO TX
111 AM CST MON DEC 5 2016


...................................

...THE SAN ANGELO CLIMATE SUMMARY FOR DECEMBER 4 2016...

CLIMATE NORMAL PERIOD 1981 TO 2010
CLIMATE RECORD PERIOD 1907 TO 2016


WEATHER ITEM   OBSERVED TIME   RECORD YEAR NORMAL DEPARTURE LAST
                VALUE   (LST)  VALUE       VALUE  FROM      YEAR
                                                  NORMAL
..................................................................
TEMPERATURE (F)
 YESTERDAY
  MAXIMUM         50    138 PM  91    1954  62    -12       65
  MINIMUM         45    732 AM  13    2006  35     10       31
  AVERAGE         48                        49     -1       48

PRECIPITATION (IN)
  YESTERDAY        0.02          0.93 1943   0.02   0.00     0.00
  MONTH TO DATE    0.42                      0.09   0.33     0.00
  SINCE DEC 1      0.42                      0.09   0.33     0.00
  SINCE JAN 1     35.40                     20.49  14.91    24.52

SNOWFALL (IN)
  YESTERDAY        0.0           1.7  2009   0.0    0.0      0.0
  MONTH TO DATE    0.0                       0.0    0.0      0.0
  SINCE NOV 1      0.0                       0.3   -0.3      0.0
  SINCE JUL 1      0.0                       0.3   -0.3      0.0
  SNOW DEPTH       0

DEGREE DAYS
 HEATING
  YESTERDAY       17                        16      1       17
  MONTH TO DATE   65                        64      1       70
  SINCE DEC 1     65                        64      1       70
  SINCE JUL 1    233                       464   -231      356

 COOLING
  YESTERDAY        0                         0      0        0
  MONTH TO DATE    0                         0      0        0
  SINCE DEC 1      0                         0      0        0
  SINCE JAN 1   2829                      2502    327     2928
..................................................................


WIND (MPH)
  HIGHEST WIND SPEED    17   HIGHEST WIND DIRECTION     N (20)
  HIGHEST GUST SPEED    23   HIGHEST GUST DIRECTION     N (350)
  AVERAGE WIND SPEED     8.5


SKY COVER
  POSSIBLE SUNSHINE  MM
  AVERAGE SKY COVER 0.9


WEATHER CONDITIONS
 THE FOLLOWING WEATHER WAS RECORDED YESTERDAY.
  LIGHT RAIN
  FOG


RELATIVE HUMIDITY (PERCENT)
 HIGHEST    93           200 AM
 LOWEST     77           500 PM
 AVERAGE    85

..........................................................


THE SAN ANGELO CLIMATE NORMALS FOR TODAY
                         NORMAL    RECORD    YEAR
 MAXIMUM TEMPERATURE (F)   62        83      1926
 MINIMUM TEMPERATURE (F)   35        20      1950


SUNRISE AND SUNSET
DECEMBER  5 2016......SUNRISE   727 AM CST   SUNSET   539 PM CST
DECEMBER  6 2016......SUNRISE   728 AM CST   SUNSET   539 PM CST


-  INDICATES NEGATIVE NUMBERS.
R  INDICATES RECORD WAS SET OR TIED.
MM INDICATES DATA IS MISSING.
T  INDICATES TRACE AMOUNT.




$$
