762
CDUS44 KSJT 240704
CLISJT


CLIMATE REPORT
NATIONAL WEATHER SERVICE SAN ANGELO TX
203 AM CDT SUN JUL 24 2016


...................................

...THE SAN ANGELO CLIMATE SUMMARY FOR JULY 23 2016...

CLIMATE NORMAL PERIOD 1981 TO 2010
CLIMATE RECORD PERIOD 1907 TO 2016


WEATHER ITEM   OBSERVED TIME   RECORD YEAR NORMAL DEPARTURE LAST
                VALUE   (LST)  VALUE       VALUE  FROM      YEAR
                                                  NORMAL
..................................................................
TEMPERATURE (F)
 YESTERDAY
  MAXIMUM        102    414 PM 108    1911  96      6       99
  MINIMUM         74    539 AM  56    1915  72      2       76
  AVERAGE         88                        84      4       88

PRECIPITATION (IN)
  YESTERDAY        0.00          1.10 1990   0.03  -0.03     0.00
  MONTH TO DATE    0.00                      0.90  -0.90     0.55
  SINCE JUN 1      7.02                      3.49   3.53     4.10
  SINCE JAN 1     22.65                     11.51  11.14    18.96

DEGREE DAYS
 HEATING
  YESTERDAY        0                         0      0        0
  MONTH TO DATE    0                         0      0        0
  SINCE JUN 1      0                         0      0        0
  SINCE JUL 1      0                         0      0        0

 COOLING
  YESTERDAY       23                        19      4       23
  MONTH TO DATE  529                       412    117      441
  SINCE JUN 1    975                       876     99      885
  SINCE JAN 1   1386                      1336     50     1352
..................................................................


WIND (MPH)
  HIGHEST WIND SPEED    16   HIGHEST WIND DIRECTION    SE (130)
  HIGHEST GUST SPEED    22   HIGHEST GUST DIRECTION    SE (150)
  AVERAGE WIND SPEED     8.3


SKY COVER
  POSSIBLE SUNSHINE  MM
  AVERAGE SKY COVER 0.1


WEATHER CONDITIONS
 THE FOLLOWING WEATHER WAS RECORDED YESTERDAY.
  NO SIGNIFICANT WEATHER WAS OBSERVED.


RELATIVE HUMIDITY (PERCENT)
 HIGHEST    69           600 AM
 LOWEST     26           500 PM
 AVERAGE    48

..........................................................


THE SAN ANGELO CLIMATE NORMALS FOR TODAY
                         NORMAL    RECORD    YEAR
 MAXIMUM TEMPERATURE (F)   96       107      1995
 MINIMUM TEMPERATURE (F)   72        58      1915


SUNRISE AND SUNSET
JULY 24 2016..........SUNRISE   654 AM CDT   SUNSET   843 PM CDT
JULY 25 2016..........SUNRISE   654 AM CDT   SUNSET   842 PM CDT


-  INDICATES NEGATIVE NUMBERS.
R  INDICATES RECORD WAS SET OR TIED.
MM INDICATES DATA IS MISSING.
T  INDICATES TRACE AMOUNT.




$$
