199
CDUS44 KSJT 250751
CLISJT


CLIMATE REPORT
NATIONAL WEATHER SERVICE SAN ANGELO TX
251 AM CDT THU MAY 25 2017


...................................

...THE SAN ANGELO CLIMATE SUMMARY FOR MAY 24 2017...

CLIMATE NORMAL PERIOD 1981 TO 2010
CLIMATE RECORD PERIOD 1907 TO 2017


WEATHER ITEM   OBSERVED TIME   RECORD YEAR NORMAL DEPARTURE LAST
                VALUE   (LST)  VALUE       VALUE  FROM      YEAR
                                                  NORMAL
..................................................................
TEMPERATURE (F)
 YESTERDAY
  MAXIMUM         87    421 PM 109    2000  89     -2       87
  MINIMUM         46R   532 AM  49    1940  64    -18       74
                                      1910
  AVERAGE         67                        77    -10       81

PRECIPITATION (IN)
  YESTERDAY        0.00          2.39 2014   0.11  -0.11     0.00
  MONTH TO DATE    2.06                      2.04   0.02     2.99
  SINCE MAR 1      3.77                      4.96  -1.19    11.42
  SINCE JAN 1      6.48                      7.24  -0.76    12.22

DEGREE DAYS
 HEATING
  YESTERDAY        0                         0      0        0
  MONTH TO DATE    9                         8      1       22
  SINCE MAR 1    183                       353   -170      232
  SINCE JUL 1   1507                      2314   -807     1825

 COOLING
  YESTERDAY        2                        12    -10       16
  MONTH TO DATE  176                       217    -41      186
  SINCE MAR 1    450                       368     82      310
  SINCE JAN 1    477                       373    104      320
..................................................................


WIND (MPH)
  HIGHEST WIND SPEED    18   HIGHEST WIND DIRECTION    SW (230)
  HIGHEST GUST SPEED    23   HIGHEST GUST DIRECTION    SW (220)
  AVERAGE WIND SPEED     7.2


SKY COVER
  POSSIBLE SUNSHINE  MM
  AVERAGE SKY COVER 0.0


WEATHER CONDITIONS
 THE FOLLOWING WEATHER WAS RECORDED YESTERDAY.
  NO SIGNIFICANT WEATHER WAS OBSERVED.


RELATIVE HUMIDITY (PERCENT)
 HIGHEST    86          1200 AM
 LOWEST     20           500 PM
 AVERAGE    53

..........................................................


THE SAN ANGELO CLIMATE NORMALS FOR TODAY
                         NORMAL    RECORD    YEAR
 MAXIMUM TEMPERATURE (F)   89       107      1989
 MINIMUM TEMPERATURE (F)   65        51      1947


SUNRISE AND SUNSET
MAY 25 2017...........SUNRISE   640 AM CDT   SUNSET   838 PM CDT
MAY 26 2017...........SUNRISE   640 AM CDT   SUNSET   838 PM CDT


-  INDICATES NEGATIVE NUMBERS.
R  INDICATES RECORD WAS SET OR TIED.
MM INDICATES DATA IS MISSING.
T  INDICATES TRACE AMOUNT.




$$
