000
CDUS44 KSJT 280656
CLISJT


CLIMATE REPORT
NATIONAL WEATHER SERVICE SAN ANGELO TX
156 AM CDT SAT MAR 28 2015


...................................

...THE SAN ANGELO CLIMATE SUMMARY FOR MARCH 27 2015...

CLIMATE NORMAL PERIOD 1981 TO 2010
CLIMATE RECORD PERIOD 1907 TO 2015


WEATHER ITEM   OBSERVED TIME   RECORD YEAR NORMAL DEPARTURE LAST
                VALUE   (LST)  VALUE       VALUE  FROM      YEAR
                                                  NORMAL
..................................................................
TEMPERATURE (F)
 YESTERDAY
  MAXIMUM         79    447 PM  96    1971  74      5       89
  MINIMUM         38    545 AM  23    1955  47     -9       58
  AVERAGE         59                        61     -2       74

PRECIPITATION (IN)
  YESTERDAY        0.00          1.30 1999   0.04  -0.04     0.00
  MONTH TO DATE    1.67                      1.32   0.35     0.05
  SINCE MAR 1      1.67                      1.32   0.35     0.05
  SINCE JAN 1      3.93                      3.60   0.33     0.11

SNOWFALL (IN)
  YESTERDAY        0.0           T    1991   0.0    0.0      0.0
  MONTH TO DATE    0.2                       0.1    0.1       T
  SINCE NOV 1      1.4                       2.2   -0.8      1.6
  SINCE JUL 1      1.4                       2.2   -0.8      1.6
  SNOW DEPTH       0

DEGREE DAYS
 HEATING
  YESTERDAY        6                         6      0        0
  MONTH TO DATE  288                       236     52      277
  SINCE MAR 1    288                       236     52      277
  SINCE JUL 1   2135                      2197    -62     2397

 COOLING
  YESTERDAY        0                         2     -2        9
  MONTH TO DATE   22                        28     -6       37
  SINCE MAR 1     22                        28     -6       37
  SINCE JAN 1     24                        33     -9       40
..................................................................


WIND (MPH)
  HIGHEST WIND SPEED    16   HIGHEST WIND DIRECTION     W (260)
  HIGHEST GUST SPEED    19   HIGHEST GUST DIRECTION    SW (220)
  AVERAGE WIND SPEED     8.8


SKY COVER
  POSSIBLE SUNSHINE  MM
  AVERAGE SKY COVER 0.0


WEATHER CONDITIONS
 THE FOLLOWING WEATHER WAS RECORDED YESTERDAY.
  NO SIGNIFICANT WEATHER WAS OBSERVED.


RELATIVE HUMIDITY (PERCENT)
 HIGHEST    79           200 AM
 LOWEST     16           200 PM
 AVERAGE    48

..........................................................


THE SAN ANGELO CLIMATE NORMALS FOR TODAY
                         NORMAL    RECORD    YEAR
 MAXIMUM TEMPERATURE (F)   75        94      1967
 MINIMUM TEMPERATURE (F)   47        24      1955


SUNRISE AND SUNSET
MARCH 28 2015.........SUNRISE   736 AM CDT   SUNSET   759 PM CDT
MARCH 29 2015.........SUNRISE   735 AM CDT   SUNSET   759 PM CDT


-  INDICATES NEGATIVE NUMBERS.
R  INDICATES RECORD WAS SET OR TIED.
MM INDICATES DATA IS MISSING.
T  INDICATES TRACE AMOUNT.


$$
