007
CDUS44 KSJT 270701
CLISJT


CLIMATE REPORT
NATIONAL WEATHER SERVICE SAN ANGELO TX
201 AM CDT FRI MAY 27 2016


...................................

...THE SAN ANGELO CLIMATE SUMMARY FOR MAY 26 2016...

CLIMATE NORMAL PERIOD 1981 TO 2010
CLIMATE RECORD PERIOD 1907 TO 2016


WEATHER ITEM   OBSERVED TIME   RECORD YEAR NORMAL DEPARTURE LAST
                VALUE   (LST)  VALUE       VALUE  FROM      YEAR
                                                  NORMAL
..................................................................
TEMPERATURE (F)
 YESTERDAY
  MAXIMUM         93    308 PM 102    1973  89      4       91
  MINIMUM         64    218 AM  52    1947  65     -1       61
  AVERAGE         79                        77      2       76

PRECIPITATION (IN)
  YESTERDAY        0.54          1.87 2014   0.11   0.43      T
  MONTH TO DATE    3.53                      2.27   1.26     7.84
  SINCE MAR 1     11.96                      5.19   6.77    11.32
  SINCE JAN 1     12.76                      7.47   5.29    13.58

DEGREE DAYS
 HEATING
  YESTERDAY        0                         0      0        0
  MONTH TO DATE   22                         8     14        8
  SINCE MAR 1    232                       353   -121      338
  SINCE JUL 1   1825                      2314   -489     2185

 COOLING
  YESTERDAY       14                        12      2       11
  MONTH TO DATE  220                       241    -21      227
  SINCE MAR 1    344                       392    -48      421
  SINCE JAN 1    354                       397    -43      423
..................................................................


WIND (MPH)
  HIGHEST WIND SPEED    52   HIGHEST WIND DIRECTION     W (270)
  HIGHEST GUST SPEED    66   HIGHEST GUST DIRECTION     W (280)
  AVERAGE WIND SPEED    10.0


SKY COVER
  POSSIBLE SUNSHINE  MM
  AVERAGE SKY COVER 0.1


WEATHER CONDITIONS
 THE FOLLOWING WEATHER WAS RECORDED YESTERDAY.
  THUNDERSTORM
  HEAVY RAIN
  RAIN
  LIGHT RAIN
  FOG
  HAZE


RELATIVE HUMIDITY (PERCENT)
 HIGHEST    93           500 AM
 LOWEST     36           300 PM
 AVERAGE    65

..........................................................


THE SAN ANGELO CLIMATE NORMALS FOR TODAY
                         NORMAL    RECORD    YEAR
 MAXIMUM TEMPERATURE (F)   89       108      2011
 MINIMUM TEMPERATURE (F)   65        53      1961


SUNRISE AND SUNSET
MAY 27 2016...........SUNRISE   640 AM CDT   SUNSET   839 PM CDT
MAY 28 2016...........SUNRISE   639 AM CDT   SUNSET   840 PM CDT


-  INDICATES NEGATIVE NUMBERS.
R  INDICATES RECORD WAS SET OR TIED.
MM INDICATES DATA IS MISSING.
T  INDICATES TRACE AMOUNT.




$$
