000
CDCA42 TJSJ 270445
CLISJU


CLIMATE REPORT
NATIONAL WEATHER SERVICE SAN JUAN, PR
1245 AM AST SAT AUG 27 2016


...................................

...THE SAN JUAN AREA/PR CLIMATE SUMMARY FOR AUGUST 26 2016...

CLIMATE NORMAL PERIOD 1981 TO 2010
CLIMATE RECORD PERIOD 1898 TO 2016


WEATHER ITEM   OBSERVED TIME   RECORD YEAR NORMAL DEPARTURE LAST
                VALUE   (LST)  VALUE       VALUE  FROM      YEAR
                                                  NORMAL
..................................................................
TEMPERATURE (F)
 YESTERDAY
  MAXIMUM         88    155 PM  95    2009  89     -1       85
  MINIMUM         79    425 AM  70    1956  78      1       77
  AVERAGE         84                        84      0       81

PRECIPITATION (IN)
  YESTERDAY        0.02          2.41 1984   0.20  -0.18     0.00
  MONTH TO DATE    5.14                      4.42   0.72     5.17
  SINCE JUN 1     12.98                     13.90  -0.92     8.89
  SINCE JAN 1     37.86                     32.58   5.28    22.28

SNOWFALL (IN)
  YESTERDAY        0.0                       0.0    0.0      0.0
  MONTH TO DATE    0.0                       0.0    0.0      0.0
  SINCE JUN 1      0.0                       0.0    0.0      0.0
  SINCE JUL 1      0.0                       0.0    0.0      0.0

DEGREE DAYS
 HEATING
  YESTERDAY        0                         0      0        0
  MONTH TO DATE    0                         0      0        0
  SINCE JUN 1      0                         0      0        0
  SINCE JUL 1      0                         0      0        0

 COOLING
  YESTERDAY       19                        19      0       16
  MONTH TO DATE  485                       494     -9      477
  SINCE JUN 1   1630                      1613     17     1640
  SINCE JAN 1   3906                      3778    128     3981
..................................................................


WIND (MPH)
  HIGHEST WIND SPEED    15   HIGHEST WIND DIRECTION     E (90)
  HIGHEST GUST SPEED    18   HIGHEST GUST DIRECTION     E (80)
  AVERAGE WIND SPEED     4.0


SKY COVER
  AVERAGE SKY COVER 0.6


WEATHER CONDITIONS
 THE FOLLOWING WEATHER WAS RECORDED YESTERDAY.
  RAIN
  LIGHT RAIN


RELATIVE HUMIDITY (PERCENT)
 HIGHEST    91
 LOWEST     70
 AVERAGE    81

..........................................................


THE SAN JUAN AREA/PR CLIMATE NORMALS FOR TODAY
                         NORMAL    RECORD    YEAR
 MAXIMUM TEMPERATURE (F)   89        93      1982
 MINIMUM TEMPERATURE (F)   78        72      1958


SUNRISE AND SUNSET
AUGUST 27 2016........SUNRISE   609 AM AST   SUNSET   642 PM AST
AUGUST 28 2016........SUNRISE   609 AM AST   SUNSET   641 PM AST


-  INDICATES NEGATIVE NUMBERS.
R  INDICATES RECORD WAS SET OR TIED.
MM INDICATES DATA IS MISSING.
T  INDICATES TRACE AMOUNT.




$$
