000
CDCA42 TJSJ 212355
CLISJU


CLIMATE REPORT
NATIONAL WEATHER SERVICE SAN JUAN, PR
755 PM AST SUN SEP 21 2014


...................................

...THE SAN JUAN/P.R. CLIMATE SUMMARY FOR SEPTEMBER 21 2014...
VALID TODAY AS OF 0700 PM LOCAL TIME.

CLIMATE NORMAL PERIOD 1981 TO 2010
CLIMATE RECORD PERIOD 1898 TO 2014


WEATHER ITEM   OBSERVED TIME   RECORD YEAR NORMAL DEPARTURE LAST
                VALUE   (LST)  VALUE       VALUE  FROM      YEAR
                                                  NORMAL
..................................................................
TEMPERATURE (F)
 TODAY
  MAXIMUM         89    204 PM  94    1999  89      0       89
  MINIMUM         79    646 AM  71    1960  78      1       79
  AVERAGE         84                        83      1       84

PRECIPITATION (IN)
  TODAY            0.00          4.04 1998   0.18  -0.18      T
  MONTH TO DATE    4.80                      4.18   0.62     7.52
  SINCE SEP 1      4.80                      4.18   0.62     7.52
  SINCE JAN 1     37.52                     37.80  -0.28    65.15

SNOWFALL (IN)
  TODAY            0.0
  MONTH TO DATE    0.0
  SINCE SEP 1      0.0
  SINCE JUL 1      0.0

DEGREE DAYS
 HEATING
  TODAY            0                         0      0        0
  MONTH TO DATE    0                         0      0        0
  SINCE SEP 1      0                         0      0        0
  SINCE JUL 1      0                         0      0        0

 COOLING
  TODAY           19                        18      1       19
  MONTH TO DATE  389                       393     -4      393
  SINCE SEP 1    389                       393     -4      393
  SINCE JAN 1   4604                      4257    347     4309
..................................................................


WIND (MPH)
  RESULTANT WIND SPEED   7   RESULTANT WIND DIRECTION   E (70)
  HIGHEST WIND SPEED    21   HIGHEST WIND DIRECTION    NE (60)
  HIGHEST GUST SPEED    25   HIGHEST GUST DIRECTION    NE (50)
  AVERAGE WIND SPEED     7.7


SKY COVER
  AVERAGE SKY COVER 0.4


WEATHER CONDITIONS
 THE FOLLOWING WEATHER WAS RECORDED TODAY.
  NO SIGNIFICANT WEATHER WAS OBSERVED.


RELATIVE HUMIDITY (PERCENT)
 HIGHEST    91
 LOWEST     68
 AVERAGE    80

..........................................................


THE SAN JUAN/P.R. CLIMATE NORMALS FOR TOMORROW
                         NORMAL    RECORD    YEAR
 MAXIMUM TEMPERATURE (F)   89        94      2013
                                             1999
 MINIMUM TEMPERATURE (F)   78        71      1947


SUNRISE AND SUNSET
SEPTEMBER 21 2014.....SUNRISE   613 AM AST   SUNSET   621 PM AST
SEPTEMBER 22 2014.....SUNRISE   613 AM AST   SUNSET   620 PM AST


-  INDICATES NEGATIVE NUMBERS.
R  INDICATES RECORD WAS SET OR TIED.
MM INDICATES DATA IS MISSING.
T  INDICATES TRACE AMOUNT.




$$
