000
CDCA42 TJSJ 280426
CLISJU


CLIMATE REPORT
NATIONAL WEATHER SERVICE SAN JUAN, PR
1225 AM AST WED SEP 28 2016


...................................

...THE SAN JUAN AREA/PR CLIMATE SUMMARY FOR SEPTEMBER 27 2016...

CLIMATE NORMAL PERIOD 1981 TO 2010
CLIMATE RECORD PERIOD 1898 TO 2016


WEATHER ITEM   OBSERVED TIME   RECORD YEAR NORMAL DEPARTURE LAST
                VALUE   (LST)  VALUE       VALUE  FROM      YEAR
                                                  NORMAL
..................................................................
TEMPERATURE (F)
 YESTERDAY
  MAXIMUM         90    139 PM  94    2015  89      1       94
                                      2013
  MINIMUM         79    533 AM  70    1949  78      1       79
  AVERAGE         85                        83      2       87

PRECIPITATION (IN)
  YESTERDAY        T             2.32 1932   0.18  -0.18     0.00
  MONTH TO DATE    4.55                      5.25  -0.70     4.30
  SINCE SEP 1      4.55                      5.25  -0.70     4.30
  SINCE JAN 1     42.41                     38.87   3.54    27.34

SNOWFALL (IN)
  YESTERDAY        0.0                       0.0    0.0      0.0
  MONTH TO DATE    0.0                       0.0    0.0      0.0
  SINCE SEP 1      0.0                       0.0    0.0      0.0
  SINCE JUL 1      0.0                       0.0    0.0      0.0

DEGREE DAYS
 HEATING
  YESTERDAY        0                         0      0        0
  MONTH TO DATE    0                         0      0        0
  SINCE SEP 1      0                         0      0        0
  SINCE JUL 1      0                         0      0        0

 COOLING
  YESTERDAY       20                        18      2       22
  MONTH TO DATE  507                       501      6      524
  SINCE SEP 1    507                       501      6      524
  SINCE JAN 1   4512                      4365    147     4599
..................................................................


WIND (MPH)
  HIGHEST WIND SPEED    22   HIGHEST WIND DIRECTION     E (80)
  HIGHEST GUST SPEED    27   HIGHEST GUST DIRECTION     E (70)
  AVERAGE WIND SPEED     9.5


SKY COVER
  AVERAGE SKY COVER 0.5


WEATHER CONDITIONS
 THE FOLLOWING WEATHER WAS RECORDED YESTERDAY.
  THUNDERSTORM
  LIGHT RAIN


RELATIVE HUMIDITY (PERCENT)
 HIGHEST    88
 LOWEST     72
 AVERAGE    80

..........................................................


THE SAN JUAN AREA/PR CLIMATE NORMALS FOR TODAY
                         NORMAL    RECORD    YEAR
 MAXIMUM TEMPERATURE (F)   89        95      2013
 MINIMUM TEMPERATURE (F)   78        69      1920


SUNRISE AND SUNSET
SEPTEMBER 28 2016.....SUNRISE   614 AM AST   SUNSET   615 PM AST
SEPTEMBER 29 2016.....SUNRISE   614 AM AST   SUNSET   614 PM AST


-  INDICATES NEGATIVE NUMBERS.
R  INDICATES RECORD WAS SET OR TIED.
MM INDICATES DATA IS MISSING.
T  INDICATES TRACE AMOUNT.




$$
