000
CDCA42 TJSJ 310806
CLISJU


CLIMATE REPORT
NATIONAL WEATHER SERVICE SAN JUAN, PR
405 AM AST SAT JAN 31 2015


...................................

...THE SAN JUAN AREA/PR CLIMATE SUMMARY FOR JANUARY 30 2015...

CLIMATE NORMAL PERIOD 1981 TO 2010
CLIMATE RECORD PERIOD 1898 TO 2015


WEATHER ITEM   OBSERVED TIME   RECORD YEAR NORMAL DEPARTURE LAST
                VALUE   (LST)  VALUE       VALUE  FROM      YEAR
                                                  NORMAL
..................................................................
TEMPERATURE (F)
 YESTERDAY
  MAXIMUM         83    219 PM  89    1998  83      0       86
  MINIMUM         72    642 AM  63    1965  72      0       74
  AVERAGE         78                        78      0       80

PRECIPITATION (IN)
  YESTERDAY        0.53          1.17 1944   0.09   0.44     0.39
  MONTH TO DATE    5.12                      3.67   1.45     2.45
  SINCE DEC 1     10.63                      8.69   1.94    10.07
  SINCE JAN 1      5.12                      3.67   1.45     2.45

SNOWFALL (IN)
  YESTERDAY        0.0                       0.0    0.0      0.0
  MONTH TO DATE    0.0                       0.0    0.0      0.0
  SINCE DEC 1      0.0                       0.0    0.0      0.0
  SINCE JUL 1      0.0                       0.0    0.0      0.0

DEGREE DAYS
 HEATING
  YESTERDAY        0                         0      0        0
  MONTH TO DATE    0                         0      0        0
  SINCE DEC 1      0                         0      0        0
  SINCE JUL 1      0                         0      0        0

 COOLING
  YESTERDAY       13                        12      1       15
  MONTH TO DATE  424                       378     46      465
  SINCE DEC 1    875                       801     74      945
  SINCE JAN 1    424                       378     46      465
..................................................................


WIND (MPH)
  HIGHEST WIND SPEED    16   HIGHEST WIND DIRECTION     E (90)
  HIGHEST GUST SPEED    22   HIGHEST GUST DIRECTION     E (70)
  AVERAGE WIND SPEED     4.8


SKY COVER
  AVERAGE SKY COVER 0.5


WEATHER CONDITIONS
 THE FOLLOWING WEATHER WAS RECORDED YESTERDAY.
  LIGHT RAIN
  FOG


RELATIVE HUMIDITY (PERCENT)
 HIGHEST   100
 LOWEST     69
 AVERAGE    85

..........................................................


THE SAN JUAN AREA/PR CLIMATE NORMALS FOR TODAY
                         NORMAL    RECORD    YEAR
 MAXIMUM TEMPERATURE (F)   83        89      1995
 MINIMUM TEMPERATURE (F)   72        61      1962


SUNRISE AND SUNSET
JANUARY 31 2015.......SUNRISE   658 AM AST   SUNSET   617 PM AST
FEBRUARY  1 2015......SUNRISE   657 AM AST   SUNSET   618 PM AST


-  INDICATES NEGATIVE NUMBERS.
R  INDICATES RECORD WAS SET OR TIED.
MM INDICATES DATA IS MISSING.
T  INDICATES TRACE AMOUNT.




$$
