000
CDCA42 TJSJ 232146
CLISJU


CLIMATE REPORT
NATIONAL WEATHER SERVICE SAN JUAN, PR
545 PM AST TUE SEP 23 2014


...................................

...THE SAN JUAN/P.R. CLIMATE SUMMARY FOR SEPTEMBER 23 2014...
VALID TODAY AS OF 0500 PM LOCAL TIME.

CLIMATE NORMAL PERIOD 1981 TO 2010
CLIMATE RECORD PERIOD 1898 TO 2014


WEATHER ITEM   OBSERVED TIME   RECORD YEAR NORMAL DEPARTURE LAST
                VALUE   (LST)  VALUE       VALUE  FROM      YEAR
                                                  NORMAL
..................................................................
TEMPERATURE (F)
 TODAY
  MAXIMUM         90   1232 PM  94    1987  89      1       92
  MINIMUM         78    551 AM  71    1956  78      0       80
  AVERAGE         84                        83      1       86

PRECIPITATION (IN)
  TODAY            0.49          2.00 1924   0.18   0.31     0.00
  MONTH TO DATE    5.35                      4.54   0.81     7.52
  SINCE SEP 1      5.35                      4.54   0.81     7.52
  SINCE JAN 1     38.07                     38.16  -0.09    65.15

SNOWFALL (IN)
  TODAY            0.0
  MONTH TO DATE    0.0
  SINCE SEP 1      0.0
  SINCE JUL 1      0.0

DEGREE DAYS
 HEATING
  TODAY            0                         0      0        0
  MONTH TO DATE    0                         0      0        0
  SINCE SEP 1      0                         0      0        0
  SINCE JUL 1      0                         0      0        0

 COOLING
  TODAY           19                        18      1       21
  MONTH TO DATE  426                       429     -3      436
  SINCE SEP 1    426                       429     -3      436
  SINCE JAN 1   4641                      4293    348     4352
..................................................................


WIND (MPH)
  RESULTANT WIND SPEED   5   RESULTANT WIND DIRECTION   E (80)
  HIGHEST WIND SPEED    21   HIGHEST WIND DIRECTION    NE (50)
  HIGHEST GUST SPEED    24   HIGHEST GUST DIRECTION    NE (50)
  AVERAGE WIND SPEED     5.7


SKY COVER
  AVERAGE SKY COVER 0.4


WEATHER CONDITIONS
 THE FOLLOWING WEATHER WAS RECORDED TODAY.
  THUNDERSTORM
  LIGHT RAIN
  FOG


RELATIVE HUMIDITY (PERCENT)
 HIGHEST    91
 LOWEST     70
 AVERAGE    81

..........................................................


THE SAN JUAN/P.R. CLIMATE NORMALS FOR TOMORROW
                         NORMAL    RECORD    YEAR
 MAXIMUM TEMPERATURE (F)   89        94      2004
                                             1984
 MINIMUM TEMPERATURE (F)   78        70      1956


SUNRISE AND SUNSET
SEPTEMBER 23 2014.....SUNRISE   613 AM AST   SUNSET   619 PM AST
SEPTEMBER 24 2014.....SUNRISE   613 AM AST   SUNSET   618 PM AST


-  INDICATES NEGATIVE NUMBERS.
R  INDICATES RECORD WAS SET OR TIED.
MM INDICATES DATA IS MISSING.
T  INDICATES TRACE AMOUNT.




$$
