000
CDUS45 KSLC 231225
CLISLC


CLIMATE REPORT
NATIONAL WEATHER SERVICE SALT LAKE CITY UT
625 AM MDT SUN APR 23 2017


...................................

...THE SALT LAKE CITY UT CLIMATE SUMMARY FOR APRIL 22 2017...

CLIMATE NORMAL PERIOD 1981 TO 2010
CLIMATE RECORD PERIOD 1874 TO 2017


WEATHER ITEM   OBSERVED TIME   RECORD YEAR NORMAL DEPARTURE LAST
                VALUE   (LST)  VALUE       VALUE  FROM      YEAR
                                                  NORMAL
..................................................................
TEMPERATURE (F)
 YESTERDAY
  MAXIMUM         65    342 PM  86    2012  63      2       81
  MINIMUM         38    606 AM  26    1963  41     -3       60
  AVERAGE         52                        52      0       71

PRECIPITATION (IN)
  YESTERDAY        0.00          1.00 1957   0.07  -0.07     0.00
  MONTH TO DATE    2.24                      1.45   0.79     0.89
  SINCE OCT 1     14.05                     10.12   3.93     8.82
  SINCE JAN 1      9.41                      5.74   3.67     5.57

SNOWFALL (IN)
  YESTERDAY        0.0           2.0  1923   0.1   -0.1      0.0
  MONTH TO DATE    1.0                       3.4   -2.4       T
  SINCE OCT 1     51.3                      55.3   -4.0     34.3
  SINCE JUL 1     51.3                      55.3   -4.0     34.3
  SNOW DEPTH       0

DEGREE DAYS
 HEATING
  YESTERDAY       13                        13      0        0
  MONTH TO DATE  299                       343    -44      205
  SINCE MAR 1    755                      1005   -250      751
  SINCE JUL 1   4508                      5261   -753     4596

 COOLING
  YESTERDAY        0                         0      0        6
  MONTH TO DATE    0                         0      0       10
  SINCE MAR 1      2                         0      2       10
  SINCE JAN 1      2                         0      2       10
..................................................................


WIND (MPH)
  RESULTANT WIND SPEED   2   RESULTANT WIND DIRECTION   S (170)
  HIGHEST WIND SPEED    15   HIGHEST WIND DIRECTION    SE (140)
  HIGHEST GUST SPEED    21   HIGHEST GUST DIRECTION    SE (130)
  AVERAGE WIND SPEED     7.4


SKY COVER
  POSSIBLE SUNSHINE  MM
  AVERAGE SKY COVER 0.5


WEATHER CONDITIONS
 THE FOLLOWING WEATHER WAS RECORDED YESTERDAY.
  NO SIGNIFICANT WEATHER WAS OBSERVED.


RELATIVE HUMIDITY (PERCENT)
 HIGHEST    76           600 AM
 LOWEST     24           300 PM
 AVERAGE    50

..........................................................


THE SALT LAKE CITY UT CLIMATE NORMALS FOR TODAY
                         NORMAL    RECORD    YEAR
 MAXIMUM TEMPERATURE (F)   64        88      2012
 MINIMUM TEMPERATURE (F)   41        27      1968


SUNRISE AND SUNSET
APRIL 23 2017.........SUNRISE   637 AM MDT   SUNSET   816 PM MDT
APRIL 24 2017.........SUNRISE   635 AM MDT   SUNSET   817 PM MDT


-  INDICATES NEGATIVE NUMBERS.
R  INDICATES RECORD WAS SET OR TIED.
MM INDICATES DATA IS MISSING.
T  INDICATES TRACE AMOUNT.




$$
