000
CDUS45 KSLC 191225
CLISLC


CLIMATE REPORT
NATIONAL WEATHER SERVICE SALT LAKE CITY UT
625 AM MDT THU OCT 19 2017


...................................

...THE SALT LAKE CITY UT CLIMATE SUMMARY FOR OCTOBER 18 2017...

CLIMATE NORMAL PERIOD 1981 TO 2010
CLIMATE RECORD PERIOD 1874 TO 2017


WEATHER ITEM   OBSERVED TIME   RECORD YEAR NORMAL DEPARTURE LAST
                VALUE   (LST)  VALUE       VALUE  FROM      YEAR
                                                  NORMAL
..................................................................
TEMPERATURE (F)
 YESTERDAY
  MAXIMUM         71    341 PM  84    1958  64      7       60
  MINIMUM         40    643 AM  23    1964  41     -1       42
  AVERAGE         56                        52      4       51

PRECIPITATION (IN)
  YESTERDAY        0.00          1.23 1984   0.05  -0.05     0.00
  MONTH TO DATE    0.16                      0.86  -0.70     0.48
  SINCE OCT 1      0.16                      0.86  -0.70     0.48
  SINCE JAN 1     14.03                     12.58   1.45    10.68

SNOWFALL (IN)
  YESTERDAY        0.0          13.8  1984   0.1   -0.1      0.0
  MONTH TO DATE    T                         0.5   -0.5      0.0
  SINCE OCT 1      T                         0.5   -0.5      0.0
  SINCE JUL 1      T                         0.5   -0.5      0.0
  SNOW DEPTH       0

DEGREE DAYS
 HEATING
  YESTERDAY        9                        13     -4       14
  MONTH TO DATE  231                       177     54      132
  SINCE SEP 1    362                       261    101      183
  SINCE JUL 1    362                       266     96      184

 COOLING
  YESTERDAY        0                         0      0        0
  MONTH TO DATE    0                         5     -5       12
  SINCE SEP 1    196                       122     74      139
  SINCE JAN 1   1758                      1158    600     1616
..................................................................


WIND (MPH)
  RESULTANT WIND SPEED   1   RESULTANT WIND DIRECTION  SE (150)
  HIGHEST WIND SPEED     9   HIGHEST WIND DIRECTION    SE (140)
  HIGHEST GUST SPEED    12   HIGHEST GUST DIRECTION    NW (310)
  AVERAGE WIND SPEED     4.2


SKY COVER
  POSSIBLE SUNSHINE  MM
  AVERAGE SKY COVER 0.2


WEATHER CONDITIONS
 THE FOLLOWING WEATHER WAS RECORDED YESTERDAY.
  HAZE


RELATIVE HUMIDITY (PERCENT)
 HIGHEST    76           300 AM
 LOWEST     20           300 PM
 AVERAGE    48

..........................................................


THE SALT LAKE CITY UT CLIMATE NORMALS FOR TODAY
                         NORMAL    RECORD    YEAR
 MAXIMUM TEMPERATURE (F)   63        82      1958
 MINIMUM TEMPERATURE (F)   40        25      1905


SUNRISE AND SUNSET
OCTOBER 19 2017.......SUNRISE   744 AM MDT   SUNSET   641 PM MDT
OCTOBER 20 2017.......SUNRISE   745 AM MDT   SUNSET   640 PM MDT


-  INDICATES NEGATIVE NUMBERS.
R  INDICATES RECORD WAS SET OR TIED.
MM INDICATES DATA IS MISSING.
T  INDICATES TRACE AMOUNT.




$$
