000
CDUS45 KSLC 230027
CLISLC


CLIMATE REPORT
NATIONAL WEATHER SERVICE SALT LAKE CITY UT
526 PM MST SUN JAN 22 2017


...................................

...THE SALT LAKE CITY UT CLIMATE SUMMARY FOR JANUARY 22 2017...
VALID TODAY AS OF 0500 PM LOCAL TIME.

CLIMATE NORMAL PERIOD 1981 TO 2010
CLIMATE RECORD PERIOD 1874 TO 2017


WEATHER ITEM   OBSERVED TIME   RECORD YEAR NORMAL DEPARTURE LAST
                VALUE   (LST)  VALUE       VALUE  FROM      YEAR
                                                  NORMAL
..................................................................
TEMPERATURE (F)
 TODAY
  MAXIMUM         38    250 PM  56    1970  38      0       43
  MINIMUM         26    545 AM -14    1937  22      4       28
                                      1930
  AVERAGE         32                        30      2       36

PRECIPITATION (IN)
  TODAY            0.01          0.81 1951   0.04  -0.03     0.00
  MONTH TO DATE    1.72                      0.91   0.81     0.81
  SINCE OCT 1      6.36                      5.29   1.07     4.06
  SINCE JAN 1      1.72                      0.91   0.81     0.81

SNOWFALL (IN)
  TODAY            T             5.4  1949   0.4   -0.4      0.0
  MONTH TO DATE   20.5                       9.3   11.2      2.7
  SINCE OCT 1     37.3                      31.5    5.8     20.0
  SINCE JUL 1     37.3                      31.5    5.8     20.0
  SNOW DEPTH       5

DEGREE DAYS
 HEATING
  TODAY           33                        35     -2       29
  MONTH TO DATE  808                       789     19      769
  SINCE DEC 1   1901                      1865     36     1804
  SINCE JUL 1   2700                      3083   -383     2746

 COOLING
  TODAY            0                         0      0        0
  MONTH TO DATE    0                         0      0        0
  SINCE DEC 1      0                         0      0        0
  SINCE JAN 1      0                         0      0        0
..................................................................


WIND (MPH)
  RESULTANT WIND SPEED  13   RESULTANT WIND DIRECTION  SE (140)
  HIGHEST WIND SPEED    29   HIGHEST WIND DIRECTION     S (180)
  HIGHEST GUST SPEED    37   HIGHEST GUST DIRECTION     S (190)
  AVERAGE WIND SPEED    14.1


SKY COVER
  POSSIBLE SUNSHINE  MM
  AVERAGE SKY COVER 0.4


WEATHER CONDITIONS
 THE FOLLOWING WEATHER WAS RECORDED TODAY.
  LIGHT SNOW
  FOG


RELATIVE HUMIDITY (PERCENT)
 HIGHEST    89           400 PM
 LOWEST     52           200 PM
 AVERAGE    71

..........................................................


THE SALT LAKE CITY UT CLIMATE NORMALS FOR TOMORROW
                         NORMAL    RECORD    YEAR
 MAXIMUM TEMPERATURE (F)   38        60      1970
 MINIMUM TEMPERATURE (F)   22       -14      1962


SUNRISE AND SUNSET
JANUARY 22 2017.......SUNRISE   746 AM MST   SUNSET   534 PM MST
JANUARY 23 2017.......SUNRISE   745 AM MST   SUNSET   535 PM MST


-  INDICATES NEGATIVE NUMBERS.
R  INDICATES RECORD WAS SET OR TIED.
MM INDICATES DATA IS MISSING.
T  INDICATES TRACE AMOUNT.




$$
