000
CDUS45 KSLC 031226
CLISLC


CLIMATE REPORT
NATIONAL WEATHER SERVICE SALT LAKE CITY UT
626 AM MDT TUE MAY 3 2016


...................................

...THE SALT LAKE CITY UT CLIMATE SUMMARY FOR MAY 2 2016...

CLIMATE NORMAL PERIOD 1981 TO 2010
CLIMATE RECORD PERIOD 1874 TO 2016


WEATHER ITEM   OBSERVED TIME   RECORD YEAR NORMAL DEPARTURE LAST
                VALUE   (LST)  VALUE       VALUE  FROM      YEAR
                                                  NORMAL
..................................................................
TEMPERATURE (F)
 YESTERDAY
  MAXIMUM         69    438 PM  91    1947  67      2       82
  MINIMUM         43    534 AM  25    1899  44     -1       59
  AVERAGE         56                        55      1       71

PRECIPITATION (IN)
  YESTERDAY        0.00          1.04 1905   0.08  -0.08     0.00
  MONTH TO DATE    0.00                      0.15  -0.15     0.00
  SINCE OCT 1      9.32                     10.81  -1.49     6.21
  SINCE JAN 1      6.07                      6.43  -0.36     4.20

SNOWFALL (IN)
  YESTERDAY        0.0           4.9  1964   0.1   -0.1      0.0
  MONTH TO DATE    0.0                       0.1   -0.1      0.0
  SINCE OCT 1     34.3                      56.0  -21.7     15.4
  SINCE JUL 1     34.3                      56.0  -21.7     15.4
  SNOW DEPTH       0

DEGREE DAYS
 HEATING
  YESTERDAY        9                        10     -1        0
  MONTH TO DATE   17                        20     -3        2
  SINCE MAR 1    861                      1120   -259      839
  SINCE JUL 1   4706                      5376   -670     4186

 COOLING
  YESTERDAY        0                         1     -1        6
  MONTH TO DATE    0                         1     -1        6
  SINCE MAR 1     10                         5      5        6
  SINCE JAN 1     10                         5      5        6
..................................................................


WIND (MPH)
  RESULTANT WIND SPEED   2   RESULTANT WIND DIRECTION  NW (310)
  HIGHEST WIND SPEED    15   HIGHEST WIND DIRECTION     N (340)
  HIGHEST GUST SPEED    29   HIGHEST GUST DIRECTION    NW (330)
  AVERAGE WIND SPEED     5.3


SKY COVER
  POSSIBLE SUNSHINE  MM
  AVERAGE SKY COVER 0.2


WEATHER CONDITIONS
 THE FOLLOWING WEATHER WAS RECORDED YESTERDAY.
  NO SIGNIFICANT WEATHER WAS OBSERVED.


RELATIVE HUMIDITY (PERCENT)
 HIGHEST    70           400 AM
 LOWEST     22           400 PM
 AVERAGE    46

..........................................................


THE SALT LAKE CITY UT CLIMATE NORMALS FOR TODAY
                         NORMAL    RECORD    YEAR
 MAXIMUM TEMPERATURE (F)   67        91      1947
 MINIMUM TEMPERATURE (F)   44        28      1964
                                             1948


SUNRISE AND SUNSET
MAY  3 2016...........SUNRISE   623 AM MDT   SUNSET   827 PM MDT
MAY  4 2016...........SUNRISE   622 AM MDT   SUNSET   828 PM MDT


-  INDICATES NEGATIVE NUMBERS.
R  INDICATES RECORD WAS SET OR TIED.
MM INDICATES DATA IS MISSING.
T  INDICATES TRACE AMOUNT.




$$
