000
CDUS45 KSLC 120039
CLISLC


CLIMATE REPORT
NATIONAL WEATHER SERVICE SALT LAKE CITY UT
629 PM MDT FRI JUL 11 2014


...................................

...THE SALT LAKE CITY UT CLIMATE SUMMARY FOR JULY 11 2014...
VALID TODAY AS OF 0500 PM LOCAL TIME.

CLIMATE NORMAL PERIOD 1981 TO 2010
CLIMATE RECORD PERIOD 1874 TO 2014


WEATHER ITEM   OBSERVED TIME   RECORD YEAR NORMAL DEPARTURE LAST
                VALUE   (LST)  VALUE       VALUE  FROM      YEAR
                                                  NORMAL
..................................................................
TEMPERATURE (F)
 TODAY
  MAXIMUM         87    356 PM 103    2012  92     -5       94
                                      1976
  MINIMUM         70   1019 AM  48    1983  64      6       71
                                      1944
  AVERAGE         79                        78      1       83

PRECIPITATION (IN)
  TODAY            0.03          0.37 2001   0.02   0.01      T
  MONTH TO DATE    0.09                      0.17  -0.08     0.82
  SINCE OCT 1     10.77                     13.76  -2.99    11.51
  SINCE JAN 1      7.76                      9.38  -1.62     6.94

SNOWFALL (IN)
  TODAY            0.0          MM      MM   0.0    0.0      0.0
  MONTH TO DATE    0.0                       0.0    0.0      0.0
  SINCE OCT 1     35.5                      56.2  -20.7     69.9
  SINCE JUL 1      0.0                       0.0    0.0      0.0
  SNOW DEPTH       0

DEGREE DAYS
 HEATING
  TODAY            0                         0      0        0
  MONTH TO DATE    0                         0      0        0
  SINCE JUN 1     39                        46     -7        4
  SINCE JUL 1      0                         0      0        0

 COOLING
  TODAY           14                        13      1       18
  MONTH TO DATE  192                       132     60      214
  SINCE JUN 1    372                       319     53      537
  SINCE JAN 1    434                       369     65      607
..................................................................


WIND (MPH)
  RESULTANT WIND SPEED   6   RESULTANT WIND DIRECTION   S (160)
  HIGHEST WIND SPEED    15   HIGHEST WIND DIRECTION    SE (150)
  HIGHEST GUST SPEED    18   HIGHEST GUST DIRECTION    SE (150)
  AVERAGE WIND SPEED     8.1


SKY COVER
  POSSIBLE SUNSHINE  MM
  AVERAGE SKY COVER 0.7


WEATHER CONDITIONS
 THE FOLLOWING WEATHER WAS RECORDED TODAY.
  LIGHT RAIN


RELATIVE HUMIDITY (PERCENT)
 HIGHEST    70           400 AM
 LOWEST     31           300 PM
 AVERAGE    51

..........................................................


THE SALT LAKE CITY UT CLIMATE NORMALS FOR TOMORROW
                         NORMAL    RECORD    YEAR
 MAXIMUM TEMPERATURE (F)   93       105      2003
                                             2002
 MINIMUM TEMPERATURE (F)   65        45      1891
                                             1880


SUNRISE AND SUNSET
JULY 11 2014..........SUNRISE   606 AM MDT   SUNSET   900 PM MDT
JULY 12 2014..........SUNRISE   607 AM MDT   SUNSET   900 PM MDT


-  INDICATES NEGATIVE NUMBERS.
R  INDICATES RECORD WAS SET OR TIED.
MM INDICATES DATA IS MISSING.
T  INDICATES TRACE AMOUNT.




$$
