000
CDUS45 KSLC 240027
CLISLC


CLIMATE REPORT
NATIONAL WEATHER SERVICE SALT LAKE CITY UT
627 PM MDT TUE MAY 23 2017


...................................

...THE SALT LAKE CITY UT CLIMATE SUMMARY FOR MAY 23 2017...
VALID TODAY AS OF 0500 PM LOCAL TIME.

CLIMATE NORMAL PERIOD 1981 TO 2010
CLIMATE RECORD PERIOD 1874 TO 2017


WEATHER ITEM   OBSERVED TIME   RECORD YEAR NORMAL DEPARTURE LAST
                VALUE   (LST)  VALUE       VALUE  FROM      YEAR
                                                  NORMAL
..................................................................
TEMPERATURE (F)
 TODAY
  MAXIMUM         82    359 PM  92    2003  74      8       70
                                      1886
  MINIMUM         56    343 AM  30    1966  50      6       44
  AVERAGE         69                        62      7       57

PRECIPITATION (IN)
  TODAY            0.00          0.59 1909   0.06  -0.06     0.00
  MONTH TO DATE    0.61                      1.51  -0.90     1.55
  SINCE OCT 1     15.64                     12.17   3.47    10.87
  SINCE JAN 1     11.00                      7.79   3.21     7.62

SNOWFALL (IN)
  TODAY            0.0           T    1950   0.0    0.0      0.0
                                      1919
  MONTH TO DATE    0.1                       0.3   -0.2      0.0
  SINCE OCT 1     51.4                      56.2   -4.8     34.3
  SINCE JUL 1     51.4                      56.2   -4.8     34.3
  SNOW DEPTH       0

DEGREE DAYS
 HEATING
  TODAY            0                         5     -5        8
  MONTH TO DATE  129                       173    -44      118
  SINCE MAR 1   1016                      1273   -257      962
  SINCE JUL 1   4769                      5529   -760     4807

 COOLING
  TODAY            4                         2      2        0
  MONTH TO DATE   33                        28      5       30
  SINCE MAR 1     35                        32      3       40
  SINCE JAN 1     35                        32      3       40
..................................................................


WIND (MPH)
  RESULTANT WIND SPEED   2   RESULTANT WIND DIRECTION  SE (150)
  HIGHEST WIND SPEED    14   HIGHEST WIND DIRECTION    NW (310)
  HIGHEST GUST SPEED    19   HIGHEST GUST DIRECTION     N (360)
  AVERAGE WIND SPEED     7.9


SKY COVER
  POSSIBLE SUNSHINE  MM
  AVERAGE SKY COVER 0.1


WEATHER CONDITIONS
 THE FOLLOWING WEATHER WAS RECORDED TODAY.
  NO SIGNIFICANT WEATHER WAS OBSERVED.


RELATIVE HUMIDITY (PERCENT)
 HIGHEST    62           300 AM
 LOWEST     20           400 PM
 AVERAGE    41

..........................................................


THE SALT LAKE CITY UT CLIMATE NORMALS FOR TOMORROW
                         NORMAL    RECORD    YEAR
 MAXIMUM TEMPERATURE (F)   75        93      2003
 MINIMUM TEMPERATURE (F)   50        33      2010


SUNRISE AND SUNSET
MAY 23 2017...........SUNRISE   604 AM MDT   SUNSET   846 PM MDT
MAY 24 2017...........SUNRISE   603 AM MDT   SUNSET   847 PM MDT


-  INDICATES NEGATIVE NUMBERS.
R  INDICATES RECORD WAS SET OR TIED.
MM INDICATES DATA IS MISSING.
T  INDICATES TRACE AMOUNT.




$$
