000
CDUS45 KSLC 181233
CLISLC


CLIMATE REPORT
NATIONAL WEATHER SERVICE SALT LAKE CITY UT
633 AM MDT THU SEP 18 2014


...................................

...THE SALT LAKE CITY UT CLIMATE SUMMARY FOR SEPTEMBER 17 2014...

CLIMATE NORMAL PERIOD 1981 TO 2010
CLIMATE RECORD PERIOD 1874 TO 2014


WEATHER ITEM   OBSERVED TIME   RECORD YEAR NORMAL DEPARTURE LAST
                VALUE   (LST)  VALUE       VALUE  FROM      YEAR
                                                  NORMAL
..................................................................
TEMPERATURE (F)
 YESTERDAY
  MAXIMUM         94R   402 PM  93    1937  79     15       92
  MINIMUM         69    702 AM  31    1965  52     17       68
  AVERAGE         82                        66     16       80

PRECIPITATION (IN)
  YESTERDAY        0.00          1.38 1978   0.05  -0.05      T
  MONTH TO DATE    0.30                      0.61  -0.31     1.01
  SINCE OCT 1     13.25                     15.50  -2.25    13.02
  SINCE JAN 1     10.24                     11.12  -0.88     8.45

SNOWFALL (IN)
  YESTERDAY        0.0           2.2  1965   0.0    0.0      0.0
  MONTH TO DATE    0.0                       0.0    0.0      0.0
  SINCE OCT 1     35.5                      56.2  -20.7     69.9
  SINCE JUL 1      0.0                       0.0    0.0      0.0
  SNOW DEPTH       0

DEGREE DAYS
 HEATING
  YESTERDAY        0                         3     -3        0
  MONTH TO DATE    9                        25    -16        0
  SINCE SEP 1      9                        25    -16        0
  SINCE JUL 1     10                        30    -20        0

 COOLING
  YESTERDAY       17                         3     14       15
  MONTH TO DATE  117                        92     25      193
  SINCE SEP 1    117                        92     25      193
  SINCE JAN 1   1170                      1128     42     1739
..................................................................


WIND (MPH)
  RESULTANT WIND SPEED   8   RESULTANT WIND DIRECTION  SE (150)
  HIGHEST WIND SPEED    20   HIGHEST WIND DIRECTION     S (170)
  HIGHEST GUST SPEED    23   HIGHEST GUST DIRECTION     S (170)
  AVERAGE WIND SPEED    10.8


SKY COVER
  POSSIBLE SUNSHINE  MM
  AVERAGE SKY COVER 0.0


WEATHER CONDITIONS
 THE FOLLOWING WEATHER WAS RECORDED YESTERDAY.
  HAZE


RELATIVE HUMIDITY (PERCENT)
 HIGHEST    40           500 AM
 LOWEST     13           300 PM
 AVERAGE    27

..........................................................


THE SALT LAKE CITY UT CLIMATE NORMALS FOR TODAY
                         NORMAL    RECORD    YEAR
 MAXIMUM TEMPERATURE (F)   78        94      1937
 MINIMUM TEMPERATURE (F)   52        27      1965


SUNRISE AND SUNSET
SEPTEMBER 18 2014.....SUNRISE   711 AM MDT   SUNSET   732 PM MDT
SEPTEMBER 19 2014.....SUNRISE   712 AM MDT   SUNSET   730 PM MDT


-  INDICATES NEGATIVE NUMBERS.
R  INDICATES RECORD WAS SET OR TIED.
MM INDICATES DATA IS MISSING.
T  INDICATES TRACE AMOUNT.




$$
