000
CDUS45 KSLC 241230
CLISLC


CLIMATE REPORT
NATIONAL WEATHER SERVICE SALT LAKE CITY UT
630 AM MDT SAT JUN 24 2017


...................................

...THE SALT LAKE CITY UT CLIMATE SUMMARY FOR JUNE 23 2017...

CLIMATE NORMAL PERIOD 1981 TO 2010
CLIMATE RECORD PERIOD 1874 TO 2017


WEATHER ITEM   OBSERVED TIME   RECORD YEAR NORMAL DEPARTURE LAST
                VALUE   (LST)  VALUE       VALUE  FROM      YEAR
                                                  NORMAL
..................................................................
TEMPERATURE (F)
 YESTERDAY
  MAXIMUM         86    532 PM 101    2012  86      0       98
  MINIMUM         59    419 AM  39    1907  59      0       73
  AVERAGE         73                        72      1       86

PRECIPITATION (IN)
  YESTERDAY        0.00          0.58 2003   0.03  -0.03     0.00
  MONTH TO DATE    0.25                      0.86  -0.61     0.51
  SINCE OCT 1     15.89                     13.47   2.42    11.41
  SINCE JAN 1     11.25                      9.09   2.16     8.16

SNOWFALL (IN)
  YESTERDAY        0.0          MM      MM   0.0    0.0      0.0
  MONTH TO DATE    0.0                       0.0    0.0      0.0
  SINCE OCT 1     51.4                      56.2   -4.8     34.3
  SINCE JUL 1     51.4                      56.2   -4.8     34.3
  SNOW DEPTH       0

DEGREE DAYS
 HEATING
  YESTERDAY        0                         1     -1        0
  MONTH TO DATE    4                        43    -39        0
  SINCE JUN 1      4                        43    -39        0
  SINCE JUL 1   4785                      5604   -819     4822

 COOLING
  YESTERDAY        8                         8      0       21
  MONTH TO DATE  249                       122    127      271
  SINCE JUN 1    249                       122    127      271
  SINCE JAN 1    324                       172    152      318
..................................................................


WIND (MPH)
  RESULTANT WIND SPEED   3   RESULTANT WIND DIRECTION  NW (320)
  HIGHEST WIND SPEED    15   HIGHEST WIND DIRECTION    NW (320)
  HIGHEST GUST SPEED    19   HIGHEST GUST DIRECTION     N (350)
  AVERAGE WIND SPEED     5.9


SKY COVER
  POSSIBLE SUNSHINE  MM
  AVERAGE SKY COVER 0.0


WEATHER CONDITIONS
 THE FOLLOWING WEATHER WAS RECORDED YESTERDAY.
  NO SIGNIFICANT WEATHER WAS OBSERVED.


RELATIVE HUMIDITY (PERCENT)
 HIGHEST    48           200 AM
 LOWEST     12           500 PM
 AVERAGE    30

..........................................................


THE SALT LAKE CITY UT CLIMATE NORMALS FOR TODAY
                         NORMAL    RECORD    YEAR
 MAXIMUM TEMPERATURE (F)   87       102      1988
 MINIMUM TEMPERATURE (F)   59        42      1879


SUNRISE AND SUNSET
JUNE 24 2017..........SUNRISE   558 AM MDT   SUNSET   903 PM MDT
JUNE 25 2017..........SUNRISE   558 AM MDT   SUNSET   903 PM MDT


-  INDICATES NEGATIVE NUMBERS.
R  INDICATES RECORD WAS SET OR TIED.
MM INDICATES DATA IS MISSING.
T  INDICATES TRACE AMOUNT.




$$
