000
CDUS45 KSLC 240042
CLISLC


CLIMATE REPORT
NATIONAL WEATHER SERVICE SALT LAKE CITY UT
642 PM MDT THU OCT 23 2014


...................................

...THE SALT LAKE CITY UT CLIMATE SUMMARY FOR OCTOBER 23 2014...
VALID TODAY AS OF 0500 PM LOCAL TIME.

CLIMATE NORMAL PERIOD 1981 TO 2010
CLIMATE RECORD PERIOD 1874 TO 2014


WEATHER ITEM   OBSERVED TIME   RECORD YEAR NORMAL DEPARTURE LAST
                VALUE   (LST)  VALUE       VALUE  FROM      YEAR
                                                  NORMAL
..................................................................
TEMPERATURE (F)
 TODAY
  MAXIMUM         71    221 PM  77    1952  62      9       68
                                      1915
                                      1894
  MINIMUM         43    113 AM  24    1935  39      4       41
  AVERAGE         57                        50      7       55

PRECIPITATION (IN)
  TODAY            0.00          0.57 1923   0.04  -0.04     0.00
  MONTH TO DATE    0.01                      1.10  -1.09     0.61
  SINCE OCT 1      0.01                      1.10  -1.09     0.61
  SINCE JAN 1     12.46                     12.82  -0.36     9.22

SNOWFALL (IN)
  TODAY            0.0           0.2  1997   0.0    0.0      0.0
  MONTH TO DATE    0.0                       0.7   -0.7       T
  SINCE OCT 1      0.0                       0.7   -0.7       T
  SINCE JUL 1      0.0                       0.7   -0.7       T
  SNOW DEPTH       0

DEGREE DAYS
 HEATING
  TODAY            8                        15     -7       10
  MONTH TO DATE  157                       247    -90      289
  SINCE SEP 1    189                       331   -142      344
  SINCE JUL 1    190                       336   -146      344

 COOLING
  TODAY            0                         0      0        0
  MONTH TO DATE    0                         5     -5        0
  SINCE SEP 1    189                       122     67      222
  SINCE JAN 1   1242                      1158     84     1768
..................................................................


WIND (MPH)
  RESULTANT WIND SPEED   3   RESULTANT WIND DIRECTION  SE (120)
  HIGHEST WIND SPEED    12   HIGHEST WIND DIRECTION     N (340)
  HIGHEST GUST SPEED    15   HIGHEST GUST DIRECTION    NW (330)
  AVERAGE WIND SPEED     6.5


SKY COVER
  POSSIBLE SUNSHINE  MM
  AVERAGE SKY COVER 0.1


WEATHER CONDITIONS
 THE FOLLOWING WEATHER WAS RECORDED TODAY.
  HAZE


RELATIVE HUMIDITY (PERCENT)
 HIGHEST    65          1200 AM
 LOWEST     28           200 PM
 AVERAGE    47

..........................................................


THE SALT LAKE CITY UT CLIMATE NORMALS FOR TOMORROW
                         NORMAL    RECORD    YEAR
 MAXIMUM TEMPERATURE (F)   61        78      1959
 MINIMUM TEMPERATURE (F)   39        21      1935


SUNRISE AND SUNSET
OCTOBER 23 2014.......SUNRISE   748 AM MDT   SUNSET   636 PM MDT
OCTOBER 24 2014.......SUNRISE   749 AM MDT   SUNSET   634 PM MDT


-  INDICATES NEGATIVE NUMBERS.
R  INDICATES RECORD WAS SET OR TIED.
MM INDICATES DATA IS MISSING.
T  INDICATES TRACE AMOUNT.




$$
