000
CDUS46 KPQR 130221
CLISLE


CLIMATE REPORT
NATIONAL WEATHER SERVICE PORTLAND OREGON
720 PM PDT SAT JUL 12 2014


...................................

...THE SALEM OR CLIMATE SUMMARY FOR JULY 12 2014...
VALID TODAY AS OF 0700 PM LOCAL TIME.

CLIMATE NORMAL PERIOD 1981 TO 2010
CLIMATE RECORD PERIOD 1892 TO 2014


WEATHER ITEM   OBSERVED TIME   RECORD YEAR NORMAL DEPARTURE LAST
                VALUE   (LST)  VALUE       VALUE  FROM      YEAR
                                                  NORMAL
..................................................................
TEMPERATURE (F)
 TODAY
  MAXIMUM         95    551 PM 104    1961  82     13       78
  MINIMUM         60    528 AM  40    1932  53      7       50
                                      1924
  AVERAGE         78                        67     11       64

PRECIPITATION (IN)
  TODAY            0.00          0.68 2009   0.02  -0.02     0.00
  MONTH TO DATE    0.00                      0.25  -0.25     0.00
  SINCE OCT 1     26.59                     37.73 -11.14    33.87
  SINCE JAN 1     22.01                     21.34   0.67    11.61

DEGREE DAYS
 HEATING
  TODAY            0                         1     -1        1
  MONTH TO DATE    0                        17    -17        1
  SINCE JUN 1     66                       147    -81       80
  SINCE JUL 1      0                        17    -17        1

 COOLING
  TODAY           13                         3     10        0
  MONTH TO DATE  104                        30     74       62
  SINCE JUN 1    123                        58     65      115
  SINCE JAN 1    139                        67     72      125
..................................................................


WIND (MPH)
  HIGHEST WIND SPEED    10   HIGHEST WIND DIRECTION     N (340)
  HIGHEST GUST SPEED    15   HIGHEST GUST DIRECTION     N (350)
  AVERAGE WIND SPEED     3.5


SKY COVER
  POSSIBLE SUNSHINE  MM
  AVERAGE SKY COVER 0.0


WEATHER CONDITIONS
 THE FOLLOWING WEATHER WAS RECORDED TODAY.
  NO SIGNIFICANT WEATHER WAS OBSERVED.


RELATIVE HUMIDITY (PERCENT)
 HIGHEST    90           400 AM
 LOWEST     26           500 PM
 AVERAGE    58

..........................................................


THE SALEM OR CLIMATE NORMALS FOR TOMORROW
                         NORMAL    RECORD    YEAR
 MAXIMUM TEMPERATURE (F)   82       103      1941
 MINIMUM TEMPERATURE (F)   53        39      1970


SUNRISE AND SUNSET
JULY 12 2014..........SUNRISE   537 AM PDT   SUNSET   857 PM PDT
JULY 13 2014..........SUNRISE   538 AM PDT   SUNSET   857 PM PDT


-  INDICATES NEGATIVE NUMBERS.
R  INDICATES RECORD WAS SET OR TIED.
MM INDICATES DATA IS MISSING.
T  INDICATES TRACE AMOUNT.




$$
