000
CDUS46 KPQR 051141
CLISLE


CLIMATE REPORT
NATIONAL WEATHER SERVICE PORTLAND OREGON
340 AM PST THU MAR 5 2015


...................................

...THE SALEM OR CLIMATE SUMMARY FOR MARCH 4 2015...

CLIMATE NORMAL PERIOD 1981 TO 2010
CLIMATE RECORD PERIOD 1892 TO 2015


WEATHER ITEM   OBSERVED TIME   RECORD YEAR NORMAL DEPARTURE LAST
                VALUE   (LST)  VALUE       VALUE  FROM      YEAR
                                                  NORMAL
..................................................................
TEMPERATURE (F)
 YESTERDAY
  MAXIMUM         58    417 PM  66    1986  55      3       64
                                      1968
                                      1965
  MINIMUM         27    523 AM  24    1967  36     -9       43
                                      1963
                                      1896
  AVERAGE         43                        45     -2       54

PRECIPITATION (IN)
  YESTERDAY        0.00          0.96 2000   0.14  -0.14     0.01
  MONTH TO DATE    0.02                      0.61  -0.59     0.82
  SINCE OCT 1     25.10                     27.52  -2.42    14.67
  SINCE JAN 1      7.56                     11.13  -3.57    10.09

DEGREE DAYS
 HEATING
  YESTERDAY       22                        20      2       11
  MONTH TO DATE   86                        80      6       61
  SINCE MAR 1     86                        80      6       61
  SINCE JUL 1   2556                      3320   -764     3347

 COOLING
  YESTERDAY        0                         0      0        0
  MONTH TO DATE    0                         0      0        0
  SINCE MAR 1      0                         0      0        0
  SINCE JAN 1      0                         0      0        0
..................................................................


WIND (MPH)
  HIGHEST WIND SPEED    12   HIGHEST WIND DIRECTION     N (10)
  HIGHEST GUST SPEED    14   HIGHEST GUST DIRECTION     N (350)
  AVERAGE WIND SPEED     2.5


SKY COVER
  POSSIBLE SUNSHINE  MM
  AVERAGE SKY COVER 0.0


WEATHER CONDITIONS
 THE FOLLOWING WEATHER WAS RECORDED YESTERDAY.
  NO SIGNIFICANT WEATHER WAS OBSERVED.


RELATIVE HUMIDITY (PERCENT)
 HIGHEST    85           200 AM
 LOWEST     33           400 PM
 AVERAGE    59

..........................................................


THE SALEM OR CLIMATE NORMALS FOR TODAY
                         NORMAL    RECORD    YEAR
 MAXIMUM TEMPERATURE (F)   55        68      1965
 MINIMUM TEMPERATURE (F)   36        22      1976
                                             1955


SUNRISE AND SUNSET
MARCH  5 2015.........SUNRISE   643 AM PST   SUNSET   605 PM PST
MARCH  6 2015.........SUNRISE   641 AM PST   SUNSET   606 PM PST


-  INDICATES NEGATIVE NUMBERS.
R  INDICATES RECORD WAS SET OR TIED.
MM INDICATES DATA IS MISSING.
T  INDICATES TRACE AMOUNT.




$$
