000
CDUS46 KPQR 310221
CLISLE


CLIMATE REPORT
NATIONAL WEATHER SERVICE PORTLAND OREGON
721 PM PDT THU JUL 30 2015


...................................

...THE SALEM OR CLIMATE SUMMARY FOR JULY 30 2015...
VALID TODAY AS OF 0700 PM LOCAL TIME.

CLIMATE NORMAL PERIOD 1981 TO 2010
CLIMATE RECORD PERIOD 1892 TO 2015


WEATHER ITEM   OBSERVED TIME   RECORD YEAR NORMAL DEPARTURE LAST
                VALUE   (LST)  VALUE       VALUE  FROM      YEAR
                                                  NORMAL
..................................................................
TEMPERATURE (F)
 TODAY
  MAXIMUM        105R   532 PM 103    1965  84     21       93
  MINIMUM         61    525 AM  36    1920  54      7       55
  AVERAGE         83                        69     14       74

PRECIPITATION (IN)
  TODAY            0.00          0.31 1985   0.01  -0.01     0.00
  MONTH TO DATE    0.01                      0.45  -0.44     0.46
  SINCE OCT 1     32.82                     37.93  -5.11    27.05
  SINCE JAN 1     15.28                     21.54  -6.26    22.47

DEGREE DAYS
 HEATING
  TODAY            0                         0      0        0
  MONTH TO DATE    2                        30    -28        3
  SINCE JUN 1     24                       160   -136       69
  SINCE JUL 1      2                        30    -28        3

 COOLING
  TODAY           18                         4     14        9
  MONTH TO DATE  243                       101    142      229
  SINCE JUN 1    403                       129    274      248
  SINCE JAN 1    416                       138    278      264
..................................................................


WIND (MPH)
  HIGHEST WIND SPEED    10   HIGHEST WIND DIRECTION     N (340)
  HIGHEST GUST SPEED    15   HIGHEST GUST DIRECTION     N (360)
  AVERAGE WIND SPEED     5.5


SKY COVER
  POSSIBLE SUNSHINE  MM
  AVERAGE SKY COVER 0.0


WEATHER CONDITIONS
 THE FOLLOWING WEATHER WAS RECORDED TODAY.
  NO SIGNIFICANT WEATHER WAS OBSERVED.


RELATIVE HUMIDITY (PERCENT)
 HIGHEST    56           400 AM
 LOWEST     11           500 PM
 AVERAGE    34

..........................................................


THE SALEM OR CLIMATE NORMALS FOR TOMORROW
                         NORMAL    RECORD    YEAR
 MAXIMUM TEMPERATURE (F)   84       104      1965
 MINIMUM TEMPERATURE (F)   54        41      1920


SUNRISE AND SUNSET
JULY 30 2015..........SUNRISE   555 AM PDT   SUNSET   841 PM PDT
JULY 31 2015..........SUNRISE   556 AM PDT   SUNSET   840 PM PDT


-  INDICATES NEGATIVE NUMBERS.
R  INDICATES RECORD WAS SET OR TIED.
MM INDICATES DATA IS MISSING.
T  INDICATES TRACE AMOUNT.




$$
