000
CDUS46 KPQR 311145
CLISLE


CLIMATE REPORT
NATIONAL WEATHER SERVICE PORTLAND OREGON
444 AM PDT MON AUG 31 2015


...................................

...THE SALEM OR CLIMATE SUMMARY FOR AUGUST 30 2015...

CLIMATE NORMAL PERIOD 1981 TO 2010
CLIMATE RECORD PERIOD 1892 TO 2015


WEATHER ITEM   OBSERVED TIME   RECORD YEAR NORMAL DEPARTURE LAST
                VALUE   (LST)  VALUE       VALUE  FROM      YEAR
                                                  NORMAL
..................................................................
TEMPERATURE (F)
 YESTERDAY
  MAXIMUM         73    425 PM  97    1987  81     -8       71
  MINIMUM         57   1001 PM  30    1920  51      6       57
  AVERAGE         65                        66     -1       64

PRECIPITATION (IN)
  YESTERDAY        0.44R         0.40 1896   0.02   0.42     0.07
  MONTH TO DATE    0.71                      0.42   0.29     0.35
  SINCE OCT 1     33.53                     38.36  -4.83    27.40
  SINCE JAN 1     15.99                     21.97  -5.98    22.82

DEGREE DAYS
 HEATING
  YESTERDAY        0                         1     -1        1
  MONTH TO DATE    0                        27    -27        1
  SINCE JUN 1     24                       187   -163       70
  SINCE JUL 1      2                        57    -55        4

 COOLING
  YESTERDAY        0                         2     -2        0
  MONTH TO DATE  201                       103     98      239
  SINCE JUN 1    622                       240    382      500
  SINCE JAN 1    635                       249    386      516
..................................................................


WIND (MPH)
  HIGHEST WIND SPEED    17   HIGHEST WIND DIRECTION     W (250)
  HIGHEST GUST SPEED    25   HIGHEST GUST DIRECTION    SW (240)
  AVERAGE WIND SPEED    10.5


SKY COVER
  POSSIBLE SUNSHINE  MM
  AVERAGE SKY COVER 0.7


WEATHER CONDITIONS
 THE FOLLOWING WEATHER WAS RECORDED YESTERDAY.
  HEAVY RAIN
  RAIN
  LIGHT RAIN
  FOG


RELATIVE HUMIDITY (PERCENT)
 HIGHEST    90           900 AM
 LOWEST     44           400 PM
 AVERAGE    67

..........................................................


THE SALEM OR CLIMATE NORMALS FOR TODAY
                         NORMAL    RECORD    YEAR
 MAXIMUM TEMPERATURE (F)   81       100      1987
 MINIMUM TEMPERATURE (F)   51        37      1920


SUNRISE AND SUNSET
AUGUST 31 2015........SUNRISE   633 AM PDT   SUNSET   751 PM PDT
SEPTEMBER  1 2015.....SUNRISE   634 AM PDT   SUNSET   749 PM PDT


-  INDICATES NEGATIVE NUMBERS.
R  INDICATES RECORD WAS SET OR TIED.
MM INDICATES DATA IS MISSING.
T  INDICATES TRACE AMOUNT.




$$
