000
CDUS46 KPQR 251141
CLISLE


CLIMATE REPORT
NATIONAL WEATHER SERVICE PORTLAND OREGON
440 AM PDT MON JUL 25 2016


...................................

...THE SALEM OR CLIMATE SUMMARY FOR JULY 24 2016...

CLIMATE NORMAL PERIOD 1981 TO 2010
CLIMATE RECORD PERIOD 1892 TO 2016


WEATHER ITEM   OBSERVED TIME   RECORD YEAR NORMAL DEPARTURE LAST
                VALUE   (LST)  VALUE       VALUE  FROM      YEAR
                                                  NORMAL
..................................................................
TEMPERATURE (F)
 YESTERDAY
  MAXIMUM         89    537 PM 102    1928  84      5       85
  MINIMUM         54    450 AM  42    1973  54      0       53
                                      1953
  AVERAGE         72                        69      3       69

PRECIPITATION (IN)
  YESTERDAY        0.00          0.10 1912   0.01  -0.01     0.00
  MONTH TO DATE    0.45                      0.39   0.06      T
  SINCE OCT 1     45.30                     37.87   7.43    32.81
  SINCE JAN 1     21.75                     21.48   0.27    15.27

DEGREE DAYS
 HEATING
  YESTERDAY        0                         1     -1        0
  MONTH TO DATE    5                        29    -24        0
  SINCE JUN 1     83                       159    -76       22
  SINCE JUL 1      5                        29    -24        0

 COOLING
  YESTERDAY        7                         4      3        4
  MONTH TO DATE   63                        77    -14      201
  SINCE JUN 1    154                       105     49      361
  SINCE JAN 1    175                       114     61      374
..................................................................


WIND (MPH)
  HIGHEST WIND SPEED    14   HIGHEST WIND DIRECTION    NW (300)
  HIGHEST GUST SPEED    18   HIGHEST GUST DIRECTION     N (10)
  AVERAGE WIND SPEED     6.1


SKY COVER
  POSSIBLE SUNSHINE  MM
  AVERAGE SKY COVER 0.0


WEATHER CONDITIONS
 THE FOLLOWING WEATHER WAS RECORDED YESTERDAY.
  NO SIGNIFICANT WEATHER WAS OBSERVED.


RELATIVE HUMIDITY (PERCENT)
 HIGHEST    83           400 AM
 LOWEST     29           500 PM
 AVERAGE    56

..........................................................


THE SALEM OR CLIMATE NORMALS FOR TODAY
                         NORMAL    RECORD    YEAR
 MAXIMUM TEMPERATURE (F)   84       102      1988
 MINIMUM TEMPERATURE (F)   54        36      1920


SUNRISE AND SUNSET
JULY 25 2016..........SUNRISE   551 AM PDT   SUNSET   846 PM PDT
JULY 26 2016..........SUNRISE   552 AM PDT   SUNSET   845 PM PDT


-  INDICATES NEGATIVE NUMBERS.
R  INDICATES RECORD WAS SET OR TIED.
MM INDICATES DATA IS MISSING.
T  INDICATES TRACE AMOUNT.




$$
