000
CDUS46 KPQR 071144
CLISLE


CLIMATE REPORT
NATIONAL WEATHER SERVICE PORTLAND OREGON
444 AM PDT TUE JUL 7 2015


...................................

...THE SALEM OR CLIMATE SUMMARY FOR JULY 6 2015...

CLIMATE NORMAL PERIOD 1981 TO 2010
CLIMATE RECORD PERIOD 1892 TO 2015


WEATHER ITEM   OBSERVED TIME   RECORD YEAR NORMAL DEPARTURE LAST
                VALUE   (LST)  VALUE       VALUE  FROM      YEAR
                                                  NORMAL
..................................................................
TEMPERATURE (F)
 YESTERDAY
  MAXIMUM         92    234 PM 101    1960  80     12       91
  MINIMUM         59    507 AM  38    1988  52      7       56
                                      1935
  AVERAGE         76                        66     10       74

PRECIPITATION (IN)
  YESTERDAY        0.00          0.76 1909   0.02  -0.02     0.00
  MONTH TO DATE    0.00                      0.13  -0.13     0.00
  SINCE OCT 1     32.81                     37.61  -4.80    26.59
  SINCE JAN 1     15.27                     21.22  -5.95    22.01

DEGREE DAYS
 HEATING
  YESTERDAY        0                         1     -1        0
  MONTH TO DATE    0                        11    -11        0
  SINCE JUN 1     22                       141   -119       66
  SINCE JUL 1      0                        11    -11        0

 COOLING
  YESTERDAY       11                         2      9        9
  MONTH TO DATE   83                        12     71       42
  SINCE JUN 1    243                        40    203       61
  SINCE JAN 1    256                        49    207       77
..................................................................


WIND (MPH)
  HIGHEST WIND SPEED    15   HIGHEST WIND DIRECTION     W (270)
  HIGHEST GUST SPEED    19   HIGHEST GUST DIRECTION     W (270)
  AVERAGE WIND SPEED     5.4


SKY COVER
  POSSIBLE SUNSHINE  MM
  AVERAGE SKY COVER 0.0


WEATHER CONDITIONS
 THE FOLLOWING WEATHER WAS RECORDED YESTERDAY.
  HAZE


RELATIVE HUMIDITY (PERCENT)
 HIGHEST    72           400 AM
 LOWEST     29           200 PM
 AVERAGE    51

..........................................................


THE SALEM OR CLIMATE NORMALS FOR TODAY
                         NORMAL    RECORD    YEAR
 MAXIMUM TEMPERATURE (F)   80       100      1945
 MINIMUM TEMPERATURE (F)   52        38      1930


SUNRISE AND SUNSET
JULY  7 2015..........SUNRISE   533 AM PDT   SUNSET   900 PM PDT
JULY  8 2015..........SUNRISE   534 AM PDT   SUNSET   900 PM PDT


-  INDICATES NEGATIVE NUMBERS.
R  INDICATES RECORD WAS SET OR TIED.
MM INDICATES DATA IS MISSING.
T  INDICATES TRACE AMOUNT.




$$
