000
CDUS46 KPQR 211148
CLISLE


CLIMATE REPORT
NATIONAL WEATHER SERVICE PORTLAND OREGON
448 AM PDT MON AUG 21 2017


...................................

...THE SALEM OR CLIMATE SUMMARY FOR AUGUST 20 2017...

CLIMATE NORMAL PERIOD 1981 TO 2010
CLIMATE RECORD PERIOD 1892 TO 2017


WEATHER ITEM   OBSERVED TIME   RECORD YEAR NORMAL DEPARTURE LAST
                VALUE   (LST)  VALUE       VALUE  FROM      YEAR
                                                  NORMAL
..................................................................
TEMPERATURE (F)
 YESTERDAY
  MAXIMUM         84    424 PM 101    2016  82      2      101
  MINIMUM         50    526 AM  41    1973  53     -3       60
  AVERAGE         67                        67      0       81

PRECIPITATION (IN)
  YESTERDAY        0.00          0.50 1899   0.02  -0.02     0.00
  MONTH TO DATE    0.15                      0.22  -0.07     0.24
  SINCE OCT 1     56.75                     38.16  18.59    45.55
  SINCE JAN 1     33.45                     21.77  11.68    22.00

DEGREE DAYS
 HEATING
  YESTERDAY        0                         1     -1        0
  MONTH TO DATE    2                        17    -15        7
  SINCE JUN 1     84                       177    -93       90
  SINCE JUL 1      2                        47    -45       12

 COOLING
  YESTERDAY        2                         3     -1       16
  MONTH TO DATE  181                        75    106      149
  SINCE JUN 1    416                       212    204      361
  SINCE JAN 1    443                       221    222      382
..................................................................


WIND (MPH)
  HIGHEST WIND SPEED    16   HIGHEST WIND DIRECTION     N (20)
  HIGHEST GUST SPEED    22   HIGHEST GUST DIRECTION     N (360)
  AVERAGE WIND SPEED     7.5


SKY COVER
  POSSIBLE SUNSHINE  MM
  AVERAGE SKY COVER 0.0


WEATHER CONDITIONS
 THE FOLLOWING WEATHER WAS RECORDED YESTERDAY.
  NO SIGNIFICANT WEATHER WAS OBSERVED.


RELATIVE HUMIDITY (PERCENT)
 HIGHEST    83           500 AM
 LOWEST     31           300 PM
 AVERAGE    57

..........................................................


THE SALEM OR CLIMATE NORMALS FOR TODAY
                         NORMAL    RECORD    YEAR
 MAXIMUM TEMPERATURE (F)   82        99      1961
 MINIMUM TEMPERATURE (F)   52        39      1980


SUNRISE AND SUNSET
AUGUST 21 2017........SUNRISE   621 AM PDT   SUNSET   808 PM PDT
AUGUST 22 2017........SUNRISE   623 AM PDT   SUNSET   806 PM PDT


-  INDICATES NEGATIVE NUMBERS.
R  INDICATES RECORD WAS SET OR TIED.
MM INDICATES DATA IS MISSING.
T  INDICATES TRACE AMOUNT.




$$
