000
CDUS46 KPQR 141148
CLISLE


CLIMATE REPORT
NATIONAL WEATHER SERVICE PORTLAND OREGON
348 AM PST SUN FEB 14 2016


...................................

...THE SALEM OR CLIMATE SUMMARY FOR FEBRUARY 13 2016...

CLIMATE NORMAL PERIOD 1981 TO 2010
CLIMATE RECORD PERIOD 1892 TO 2016


WEATHER ITEM   OBSERVED TIME   RECORD YEAR NORMAL DEPARTURE LAST
                VALUE   (LST)  VALUE       VALUE  FROM      YEAR
                                                  NORMAL
..................................................................
TEMPERATURE (F)
 YESTERDAY
  MAXIMUM         50    458 PM  64    1931  51     -1       53
  MINIMUM         42    741 AM  20    1905  34      8       37
  AVERAGE         46                        43      3       45

PRECIPITATION (IN)
  YESTERDAY        0.22          1.35 1982   0.17   0.05     0.00
  MONTH TO DATE    0.92                      2.21  -1.29     4.17
  SINCE OCT 1     32.29                     24.56   7.73    24.92
  SINCE JAN 1      8.74                      8.17   0.57     7.38

DEGREE DAYS
 HEATING
  YESTERDAY       19                        22     -3       20
  MONTH TO DATE  222                       293    -71      205
  SINCE DEC 1   1524                      1803   -279     1460
  SINCE JUL 1   2404                      2920   -516     2226

 COOLING
  YESTERDAY        0                         0      0        0
  MONTH TO DATE    0                         0      0        0
  SINCE DEC 1      0                         0      0        0
  SINCE JAN 1      0                         0      0        0
..................................................................


WIND (MPH)
  HIGHEST WIND SPEED    22   HIGHEST WIND DIRECTION     S (160)
  HIGHEST GUST SPEED    26   HIGHEST GUST DIRECTION     S (180)
  AVERAGE WIND SPEED    12.8


SKY COVER
  POSSIBLE SUNSHINE  MM
  AVERAGE SKY COVER 0.6


WEATHER CONDITIONS
 THE FOLLOWING WEATHER WAS RECORDED YESTERDAY.
  LIGHT RAIN


RELATIVE HUMIDITY (PERCENT)
 HIGHEST    93           900 PM
 LOWEST     74          1100 AM
 AVERAGE    84

..........................................................


THE SALEM OR CLIMATE NORMALS FOR TODAY
                         NORMAL    RECORD    YEAR
 MAXIMUM TEMPERATURE (F)   51        67      1898
 MINIMUM TEMPERATURE (F)   34        18      1995
                                             1990


SUNRISE AND SUNSET
FEBRUARY 14 2016......SUNRISE   715 AM PST   SUNSET   538 PM PST
FEBRUARY 15 2016......SUNRISE   713 AM PST   SUNSET   540 PM PST


-  INDICATES NEGATIVE NUMBERS.
R  INDICATES RECORD WAS SET OR TIED.
MM INDICATES DATA IS MISSING.
T  INDICATES TRACE AMOUNT.




$$
