000
CDUS41 KBTV 050524
CLISLK


CLIMATE REPORT
NATIONAL WEATHER SERVICE BURLINGTON VT
123 AM EDT SAT SEP 5 2015


...................................

...THE SARANAC LAKE NY CLIMATE SUMMARY FOR SEPTEMBER 4 2015...

CLIMATE NORMAL PERIOD 1981 TO 2010
CLIMATE RECORD PERIOD 9999 TO 9999


WEATHER ITEM   OBSERVED TIME   NORMAL DEPARTURE LAST
                VALUE   (LST)  VALUE  FROM      YEAR
                                      NORMAL
......................................................
TEMPERATURE (F)
 YESTERDAY
  MAXIMUM         79    327 PM  71      8       79
  MINIMUM         36    542 AM  45     -9       44
  AVERAGE         58            58      0       62

PRECIPITATION (IN)
  YESTERDAY        0.00          0.11  -0.11     0.00
  MONTH TO DATE    0.00          0.46  -0.46     0.70
  SINCE SEP 1      0.00          0.46  -0.46     0.70
  SINCE JAN 1     24.05         25.00  -0.95    26.66

DEGREE DAYS
 HEATING
  YESTERDAY        7             8     -1        3
  MONTH TO DATE    7            29    -22        8
  SINCE SEP 1      7            29    -22        8
  SINCE JUL 1    200           269    -69      287

 COOLING
  YESTERDAY        0             1     -1        0
  MONTH TO DATE    5             4      1        8
  SINCE SEP 1      5             4      1        8
  SINCE JAN 1    108           111     -3       76
......................................................


WIND (MPH)
  HIGHEST WIND SPEED    14   HIGHEST WIND DIRECTION    NE (50)
  HIGHEST GUST SPEED    21   HIGHEST GUST DIRECTION     E (70)
  AVERAGE WIND SPEED     4.8


SKY COVER
  AVERAGE SKY COVER 0.0


WEATHER CONDITIONS
 THE FOLLOWING WEATHER WAS RECORDED YESTERDAY.
  FOG


RELATIVE HUMIDITY (PERCENT)
 HIGHEST   100          1200 AM
 LOWEST     32           300 PM
 AVERAGE    66

..........................................................


THE SARANAC LAKE NY CLIMATE NORMALS FOR TODAY
                         NORMAL    RECORD    YEAR
 MAXIMUM TEMPERATURE (F)   71        87      2008
 MINIMUM TEMPERATURE (F)   45        27      2000


SUNRISE AND SUNSET
SEPTEMBER  5 2015.....SUNRISE   624 AM EDT   SUNSET   726 PM EDT
SEPTEMBER  6 2015.....SUNRISE   625 AM EDT   SUNSET   725 PM EDT


-  INDICATES NEGATIVE NUMBERS.
R  INDICATES RECORD WAS SET OR TIED.
MM INDICATES DATA IS MISSING.
T  INDICATES TRACE AMOUNT.




$$
