000
CDUS41 KBTV 300543
CLISLK


CLIMATE REPORT
NATIONAL WEATHER SERVICE BURLINGTON VT
143 AM EDT TUE SEP 30 2014


...................................

...THE SARANAC LAKE NY CLIMATE SUMMARY FOR SEPTEMBER 29 2014...

CLIMATE NORMAL PERIOD 1981 TO 2010
CLIMATE RECORD PERIOD 9999 TO 9999


WEATHER ITEM   OBSERVED TIME   NORMAL DEPARTURE LAST
                VALUE   (LST)  VALUE  FROM      YEAR
                                      NORMAL
......................................................
TEMPERATURE (F)
 YESTERDAY
  MAXIMUM         76    356 PM  60     16       71
  MINIMUM         40    641 AM  36      4       31
  AVERAGE         58            48     10       51

PRECIPITATION (IN)
  YESTERDAY        0.00          0.10  -0.10     0.00
  MONTH TO DATE    2.00          3.21  -1.21     3.57
  SINCE SEP 1      2.00          3.21  -1.21     3.57
  SINCE JAN 1     27.96         27.75   0.21    32.45

DEGREE DAYS
 HEATING
  YESTERDAY        7            17    -10       14
  MONTH TO DATE  326           329     -3      371
  SINCE SEP 1    326           329     -3      371
  SINCE JUL 1    605           569     36      584

 COOLING
  YESTERDAY        0             0      0        0
  MONTH TO DATE   13             7      6       16
  SINCE SEP 1     13             7      6       16
  SINCE JAN 1     81           114    -33      187
......................................................


WIND (MPH)
  HIGHEST WIND SPEED    13   HIGHEST WIND DIRECTION     S (160)
  HIGHEST GUST SPEED    16   HIGHEST GUST DIRECTION     S (160)
  AVERAGE WIND SPEED     2.3


SKY COVER
  AVERAGE SKY COVER 0.1


WEATHER CONDITIONS
 THE FOLLOWING WEATHER WAS RECORDED YESTERDAY.
  FOG
  FOG W/VISIBILITY <= 1/4 MILE


RELATIVE HUMIDITY (PERCENT)
 HIGHEST   100           100 AM
 LOWEST     33           400 PM
 AVERAGE    67

..........................................................


THE SARANAC LAKE NY CLIMATE NORMALS FOR TODAY
                         NORMAL    RECORD    YEAR
 MAXIMUM TEMPERATURE (F)   60        MM        MM
 MINIMUM TEMPERATURE (F)   36        MM        MM


SUNRISE AND SUNSET
SEPTEMBER 30 2014.....SUNRISE   653 AM EDT   SUNSET   639 PM EDT
OCTOBER  1 2014.......SUNRISE   655 AM EDT   SUNSET   638 PM EDT


-  INDICATES NEGATIVE NUMBERS.
R  INDICATES RECORD WAS SET OR TIED.
MM INDICATES DATA IS MISSING.
T  INDICATES TRACE AMOUNT.




$$
