000
CDUS41 KBTV 200552
CLISLK


CLIMATE REPORT
NATIONAL WEATHER SERVICE BURLINGTON VT
150 AM EDT SAT SEP 20 2014


...................................

...THE SARANAC LAKE NY CLIMATE SUMMARY FOR SEPTEMBER 19 2014...

CLIMATE NORMAL PERIOD 1981 TO 2010
CLIMATE RECORD PERIOD 9999 TO 9999


WEATHER ITEM   OBSERVED TIME   NORMAL DEPARTURE LAST
                VALUE   (LST)  VALUE  FROM      YEAR
                                      NORMAL
......................................................
TEMPERATURE (F)
 YESTERDAY
  MAXIMUM         57    339 PM  65     -8       74
  MINIMUM         21    600 AM  40    -19       32
  AVERAGE         39            52    -13       53

PRECIPITATION (IN)
  YESTERDAY        0.00          0.12  -0.12     0.00
  MONTH TO DATE    1.88          2.16  -0.28     3.22
  SINCE SEP 1      1.88          2.16  -0.28     3.22
  SINCE JAN 1     27.84         26.70   1.14    32.10

DEGREE DAYS
 HEATING
  YESTERDAY       26            13     13       12
  MONTH TO DATE  222           180     42      223
  SINCE SEP 1    222           180     42      223
  SINCE JUL 1    501           420     81      436

 COOLING
  YESTERDAY        0             0      0        0
  MONTH TO DATE   12             7      5       16
  SINCE SEP 1     12             7      5       16
  SINCE JAN 1     80           114    -34      187
......................................................


WIND (MPH)
  HIGHEST WIND SPEED    14   HIGHEST WIND DIRECTION    SW (210)
  HIGHEST GUST SPEED    18   HIGHEST GUST DIRECTION     E (110)
  AVERAGE WIND SPEED     2.3


SKY COVER
  AVERAGE SKY COVER 0.0


WEATHER CONDITIONS
 THE FOLLOWING WEATHER WAS RECORDED YESTERDAY.
  FOG


RELATIVE HUMIDITY (PERCENT)
 HIGHEST   100           700 AM
 LOWEST     35           200 PM
 AVERAGE    68

..........................................................


THE SARANAC LAKE NY CLIMATE NORMALS FOR TODAY
                         NORMAL    RECORD    YEAR
 MAXIMUM TEMPERATURE (F)   64        MM        MM
 MINIMUM TEMPERATURE (F)   40        MM        MM


SUNRISE AND SUNSET
SEPTEMBER 20 2014.....SUNRISE   641 AM EDT   SUNSET   658 PM EDT
SEPTEMBER 21 2014.....SUNRISE   643 AM EDT   SUNSET   656 PM EDT


-  INDICATES NEGATIVE NUMBERS.
R  INDICATES RECORD WAS SET OR TIED.
MM INDICATES DATA IS MISSING.
T  INDICATES TRACE AMOUNT.




$$
