000
CDUS41 KBTV 270606
CLISLK


CLIMATE REPORT
NATIONAL WEATHER SERVICE BURLINGTON VT
100 AM EST MON FEB 27 2017


...................................

...THE SARANAC LAKE NY CLIMATE SUMMARY FOR FEBRUARY 26 2017...

CLIMATE NORMAL PERIOD 1981 TO 2010
CLIMATE RECORD PERIOD 9999 TO 9999


WEATHER ITEM   OBSERVED TIME   NORMAL DEPARTURE LAST
                VALUE   (LST)  VALUE  FROM      YEAR
                                      NORMAL
......................................................
TEMPERATURE (F)
 YESTERDAY
  MAXIMUM         30   1201 AM  31     -1       20
  MINIMUM         18    955 PM   4     14        4
  AVERAGE         24            17      7       12

PRECIPITATION (IN)
  YESTERDAY        0.01          0.05  -0.04     0.01
  MONTH TO DATE    2.37          1.51   0.86     3.02
  SINCE DEC 1      6.97          5.93   1.04     7.66
  SINCE JAN 1      4.54          3.64   0.90     3.71

DEGREE DAYS
 HEATING
  YESTERDAY       41            48     -7       53
  MONTH TO DATE 1077          1310   -233     1187
  SINCE DEC 1   3788          4337   -549     3535
  SINCE JUL 1   5630          6612   -982     5485

 COOLING
  YESTERDAY        0             0      0        0
  MONTH TO DATE    0             0      0        0
  SINCE DEC 1      0             0      0        0
  SINCE JAN 1      0             0      0        0
......................................................


WIND (MPH)
  HIGHEST WIND SPEED    20   HIGHEST WIND DIRECTION     W (270)
  HIGHEST GUST SPEED    31   HIGHEST GUST DIRECTION    SW (240)
  AVERAGE WIND SPEED    10.0


SKY COVER
  AVERAGE SKY COVER 0.6


WEATHER CONDITIONS
 THE FOLLOWING WEATHER WAS RECORDED YESTERDAY.
  LIGHT SNOW
  FOG


RELATIVE HUMIDITY (PERCENT)
 HIGHEST    92           900 PM
 LOWEST     55           200 PM
 AVERAGE    74

..........................................................


THE SARANAC LAKE NY CLIMATE NORMALS FOR TODAY
                         NORMAL    RECORD    YEAR
 MAXIMUM TEMPERATURE (F)   31        59      2000
 MINIMUM TEMPERATURE (F)    4       -24      2015


SUNRISE AND SUNSET
FEBRUARY 27 2017......SUNRISE   637 AM EST   SUNSET   542 PM EST
FEBRUARY 28 2017......SUNRISE   635 AM EST   SUNSET   544 PM EST


-  INDICATES NEGATIVE NUMBERS.
R  INDICATES RECORD WAS SET OR TIED.
MM INDICATES DATA IS MISSING.
T  INDICATES TRACE AMOUNT.




$$
