000
CDUS41 KBTV 140539
CLISLK


CLIMATE REPORT
NATIONAL WEATHER SERVICE BURLINGTON VT
1237 AM EST THU DEC 14 2017


...................................

...THE SARANAC LAKE NY CLIMATE SUMMARY FOR DECEMBER 13 2017...

CLIMATE NORMAL PERIOD 1981 TO 2010
CLIMATE RECORD PERIOD 9999 TO 9999


WEATHER ITEM   OBSERVED TIME   NORMAL DEPARTURE LAST
                VALUE   (LST)  VALUE  FROM      YEAR
                                      NORMAL
......................................................
TEMPERATURE (F)
 YESTERDAY
  MAXIMUM         15    110 AM  29    -14       31
  MINIMUM         -1   1159 PM  10    -11       20
  AVERAGE          7            20    -13       26

PRECIPITATION (IN)
  YESTERDAY        T             0.07  -0.07      T
  MONTH TO DATE    0.73          1.12  -0.39     1.08
  SINCE DEC 1      0.73          1.12  -0.39     1.08
  SINCE JAN 1     42.46         36.35   6.11    31.81

DEGREE DAYS
 HEATING
  YESTERDAY       58            45     13       39
  MONTH TO DATE  522           554    -32      532
  SINCE DEC 1    522           554    -32      532
  SINCE JUL 1   2579          2829   -250     2374

 COOLING
  YESTERDAY        0             0      0        0
  MONTH TO DATE    0             0      0        0
  SINCE DEC 1      0             0      0        0
  SINCE JAN 1     69           114    -45      166
......................................................


WIND (MPH)
  HIGHEST WIND SPEED    17   HIGHEST WIND DIRECTION     W (250)
  HIGHEST GUST SPEED    28   HIGHEST GUST DIRECTION     W (260)
  AVERAGE WIND SPEED     9.1


SKY COVER
  AVERAGE SKY COVER 0.9


WEATHER CONDITIONS
 THE FOLLOWING WEATHER WAS RECORDED YESTERDAY.
  LIGHT SNOW
  FOG
  HAZE


RELATIVE HUMIDITY (PERCENT)
 HIGHEST    95          1000 PM
 LOWEST     76           200 PM
 AVERAGE    86

..........................................................


THE SARANAC LAKE NY CLIMATE NORMALS FOR TODAY
                         NORMAL    RECORD    YEAR
 MAXIMUM TEMPERATURE (F)   29        55      2015
 MINIMUM TEMPERATURE (F)   10       -25      2005


SUNRISE AND SUNSET
DECEMBER 14 2017......SUNRISE   725 AM EST   SUNSET   418 PM EST
DECEMBER 15 2017......SUNRISE   726 AM EST   SUNSET   418 PM EST


-  INDICATES NEGATIVE NUMBERS.
R  INDICATES RECORD WAS SET OR TIED.
MM INDICATES DATA IS MISSING.
T  INDICATES TRACE AMOUNT.




$$
