000
CDUS41 KBTV 270540
CLISLK


CLIMATE REPORT
NATIONAL WEATHER SERVICE BURLINGTON VT
140 AM EDT THU APR 27 2017


...................................

...THE SARANAC LAKE NY CLIMATE SUMMARY FOR APRIL 26 2017...

CLIMATE NORMAL PERIOD 1981 TO 2010
CLIMATE RECORD PERIOD 9999 TO 9999


WEATHER ITEM   OBSERVED TIME   NORMAL DEPARTURE LAST
                VALUE   (LST)  VALUE  FROM      YEAR
                                      NORMAL
......................................................
TEMPERATURE (F)
 YESTERDAY
  MAXIMUM         70    317 PM  56     14       37
  MINIMUM         45   1159 PM  30     15       22
  AVERAGE         58            43     15       30

PRECIPITATION (IN)
  YESTERDAY        0.07          0.10  -0.03     0.34
  MONTH TO DATE    2.76          2.46   0.30     2.88
  SINCE MAR 1      4.88          4.74   0.14     5.70
  SINCE JAN 1      9.42          8.48   0.94     9.58

DEGREE DAYS
 HEATING
  YESTERDAY        7            22    -15       35
  MONTH TO DATE  581           724   -143      788
  SINCE MAR 1   1975          1981     -6     1819
  SINCE JUL 1   7671          8686  -1015     7414

 COOLING
  YESTERDAY        0             0      0        0
  MONTH TO DATE    0             0      0        0
  SINCE MAR 1      0             0      0        0
  SINCE JAN 1      0             0      0        0
......................................................


WIND (MPH)
  HIGHEST WIND SPEED    12   HIGHEST WIND DIRECTION    NE (60)
  HIGHEST GUST SPEED    13   HIGHEST GUST DIRECTION    NE (60)
  AVERAGE WIND SPEED     4.9


SKY COVER
  AVERAGE SKY COVER 0.8


WEATHER CONDITIONS
 THE FOLLOWING WEATHER WAS RECORDED YESTERDAY.
  LIGHT RAIN
  FOG


RELATIVE HUMIDITY (PERCENT)
 HIGHEST   100          1200 AM
 LOWEST     68           300 PM
 AVERAGE    84

..........................................................


THE SARANAC LAKE NY CLIMATE NORMALS FOR TODAY
                         NORMAL    RECORD    YEAR
 MAXIMUM TEMPERATURE (F)   56        87      2009
 MINIMUM TEMPERATURE (F)   30        15      2016


SUNRISE AND SUNSET
APRIL 27 2017.........SUNRISE   553 AM EDT   SUNSET   756 PM EDT
APRIL 28 2017.........SUNRISE   552 AM EDT   SUNSET   758 PM EDT


-  INDICATES NEGATIVE NUMBERS.
R  INDICATES RECORD WAS SET OR TIED.
MM INDICATES DATA IS MISSING.
T  INDICATES TRACE AMOUNT.




$$
