000
CDUS43 KICT 190656
CLISLN


CLIMATE REPORT
NATIONAL WEATHER SERVICE WICHITA KS
1256 AM CST FRI DEC 19 2014


...................................

...THE SALINA KS CLIMATE SUMMARY FOR DECEMBER 18 2014...

CLIMATE NORMAL PERIOD 1981 TO 2010
CLIMATE RECORD PERIOD 1894 TO 2014


WEATHER ITEM   OBSERVED TIME   RECORD YEAR NORMAL DEPARTURE LAST
                VALUE   (LST)  VALUE       VALUE  FROM      YEAR
                                                  NORMAL
..................................................................
TEMPERATURE (F)
 YESTERDAY
  MAXIMUM         32    727 PM  69    1988  41     -9       68
  MINIMUM         28    813 AM -10    1983  22      6       30
  AVERAGE         30                        32     -2       49

PRECIPITATION (IN)
  YESTERDAY        T             0.89 1968   0.02  -0.02     0.00
  MONTH TO DATE    1.51                      0.60   0.91      T
  SINCE DEC 1      1.51                      0.60   0.91      T
  SINCE JAN 1     28.62                     31.16  -2.54    29.41

DEGREE DAYS
 HEATING
  YESTERDAY       35                        34      1       16
  MONTH TO DATE  468                       568   -100      621
  SINCE DEC 1    468                       568   -100      621
  SINCE JUL 1   1465                      1520    -55     1609

 COOLING
  YESTERDAY        0                         0      0        0
  MONTH TO DATE    0                         0      0        0
  SINCE DEC 1      0                         0      0        0
  SINCE JAN 1   1801                      1647    154     1750
..................................................................


WIND (MPH)
  HIGHEST WIND SPEED     7   HIGHEST WIND DIRECTION    NW (320)
  HIGHEST GUST SPEED     9   HIGHEST GUST DIRECTION     E (110)
  AVERAGE WIND SPEED     3.3


SKY COVER
  POSSIBLE SUNSHINE  MM
  AVERAGE SKY COVER 1.0


WEATHER CONDITIONS
 THE FOLLOWING WEATHER WAS RECORDED YESTERDAY.
  SNOW
  LIGHT SNOW
  FOG
  HAZE


RELATIVE HUMIDITY (PERCENT)
 HIGHEST    92           200 AM
 LOWEST     78           200 PM
 AVERAGE    85

..........................................................


THE SALINA KS CLIMATE NORMALS FOR TODAY
                         NORMAL    RECORD    YEAR
 MAXIMUM TEMPERATURE (F)   41        63      1979
 MINIMUM TEMPERATURE (F)   21       -10      1983


SUNRISE AND SUNSET
DECEMBER 19 2014......SUNRISE   744 AM CST   SUNSET   511 PM CST
DECEMBER 20 2014......SUNRISE   745 AM CST   SUNSET   512 PM CST


-  INDICATES NEGATIVE NUMBERS.
R  INDICATES RECORD WAS SET OR TIED.
MM INDICATES DATA IS MISSING.
T  INDICATES TRACE AMOUNT.




$$
