000
CDUS43 KICT 291245
CLISLN


CLIMATE REPORT
NATIONAL WEATHER SERVICE WICHITA KS
745 AM CDT SAT AUG 29 2015


...................................

...THE SALINA KS CLIMATE SUMMARY FOR AUGUST 28 2015...

CLIMATE NORMAL PERIOD 1981 TO 2010
CLIMATE RECORD PERIOD 1894 TO 2015


WEATHER ITEM   OBSERVED TIME   RECORD YEAR NORMAL DEPARTURE LAST
                VALUE   (LST)  VALUE       VALUE  FROM      YEAR
                                                  NORMAL
..................................................................
TEMPERATURE (F)
 YESTERDAY
  MAXIMUM         88   1221 PM 109    1921  89     -1       84
  MINIMUM         69   1139 PM  42    1916  66      3       73
  AVERAGE         79                        78      1       79

PRECIPITATION (IN)
  YESTERDAY        0.01          2.06 1977   0.12  -0.11     0.12
  MONTH TO DATE    3.89                      3.59   0.30     2.43
  SINCE JUN 1     12.25                     11.99   0.26    11.35
  SINCE JAN 1     23.85                     23.98  -0.13    18.74

DEGREE DAYS
 HEATING
  YESTERDAY        0                         0      0        0
  MONTH TO DATE    0                         0      0        0
  SINCE JUN 1      0                         7     -7        1
  SINCE JUL 1      0                         0      0        0

 COOLING
  YESTERDAY       14                        13      1       14
  MONTH TO DATE  350                       418    -68      480
  SINCE JUN 1   1340                      1244     96     1280
  SINCE JAN 1   1430                      1372     58     1512
..................................................................


WIND (MPH)
  HIGHEST WIND SPEED    22   HIGHEST WIND DIRECTION    SW (220)
  HIGHEST GUST SPEED    26   HIGHEST GUST DIRECTION    SW (220)
  AVERAGE WIND SPEED    11.1


SKY COVER
  POSSIBLE SUNSHINE  MM
  AVERAGE SKY COVER 0.4


WEATHER CONDITIONS
 THE FOLLOWING WEATHER WAS RECORDED YESTERDAY.
  THUNDERSTORM
  LIGHT RAIN


RELATIVE HUMIDITY (PERCENT)
 HIGHEST    84          1100 PM
 LOWEST     55          1200 PM
 AVERAGE    70

..........................................................


THE SALINA KS CLIMATE NORMALS FOR TODAY
                         NORMAL    RECORD    YEAR
 MAXIMUM TEMPERATURE (F)   89       106      1954
 MINIMUM TEMPERATURE (F)   66        43      1917


SUNRISE AND SUNSET
AUGUST 29 2015........SUNRISE   657 AM CDT   SUNSET   806 PM CDT
AUGUST 30 2015........SUNRISE   658 AM CDT   SUNSET   804 PM CDT


-  INDICATES NEGATIVE NUMBERS.
R  INDICATES RECORD WAS SET OR TIED.
MM INDICATES DATA IS MISSING.
T  INDICATES TRACE AMOUNT.




$$
