000
CDUS46 KLOX 220904
CLISMX


CLIMATE REPORT
NATIONAL WEATHER SERVICE LOS ANGELES/OXNARD CA
204 AM PDT TUE AUG 22 2017


...................................

...THE SANTA MARIA AIRPORT CA CLIMATE SUMMARY FOR AUGUST 21 2017...

CLIMATE NORMAL PERIOD 1981 TO 2010
CLIMATE RECORD PERIOD 1906 TO 2017


WEATHER ITEM   OBSERVED TIME   RECORD YEAR NORMAL DEPARTURE LAST
                VALUE   (LST)  VALUE       VALUE  FROM      YEAR
                                                  NORMAL
..................................................................
TEMPERATURE (F)
 YESTERDAY
  MAXIMUM         78    217 PM  93    1972  73      5       71
  MINIMUM         59   1154 PM  43    1919  54      5       52
  AVERAGE         69                        64      5       62

PRECIPITATION (IN)
  YESTERDAY        0.00          0.01 1949   0.00   0.00     0.00
                                      1935
                                      1924
  MONTH TO DATE    T                         0.01  -0.01      T
  SINCE OCT 1     18.44                     13.80   4.64     9.00
  SINCE JAN 1     13.64                      9.75   3.89     7.12

SNOWFALL (IN)
  YESTERDAY        0.0
  MONTH TO DATE    0.0
  SINCE JUN 1      0.0
  SINCE JUL 1      0.0

DEGREE DAYS
 HEATING
  YESTERDAY        0                         2     -2
  MONTH TO DATE    8                        42    -34
  SINCE JUN 1    146                       258   -112
  SINCE JUL 1     39                       117    -78

 COOLING
  YESTERDAY        4                         1      3
  MONTH TO DATE   40                        21     19
  SINCE JUN 1     76                        46     30
  SINCE JAN 1     90                        56     34
..................................................................


WIND (MPH)
  HIGHEST WIND SPEED    16   HIGHEST WIND DIRECTION    NW (320)
  HIGHEST GUST SPEED    20   HIGHEST GUST DIRECTION    NW (320)
  AVERAGE WIND SPEED     4.7


SKY COVER
  POSSIBLE SUNSHINE  MM
  AVERAGE SKY COVER 0.5


WEATHER CONDITIONS
 THE FOLLOWING WEATHER WAS RECORDED YESTERDAY.
  FOG
  HAZE


RELATIVE HUMIDITY (PERCENT)
 HIGHEST    93           600 AM
 LOWEST     54           200 PM
 AVERAGE    74

..........................................................


THE SANTA MARIA AIRPORT CA CLIMATE NORMALS FOR TODAY
                         NORMAL    RECORD    YEAR
 MAXIMUM TEMPERATURE (F)   73        88      1959
 MINIMUM TEMPERATURE (F)   54        43      1919


SUNRISE AND SUNSET
AUGUST 22 2017........SUNRISE   628 AM PDT   SUNSET   741 PM PDT
AUGUST 23 2017........SUNRISE   628 AM PDT   SUNSET   740 PM PDT


-  INDICATES NEGATIVE NUMBERS.
R  INDICATES RECORD WAS SET OR TIED.
MM INDICATES DATA IS MISSING.
T  INDICATES TRACE AMOUNT.




$$
