000
CDUS46 KLOX 250119
CLISMX


CLIMATE REPORT
NATIONAL WEATHER SERVICE LOS ANGELES/OXNARD CA
619 PM PDT WED MAY 24 2017


...................................

...THE SANTA MARIA AIRPORT CA CLIMATE SUMMARY FOR MAY 24 2017...
VALID TODAY AS OF 0600 PM LOCAL TIME.

CLIMATE NORMAL PERIOD 1981 TO 2010
CLIMATE RECORD PERIOD 1906 TO 2017


WEATHER ITEM   OBSERVED TIME   RECORD YEAR NORMAL DEPARTURE LAST
                VALUE   (LST)  VALUE       VALUE  FROM      YEAR
                                                  NORMAL
..................................................................
TEMPERATURE (F)
 TODAY
  MAXIMUM         69    258 PM  95    1927  69      0       67
  MINIMUM         50    607 AM  35    1924  48      2       50
  AVERAGE         60                        58      2       59

PRECIPITATION (IN)
  TODAY            T             0.50 1931   0.01  -0.01     0.01
  MONTH TO DATE    0.34                      0.28   0.06     0.24
  SINCE OCT 1     18.44                     13.69   4.75     9.00
  SINCE JAN 1     13.64                      9.64   4.00     7.12

SNOWFALL (IN)
  TODAY            0.0
  MONTH TO DATE    0.0
  SINCE MAR 1      0.0
  SINCE JUL 1      0.0

DEGREE DAYS
 HEATING
  TODAY            5                         7     -2
  MONTH TO DATE  144                       178    -34
  SINCE MAR 1    584                       804   -220
  SINCE JUL 1   2308                      2637   -329

 COOLING
  TODAY            0                         0      0
  MONTH TO DATE    4                         0      4
  SINCE MAR 1     14                         5      9
  SINCE JAN 1     14                         6      8
..................................................................


WIND (MPH)
  HIGHEST WIND SPEED    17   HIGHEST WIND DIRECTION    NW (300)
  HIGHEST GUST SPEED    22   HIGHEST GUST DIRECTION    NW (300)
  AVERAGE WIND SPEED     5.7


SKY COVER
  POSSIBLE SUNSHINE  MM
  AVERAGE SKY COVER 0.9


WEATHER CONDITIONS
 THE FOLLOWING WEATHER WAS RECORDED TODAY.
  FOG
  FOG W/VISIBILITY <= 1/4 MILE


RELATIVE HUMIDITY (PERCENT)
 HIGHEST   100          1200 AM
 LOWEST     57           300 PM
 AVERAGE    79

..........................................................


THE SANTA MARIA AIRPORT CA CLIMATE NORMALS FOR TOMORROW
                         NORMAL    RECORD    YEAR
 MAXIMUM TEMPERATURE (F)   69        95      1984
 MINIMUM TEMPERATURE (F)   48        36      1980


SUNRISE AND SUNSET
MAY 24 2017...........SUNRISE   552 AM PDT   SUNSET   805 PM PDT
MAY 25 2017...........SUNRISE   552 AM PDT   SUNSET   806 PM PDT


-  INDICATES NEGATIVE NUMBERS.
R  INDICATES RECORD WAS SET OR TIED.
MM INDICATES DATA IS MISSING.
T  INDICATES TRACE AMOUNT.




$$
