673
CDUS46 KLOX 210911
CLISMX


CLIMATE REPORT
NATIONAL WEATHER SERVICE LOS ANGELES/OXNARD CA
111 AM PST SAT JAN 21 2017


...................................

...THE SANTA MARIA AIRPORT CA CLIMATE SUMMARY FOR JANUARY 20 2017...

CLIMATE NORMAL PERIOD 1981 TO 2010
CLIMATE RECORD PERIOD 1906 TO 2017


WEATHER ITEM   OBSERVED TIME   RECORD YEAR NORMAL DEPARTURE LAST
                VALUE   (LST)  VALUE       VALUE  FROM      YEAR
                                                  NORMAL
..................................................................
TEMPERATURE (F)
 YESTERDAY
  MAXIMUM         56   1011 AM  83    1976  64     -8       64
  MINIMUM         47   1129 PM  25    1922  40      7       53
  AVERAGE         52                        52      0       59

PRECIPITATION (IN)
  YESTERDAY        0.91          1.18 1969   0.09   0.82     0.01
  MONTH TO DATE    4.99                      1.75   3.24     2.01
  SINCE OCT 1      9.79                      5.80   3.99     3.89
  SINCE JAN 1      4.99                      1.75   3.24     2.01

SNOWFALL (IN)
  YESTERDAY       MM
  MONTH TO DATE    0.0
  SINCE DEC 1      0.0
  SINCE JUL 1      0.0

DEGREE DAYS
 HEATING
  YESTERDAY       13                        13      0
  MONTH TO DATE  275                       277     -2
  SINCE DEC 1    690                       703    -13
  SINCE JUL 1   1241                      1349   -108

 COOLING
  YESTERDAY        0                         0      0
  MONTH TO DATE    0                         0      0
  SINCE DEC 1      0                         0      0
  SINCE JAN 1      0                         0      0
..................................................................


WIND (MPH)
  HIGHEST WIND SPEED    30   HIGHEST WIND DIRECTION    NW (300)
  HIGHEST GUST SPEED    41   HIGHEST GUST DIRECTION     S (200)
  AVERAGE WIND SPEED    10.6


SKY COVER
  POSSIBLE SUNSHINE  MM
  AVERAGE SKY COVER 0.9


WEATHER CONDITIONS
 THE FOLLOWING WEATHER WAS RECORDED YESTERDAY.
  HEAVY RAIN
  RAIN
  LIGHT RAIN
  FOG


RELATIVE HUMIDITY (PERCENT)
 HIGHEST   100           100 AM
 LOWEST     80           900 PM
 AVERAGE    90

..........................................................


THE SANTA MARIA AIRPORT CA CLIMATE NORMALS FOR TODAY
                         NORMAL    RECORD    YEAR
 MAXIMUM TEMPERATURE (F)   64        79      1976
 MINIMUM TEMPERATURE (F)   40        26      1922


SUNRISE AND SUNSET
JANUARY 21 2017.......SUNRISE   707 AM PST   SUNSET   520 PM PST
JANUARY 22 2017.......SUNRISE   706 AM PST   SUNSET   521 PM PST


-  INDICATES NEGATIVE NUMBERS.
R  INDICATES RECORD WAS SET OR TIED.
MM INDICATES DATA IS MISSING.
T  INDICATES TRACE AMOUNT.




$$
