000
CDUS46 KLOX 280910
CLISMX


CLIMATE REPORT
NATIONAL WEATHER SERVICE LOS ANGELES/OXNARD CA
210 AM PDT MON JUL 28 2014


...................................

...THE SANTA MARIA AIRPORT CA CLIMATE SUMMARY FOR JULY 27 2014...

CLIMATE NORMAL PERIOD 1981 TO 2010
CLIMATE RECORD PERIOD 1906 TO 2014


WEATHER ITEM   OBSERVED TIME   RECORD YEAR NORMAL DEPARTURE LAST
                VALUE   (LST)  VALUE       VALUE  FROM      YEAR
                                                  NORMAL
..................................................................
TEMPERATURE (F)
 YESTERDAY
  MAXIMUM         79    233 PM  89    1996  73      6       71
  MINIMUM         60    718 AM  44    1912  54      6       57
  AVERAGE         70                        64      6       64

PRECIPITATION (IN)
  YESTERDAY        0.00          0.35 1996   0.00   0.00     0.00
  MONTH TO DATE    T                         0.03  -0.03     0.01
  SINCE JUL 1      T                         0.03  -0.03     0.01
  SINCE JAN 1      4.01                      9.74  -5.73     2.50

SNOWFALL (IN)
  YESTERDAY        0.0
  MONTH TO DATE    0.0
  SINCE JUN 1      0.0
  SINCE JUL 1      0.0

DEGREE DAYS
 HEATING
  YESTERDAY        0                         2     -2
  MONTH TO DATE    0                        65    -65
  SINCE JUN 1     60                       206   -146
  SINCE JUL 1      0                        65    -65

 COOLING
  YESTERDAY        5                         1      4
  MONTH TO DATE   93                        22     71
  SINCE JUN 1    101                        28     73
  SINCE JAN 1    207                        38    169
..................................................................


WIND (MPH)
  HIGHEST WIND SPEED    15   HIGHEST WIND DIRECTION     W (290)
  HIGHEST GUST SPEED    20   HIGHEST GUST DIRECTION    NW (300)
  AVERAGE WIND SPEED     4.6


SKY COVER
  POSSIBLE SUNSHINE  MM
  AVERAGE SKY COVER 0.6


WEATHER CONDITIONS
 THE FOLLOWING WEATHER WAS RECORDED YESTERDAY.
  FOG
  FOG W/VISIBILITY <= 1/4 MILE
  HAZE


RELATIVE HUMIDITY (PERCENT)
 HIGHEST    97           300 AM
 LOWEST     54           200 PM
 AVERAGE    76

..........................................................


THE SANTA MARIA AIRPORT CA CLIMATE NORMALS FOR TODAY
                         NORMAL    RECORD    YEAR
 MAXIMUM TEMPERATURE (F)   73        90      1996
 MINIMUM TEMPERATURE (F)   54        43      1932


SUNRISE AND SUNSET
JULY 28 2014..........SUNRISE   609 AM PDT   SUNSET   808 PM PDT
JULY 29 2014..........SUNRISE   609 AM PDT   SUNSET   807 PM PDT


-  INDICATES NEGATIVE NUMBERS.
R  INDICATES RECORD WAS SET OR TIED.
MM INDICATES DATA IS MISSING.
T  INDICATES TRACE AMOUNT.




$$
