000
CDUS46 KLOX 230907
CLISMX


CLIMATE REPORT
NATIONAL WEATHER SERVICE LOS ANGELES/OXNARD CA
207 AM PDT SAT JUL 23 2016


...................................

...THE SANTA MARIA AIRPORT CA CLIMATE SUMMARY FOR JULY 22 2016...

CLIMATE NORMAL PERIOD 1981 TO 2010
CLIMATE RECORD PERIOD 1906 TO 2016


WEATHER ITEM   OBSERVED TIME   RECORD YEAR NORMAL DEPARTURE LAST
                VALUE   (LST)  VALUE       VALUE  FROM      YEAR
                                                  NORMAL
..................................................................
TEMPERATURE (F)
 YESTERDAY
  MAXIMUM         74    234 PM  85    2006  73      1       76
  MINIMUM         53    415 AM  43    1929  54     -1       62
  AVERAGE         64                        64      0       69

PRECIPITATION (IN)
  YESTERDAY        0.00          0.04 1997   0.00   0.00      T
  MONTH TO DATE    T                         0.02  -0.02     0.14
  SINCE OCT 1      9.00                     13.78  -4.78     7.78
  SINCE JAN 1      7.12                      9.73  -2.61     2.22

SNOWFALL (IN)
  YESTERDAY        0.0
  MONTH TO DATE    0.0
  SINCE JUN 1      0.0
  SINCE JUL 1      0.0

DEGREE DAYS
 HEATING
  YESTERDAY        1                         2     -1
  MONTH TO DATE   48                        55     -7
  SINCE JUN 1    126                       196    -70
  SINCE JUL 1     48                        55     -7

 COOLING
  YESTERDAY        0                         1     -1
  MONTH TO DATE    1                        17    -16
  SINCE JUN 1      7                        23    -16
  SINCE JAN 1     45                        33     12
..................................................................


WIND (MPH)
  HIGHEST WIND SPEED    20   HIGHEST WIND DIRECTION    NW (310)
  HIGHEST GUST SPEED    25   HIGHEST GUST DIRECTION    NW (330)
  AVERAGE WIND SPEED     7.2


SKY COVER
  POSSIBLE SUNSHINE  MM
  AVERAGE SKY COVER 0.2


WEATHER CONDITIONS
 THE FOLLOWING WEATHER WAS RECORDED YESTERDAY.
  NO SIGNIFICANT WEATHER WAS OBSERVED.


RELATIVE HUMIDITY (PERCENT)
 HIGHEST    93           100 AM
 LOWEST     46           200 PM
 AVERAGE    70

..........................................................


THE SANTA MARIA AIRPORT CA CLIMATE NORMALS FOR TODAY
                         NORMAL    RECORD    YEAR
 MAXIMUM TEMPERATURE (F)   73        90      2006
 MINIMUM TEMPERATURE (F)   54        44      1926
                                             1919


SUNRISE AND SUNSET
JULY 23 2016..........SUNRISE   605 AM PDT   SUNSET   811 PM PDT
JULY 24 2016..........SUNRISE   606 AM PDT   SUNSET   810 PM PDT


-  INDICATES NEGATIVE NUMBERS.
R  INDICATES RECORD WAS SET OR TIED.
MM INDICATES DATA IS MISSING.
T  INDICATES TRACE AMOUNT.




$$
