000
CDUS46 KLOX 180902
CLISMX


CLIMATE REPORT
NATIONAL WEATHER SERVICE LOS ANGELES/OXNARD CA
202 AM PDT FRI APR 18 2014


...................................

...THE SANTA MARIA AIRPORT CA CLIMATE SUMMARY FOR APRIL 17 2014...

CLIMATE NORMAL PERIOD 1981 TO 2010
CLIMATE RECORD PERIOD 1906 TO 2014


WEATHER ITEM   OBSERVED TIME   RECORD YEAR NORMAL DEPARTURE LAST
                VALUE   (LST)  VALUE       VALUE  FROM      YEAR
                                                  NORMAL
..................................................................
TEMPERATURE (F)
 YESTERDAY
  MAXIMUM         64    352 PM  89    1938  67     -3       68
  MINIMUM         51   1229 AM  33    1976  44      7       37
  AVERAGE         58                        56      2       53

PRECIPITATION (IN)
  YESTERDAY        0.00          2.14 2000   0.03  -0.03     0.00
  MONTH TO DATE    0.72                      0.67   0.05     0.11
  SINCE JUL 1      4.38                     13.29  -8.91     6.18
  SINCE JAN 1      3.88                      9.05  -5.17     2.45

SNOWFALL (IN)
  YESTERDAY        0.0
  MONTH TO DATE    0.0
  SINCE MAR 1      0.0
  SINCE JUL 1      0.0

DEGREE DAYS
 HEATING
  YESTERDAY        7                         9     -2
  MONTH TO DATE  101                       169    -68
  SINCE MAR 1    257                       509   -252
  SINCE JUL 1   1395                      2342   -947

 COOLING
  YESTERDAY        0                         0      0
  MONTH TO DATE    2                         0      2
  SINCE MAR 1     10                         1      9
  SINCE JAN 1     14                         2     12
..................................................................


WIND (MPH)
  HIGHEST WIND SPEED    13   HIGHEST WIND DIRECTION    NW (300)
  HIGHEST GUST SPEED    16   HIGHEST GUST DIRECTION     W (290)
  AVERAGE WIND SPEED     5.0


SKY COVER
  POSSIBLE SUNSHINE  MM
  AVERAGE SKY COVER 0.8


WEATHER CONDITIONS
 THE FOLLOWING WEATHER WAS RECORDED YESTERDAY.
  FOG
  HAZE


RELATIVE HUMIDITY (PERCENT)
 HIGHEST    93           600 AM
 LOWEST     67           300 PM
 AVERAGE    80

..........................................................


THE SANTA MARIA AIRPORT CA CLIMATE NORMALS FOR TODAY
                         NORMAL    RECORD    YEAR
 MAXIMUM TEMPERATURE (F)   67        92      1938
 MINIMUM TEMPERATURE (F)   44        31      1979


SUNRISE AND SUNSET
APRIL 18 2014.........SUNRISE   626 AM PDT   SUNSET   737 PM PDT
APRIL 19 2014.........SUNRISE   625 AM PDT   SUNSET   737 PM PDT


-  INDICATES NEGATIVE NUMBERS.
R  INDICATES RECORD WAS SET OR TIED.
MM INDICATES DATA IS MISSING.
T  INDICATES TRACE AMOUNT.




$$
