000
CDUS46 KLOX 280856
CLISMX


CLIMATE REPORT
NATIONAL WEATHER SERVICE LOS ANGELES/OXNARD CA
156 AM PDT WED JUN 28 2017


...................................

...THE SANTA MARIA AIRPORT CA CLIMATE SUMMARY FOR JUNE 27 2017...

CLIMATE NORMAL PERIOD 1981 TO 2010
CLIMATE RECORD PERIOD 1906 TO 2017


WEATHER ITEM   OBSERVED TIME   RECORD YEAR NORMAL DEPARTURE LAST
                VALUE   (LST)  VALUE       VALUE  FROM      YEAR
                                                  NORMAL
..................................................................
TEMPERATURE (F)
 YESTERDAY
  MAXIMUM         70    140 PM  97    1976  72     -2       76
  MINIMUM         54    538 AM  36    1918  52      2       52
  AVERAGE         62                        62      0       64

PRECIPITATION (IN)
  YESTERDAY        0.00          0.03 1991   0.00   0.00     0.00
  MONTH TO DATE    T                         0.04  -0.04     0.00
  SINCE OCT 1     18.44                     13.76   4.68     9.00
  SINCE JAN 1     13.64                      9.71   3.93     7.12

SNOWFALL (IN)
  YESTERDAY        0.0
  MONTH TO DATE    0.0
  SINCE JUN 1      0.0
  SINCE JUL 1      0.0

DEGREE DAYS
 HEATING
  YESTERDAY        3                         4     -1
  MONTH TO DATE   91                       133    -42
  SINCE JUN 1     91                       133    -42
  SINCE JUL 1   2437                      2815   -378

 COOLING
  YESTERDAY        0                         0      0
  MONTH TO DATE    8                         0      8
  SINCE JUN 1      8                         0      8
  SINCE JAN 1     22                        10     12
..................................................................


WIND (MPH)
  HIGHEST WIND SPEED    22   HIGHEST WIND DIRECTION    NW (300)
  HIGHEST GUST SPEED    25   HIGHEST GUST DIRECTION    NW (300)
  AVERAGE WIND SPEED     9.6


SKY COVER
  POSSIBLE SUNSHINE  MM
  AVERAGE SKY COVER 0.7


WEATHER CONDITIONS
 THE FOLLOWING WEATHER WAS RECORDED YESTERDAY.
  FOG


RELATIVE HUMIDITY (PERCENT)
 HIGHEST   100          1200 AM
 LOWEST     61           200 PM
 AVERAGE    81

..........................................................


THE SANTA MARIA AIRPORT CA CLIMATE NORMALS FOR TODAY
                         NORMAL    RECORD    YEAR
 MAXIMUM TEMPERATURE (F)   72        94      1976
 MINIMUM TEMPERATURE (F)   52        41      1930


SUNRISE AND SUNSET
JUNE 28 2017..........SUNRISE   551 AM PDT   SUNSET   820 PM PDT
JUNE 29 2017..........SUNRISE   551 AM PDT   SUNSET   820 PM PDT


-  INDICATES NEGATIVE NUMBERS.
R  INDICATES RECORD WAS SET OR TIED.
MM INDICATES DATA IS MISSING.
T  INDICATES TRACE AMOUNT.




$$
