000
CDUS46 KSGX 171154
CLISNA


CLIMATE REPORT
NATIONAL WEATHER SERVICE SAN DIEGO, CA
444 AM PDT TUE OCT 17 2017


...................................

...THE JOHN WAYNE AIRPORT CA CLIMATE SUMMARY FOR OCTOBER 16 2017...

CLIMATE NORMAL PERIOD 1981 TO 2010
CLIMATE RECORD PERIOD 1999 TO 2017


WEATHER ITEM   OBSERVED TIME   RECORD YEAR NORMAL DEPARTURE LAST
                VALUE   (LST)  VALUE       VALUE  FROM      YEAR
                                                  NORMAL
..................................................................
TEMPERATURE (F)
 YESTERDAY
  MAXIMUM         92R  1239 PM  87    2012  75     17       75
  MINIMUM         62    556 AM  56    2013  59      3       64
  AVERAGE         77                        67     10       70

PRECIPITATION (IN)
  YESTERDAY        0.00          0.27 2005   0.03  -0.03     0.00
  MONTH TO DATE    0.00                      0.28  -0.28     0.00
  SINCE OCT 1      0.00                      0.28  -0.28     0.00
  SINCE JAN 1      9.69                      9.53   0.16     3.76

DEGREE DAYS
 HEATING
  YESTERDAY        0                         1     -1        0
  MONTH TO DATE    0                         3     -3        0
  SINCE SEP 1      0                         4     -4        0
  SINCE JUL 1      0                         4     -4        0

 COOLING
  YESTERDAY       12                         3      9        5
  MONTH TO DATE   95                        55     40       69
  SINCE SEP 1    330                       252     78      311
  SINCE JAN 1   1116                       823    293     1089
..................................................................


WIND (MPH)
  RESULTANT WIND SPEED   2   RESULTANT WIND DIRECTION  SW (220)
  HIGHEST WIND SPEED    12   HIGHEST WIND DIRECTION    SW (220)
  HIGHEST GUST SPEED    14   HIGHEST GUST DIRECTION    SW (220)
  AVERAGE WIND SPEED     2.5


SKY COVER
  POSSIBLE SUNSHINE  MM
  AVERAGE SKY COVER 0.1


WEATHER CONDITIONS
 THE FOLLOWING WEATHER WAS RECORDED YESTERDAY.
  HAZE


RELATIVE HUMIDITY (PERCENT)
 HIGHEST    53          1100 PM
 LOWEST     16          1100 AM
 AVERAGE    35

..........................................................


THE JOHN WAYNE AIRPORT CA CLIMATE NORMALS FOR TODAY
                         NORMAL    RECORD    YEAR
 MAXIMUM TEMPERATURE (F)   75        95      2012
 MINIMUM TEMPERATURE (F)   59        56      1999


SUNRISE AND SUNSET
OCTOBER 17 2017.......SUNRISE   658 AM PDT   SUNSET   615 PM PDT
OCTOBER 18 2017.......SUNRISE   659 AM PDT   SUNSET   614 PM PDT


-  INDICATES NEGATIVE NUMBERS.
R  INDICATES RECORD WAS SET OR TIED.
MM INDICATES DATA IS MISSING.
T  INDICATES TRACE AMOUNT.




$$
