000
CDUS46 KSGX 211424
CLISNA


CLIMATE REPORT
NATIONAL WEATHER SERVICE SAN DIEGO, CA
724 AM PDT TUE OCT 21 2014


...................................

...THE JOHN WAYNE AIRPORT CA CLIMATE SUMMARY FOR OCTOBER 20 2014...

CLIMATE NORMAL PERIOD 1981 TO 2010
CLIMATE RECORD PERIOD 1999 TO 2014


WEATHER ITEM   OBSERVED TIME   RECORD YEAR NORMAL DEPARTURE LAST
                VALUE   (LST)  VALUE       VALUE  FROM      YEAR
                                                  NORMAL
..................................................................
TEMPERATURE (F)
 YESTERDAY
  MAXIMUM         78    144 PM  94    1999  75      3       74
  MINIMUM         67   1159 PM  55    2006  58      9       60
  AVERAGE         73                        66      7       67

PRECIPITATION (IN)
  YESTERDAY        0.00          2.68 2004   0.03  -0.03     0.00
  MONTH TO DATE    0.00                      0.39  -0.39     0.20
  SINCE JUL 1      0.03                      0.68  -0.65     0.32
  SINCE JAN 1      2.62                      9.64  -7.02     2.29

SNOWFALL (IN)
  YESTERDAY        0.0
  MONTH TO DATE    0.0
  SINCE JAN 1      0.0
  SINCE JUL 1      0.0
  SNOW DEPTH       0

DEGREE DAYS
 HEATING
  YESTERDAY        0                         1     -1        0
  MONTH TO DATE    0                         7     -7        9
  SINCE SEP 1      0                         8     -8        9
  SINCE JUL 1      0                         8     -8        9

 COOLING
  YESTERDAY        8                         2      6        2
  MONTH TO DATE  209                        64    145       89
  SINCE SEP 1    625                       261    364      420
  SINCE JAN 1   1869                       832   1037     1124
..................................................................


WIND (MPH)
  RESULTANT WIND SPEED   2   RESULTANT WIND DIRECTION  SW (240)
  HIGHEST WIND SPEED    10   HIGHEST WIND DIRECTION     S (200)
  HIGHEST GUST SPEED    14   HIGHEST GUST DIRECTION     W (260)
  AVERAGE WIND SPEED     2.3


SKY COVER
  POSSIBLE SUNSHINE  MM
  AVERAGE SKY COVER 0.7


WEATHER CONDITIONS
 THE FOLLOWING WEATHER WAS RECORDED YESTERDAY.
  NO SIGNIFICANT WEATHER WAS OBSERVED.


RELATIVE HUMIDITY (PERCENT)
 HIGHEST    76          1100 PM
 LOWEST     58           200 PM
 AVERAGE    67

..........................................................


THE JOHN WAYNE AIRPORT CA CLIMATE NORMALS FOR TODAY
                         NORMAL    RECORD    YEAR
 MAXIMUM TEMPERATURE (F)   75        89      2003
                                             1999
 MINIMUM TEMPERATURE (F)   58        54      2004


SUNRISE AND SUNSET
OCTOBER 21 2014.......SUNRISE   701 AM PDT   SUNSET   611 PM PDT
OCTOBER 22 2014.......SUNRISE   702 AM PDT   SUNSET   609 PM PDT


-  INDICATES NEGATIVE NUMBERS.
R  INDICATES RECORD WAS SET OR TIED.
MM INDICATES DATA IS MISSING.
T  INDICATES TRACE AMOUNT.




$$
