475
CDUS46 KSGX 281420
CLISNA


CLIMATE REPORT
NATIONAL WEATHER SERVICE SAN DIEGO, CA
719 AM PDT THU APR 28 2016


...................................

...THE JOHN WAYNE AIRPORT CA CLIMATE SUMMARY FOR APRIL 27 2016...

CLIMATE NORMAL PERIOD 1981 TO 2010
CLIMATE RECORD PERIOD 1999 TO 2016


WEATHER ITEM   OBSERVED TIME   RECORD YEAR NORMAL DEPARTURE LAST
                VALUE   (LST)  VALUE       VALUE  FROM      YEAR
                                                  NORMAL
..................................................................
TEMPERATURE (F)
 YESTERDAY
  MAXIMUM         68    139 PM  99    2008  70     -2       87
  MINIMUM         55   1158 PM  53    2003  55      0       54
  AVERAGE         62                        63     -1       71

PRECIPITATION (IN)
  YESTERDAY        0.00          0.01 2010   0.03  -0.03     0.00
  MONTH TO DATE    0.18                      0.81  -0.63     0.04
  SINCE OCT 1      4.87                     12.65  -7.78     5.78
  SINCE JAN 1      3.65                      8.57  -4.92     1.98

DEGREE DAYS
 HEATING
  YESTERDAY        3                         3      0        0
  MONTH TO DATE   40                       112    -72       50
  SINCE MAR 1    160                       293   -133       75
  SINCE JUL 1    932                      1199   -267      300

 COOLING
  YESTERDAY        0                         1     -1        6
  MONTH TO DATE   44                         9     35       21
  SINCE MAR 1     47                        16     31      126
  SINCE JAN 1     85                        24     61      198
..................................................................


WIND (MPH)
  RESULTANT WIND SPEED   6   RESULTANT WIND DIRECTION  SW (220)
  HIGHEST WIND SPEED    17   HIGHEST WIND DIRECTION    SW (220)
  HIGHEST GUST SPEED    24   HIGHEST GUST DIRECTION    SW (220)
  AVERAGE WIND SPEED     7.3


SKY COVER
  POSSIBLE SUNSHINE  MM
  AVERAGE SKY COVER 0.3


WEATHER CONDITIONS
 THE FOLLOWING WEATHER WAS RECORDED YESTERDAY.
  FOG


RELATIVE HUMIDITY (PERCENT)
 HIGHEST    78           700 PM
 LOWEST     48           200 PM
 AVERAGE    63

..........................................................


THE JOHN WAYNE AIRPORT CA CLIMATE NORMALS FOR TODAY
                         NORMAL    RECORD    YEAR
 MAXIMUM TEMPERATURE (F)   70        93      2008
 MINIMUM TEMPERATURE (F)   56        50      2002


SUNRISE AND SUNSET
APRIL 28 2016.........SUNRISE   605 AM PDT   SUNSET   733 PM PDT
APRIL 29 2016.........SUNRISE   604 AM PDT   SUNSET   734 PM PDT


-  INDICATES NEGATIVE NUMBERS.
R  INDICATES RECORD WAS SET OR TIED.
MM INDICATES DATA IS MISSING.
T  INDICATES TRACE AMOUNT.




$$
