000
CDUS46 KSGX 250127
CLISNA


CLIMATE REPORT
NATIONAL WEATHER SERVICE SAN DIEGO, CA
527 PM PST TUE JAN 24 2017


...................................

...THE JOHN WAYNE AIRPORT CA CLIMATE SUMMARY FOR JANUARY 24 2017...
VALID TODAY AS OF 0500 PM LOCAL TIME.

CLIMATE NORMAL PERIOD 1981 TO 2010
CLIMATE RECORD PERIOD 1999 TO 2017


WEATHER ITEM   OBSERVED TIME   RECORD YEAR NORMAL DEPARTURE LAST
                VALUE   (LST)  VALUE       VALUE  FROM      YEAR
                                                  NORMAL
..................................................................
TEMPERATURE (F)
 TODAY
  MAXIMUM         57    155 PM  84    2015  67    -10       63
  MINIMUM         41R   517 AM  41    2010  48     -7       47
  AVERAGE         49                        57     -8       55

PRECIPITATION (IN)
  TODAY            0.00          0.61 2013   0.06  -0.06     0.00
  MONTH TO DATE    5.74                      2.57   3.17     1.94
  SINCE OCT 1     11.93                      6.65   5.28     3.16
  SINCE JAN 1      5.74                      2.57   3.17     1.94

DEGREE DAYS
 HEATING
  TODAY           16                         8      8       10
  MONTH TO DATE  210                       203      7      212
  SINCE DEC 1    438                       482    -44      502
  SINCE JUL 1    516                       635   -119      632

 COOLING
  TODAY            0                         0      0        0
  MONTH TO DATE    0                         0      0        0
  SINCE DEC 1      0                         1     -1        0
  SINCE JAN 1      0                         0      0        0
..................................................................


WIND (MPH)
  RESULTANT WIND SPEED   0   RESULTANT WIND DIRECTION   S (200)
  HIGHEST WIND SPEED    12   HIGHEST WIND DIRECTION    SW (220)
  HIGHEST GUST SPEED    17   HIGHEST GUST DIRECTION     S (180)
  AVERAGE WIND SPEED     2.2


SKY COVER
  POSSIBLE SUNSHINE  MM
  AVERAGE SKY COVER 0.3


WEATHER CONDITIONS
 THE FOLLOWING WEATHER WAS RECORDED TODAY.
  NO SIGNIFICANT WEATHER WAS OBSERVED.


RELATIVE HUMIDITY (PERCENT)
 HIGHEST    96           300 AM
 LOWEST     55          1200 PM
 AVERAGE    76

..........................................................


THE JOHN WAYNE AIRPORT CA CLIMATE NORMALS FOR TOMORROW
                         NORMAL    RECORD    YEAR
 MAXIMUM TEMPERATURE (F)   67        86      2015
 MINIMUM TEMPERATURE (F)   48        41      2002


SUNRISE AND SUNSET
JANUARY 24 2017.......SUNRISE   653 AM PST   SUNSET   515 PM PST
JANUARY 25 2017.......SUNRISE   652 AM PST   SUNSET   516 PM PST


-  INDICATES NEGATIVE NUMBERS.
R  INDICATES RECORD WAS SET OR TIED.
MM INDICATES DATA IS MISSING.
T  INDICATES TRACE AMOUNT.




$$
