000
CDAK48 PASN 301131
CLISNP

CLIMATE REPORT
NATIONAL WEATHER SERVICE ST PAUL, AK
332 AM AKDT MON MAY 30 2016

...................................
...THE ST PAUL AIRPORT CLIMATE SUMMARY FOR MAY 29 2016...

CLIMATE NORMAL PERIOD  1981 TO  2010
CLIMATE RECORD PERIOD  1892 TO  2016

WEATHER ITEM   OBSERVED TIME    RECORD YEAR NORMAL DEPARTURE LAST
               VALUE    (LST)   VALUE       VALUE  FROM      YEAR
                                                   NORMAL
...................................................................
TEMPERATURE
YESTERDAY
 MAXIMUM            50  0419 PM    55  1979     43       7     48
 MINIMUM            35  0357 AM    28  1971     34       1     41
 AVERAGE            43                          39       4     45

PRECIPITATION
(INCHES)
 YESTERDAY           T           0.48  1964   0.04   -0.04      T
 MONTH TO DATE    0.79                        1.06   -0.27   2.03
 SINCE MAR 1      3.10                        3.21   -0.11   3.96
 SINCE JAN 1      5.91                        6.09   -0.18   6.28

SNOWFALL
(INCHES)
 YESTERDAY         0.0            0.3  1988    0.0     0.0    0.0
 MONTH TO DATE       T                         1.1    -1.1    0.3
 SINCE MAR 1      11.8                        14.8    -3.0   18.9
 SINCE JUL 1      52.6                        59.8    -7.2   48.6
 SNOW DEPTH (IN)     0                                          0

DEGREE DAYS
 HEATING
  YESTERDAY         22                          26      -4     20
  MONTH TO DATE    705                         842    -137    727
  SINCE MAR 1     2689                        3150    -461   2956
  SINCE JUL 1     8714                       10069   -1355   8913

 COOLING
  YESTERDAY          0                           0       0      0
  MONTH TO DATE      0                           0       0      0
  SINCE MAR 1        0                           0       0      0
  SINCE JAN 1        0                           0       0      0
...................................................................

WIND (MPH)
 HIGHEST WIND SPEED    18     HIGHEST WIND DIRECTION     90
 HIGHEST GUST SPEED    23     HIGHEST GUST DIRECTION     80
 AVERAGE WIND SPEED  11.9

SKY COVER
  POSSIBLE SUNSHINE    MM          AVERAGE SKY COVER     MM

WEATHER CONDITIONS
 THE FOLLOWING WEATHER WAS RECORDED YESTERDAY.
  FOG
  HEAVY FOG
  RAIN


RELATIVE HUMIDITY
 HIGHEST RH     MM PERCENT       MM
 LOWEST  RH     MM PERCENT       MM
 AVERAGE RH     MM PERCENT       MM
...................................................................

THE ST PAUL CLIMATE NORMALS FOR TODAY
                           NORMAL    RECORD   YEAR
 MAXIMUM TEMPERATURE (F)     44        53     1979
 MINIMUM TEMPERATURE (F)     34        29     1971

SUNRISE AND SUNSET
 MAY 30 2016..........SUNRISE  6:36 AM      SUNSET 12:03 AM
 MAY 31 2016..........SUNRISE  6:35 AM      SUNSET 12:04 AM

-  INDICATES NEGATIVE NUMBERS.
R  INDICATES RECORD HAS BEEN SET OR TIED.
MM INDICATES DATA IS MISSING.
T  INDICATES TRACE OF PRECIPITATION.

&&
-------------------------------------------------------------------

AMOUNT OF DAYLIGHT TODAY  (HOUR:MIN)........17 HOURS 27 MINUTES
GAIN/LOSS SINCE YESTERDAY (HOUR:MIN:SEC)....+0:01:53

$$
WIW MAY 16
