000
CDAK48 PASN 260940
CLISNP


CLIMATE REPORT
NATIONAL WEATHER SERVICE ANCHORAGE, AK
140 AM AKDT WED JUL 26 2017


...................................

...THE SAINT PAUL ISLAND CLIMATE SUMMARY FOR JULY 25 2017...

CLIMATE NORMAL PERIOD 1981 TO 2010
CLIMATE RECORD PERIOD 1892 TO 2017


WEATHER ITEM   OBSERVED TIME   RECORD YEAR NORMAL DEPARTURE LAST
                VALUE   (LST)  VALUE       VALUE  FROM      YEAR
                                                  NORMAL
..................................................................
TEMPERATURE (F)
 YESTERDAY
  MAXIMUM         53    551 PM  59    2016  52      1       59
                                      2013
  MINIMUM         45   1226 AM  38    1975  45      0       46
                                      1971
  AVERAGE         49                        48      1       53

PRECIPITATION (IN)
  YESTERDAY        0.00          0.61 1990   0.07  -0.07     0.00
  MONTH TO DATE    2.68                      1.42   1.26     0.58
  SINCE JUN 1      3.61                      2.77   0.84     2.05
  SINCE JAN 1      9.42                      8.93   0.49     7.74

SNOWFALL (IN)
  YESTERDAY        0.0          MM      MM   0.0    0.0      0.0
  MONTH TO DATE    0.0                       0.0    0.0      0.0
  SINCE JUN 1      0.0                       T      0.0      0.0
  SINCE JUL 1      0.0                       0.0    0.0      0.0
  SNOW DEPTH       0

DEGREE DAYS
 HEATING
  YESTERDAY       16                        17     -1       12
  MONTH TO DATE  428                       451    -23      236
  SINCE JUN 1    982                      1129   -147      698
  SINCE JUL 1    428                       451    -23      236

 COOLING
  YESTERDAY        0                         0      0        0
  MONTH TO DATE    0                         0      0        0
  SINCE JUN 1      0                         0      0        0
  SINCE JAN 1      0                         0      0        0
..................................................................


WIND (MPH)
  RESULTANT WIND SPEED  13   RESULTANT WIND DIRECTION  NW (300)
  HIGHEST WIND SPEED    22   HIGHEST WIND DIRECTION    NW (320)
  HIGHEST GUST SPEED    25   HIGHEST GUST DIRECTION    NW (310)
  AVERAGE WIND SPEED    13.7



WEATHER CONDITIONS
 THE FOLLOWING WEATHER WAS RECORDED YESTERDAY.
  FOG


..........................................................


THE SAINT PAUL ISLAND CLIMATE NORMALS FOR TODAY
                         NORMAL    RECORD    YEAR
 MAXIMUM TEMPERATURE (F)   52        61      1962
 MINIMUM TEMPERATURE (F)   45        33      2007


SUNRISE AND SUNSET
JULY 26 2017..........SUNRISE   708 AM AKDT  SUNSET  1145 PM AKDT
JULY 27 2017..........SUNRISE   710 AM AKDT  SUNSET  1143 PM AKDT


-  INDICATES NEGATIVE NUMBERS.
R  INDICATES RECORD WAS SET OR TIED.
MM INDICATES DATA IS MISSING.
T  INDICATES TRACE AMOUNT.




$$
