000
CDAK48 PAFC 211515
CLISNP


CLIMATE REPORT
NATIONAL WEATHER SERVICE ANCHORAGE, AK
615 AM AKST WED FEB 21 2018


...................................

...THE SAINT PAUL ISLAND CLIMATE SUMMARY FOR FEBRUARY 20 2018...

CLIMATE NORMAL PERIOD 1981 TO 2010
CLIMATE RECORD PERIOD 1892 TO 2018


WEATHER ITEM   OBSERVED TIME   RECORD YEAR NORMAL DEPARTURE LAST
                VALUE   (LST)  VALUE       VALUE  FROM      YEAR
                                                  NORMAL
..................................................................
TEMPERATURE (F)
 YESTERDAY
  MAXIMUM         40R       MM  40    1994  29     11       28
  MINIMUM         32        MM -10    1988  20     12        9
                                      1964
  AVERAGE         36                        24     12       19

PRECIPITATION (IN)
  YESTERDAY        0.12          0.74 1996   0.04   0.08     0.13
  MONTH TO DATE    1.19                      0.97   0.22     0.38
  SINCE SEP 1     17.01                     13.79   3.22    18.42
  SINCE JAN 1      2.15                      2.55  -0.40     1.89

SNOWFALL (IN)
  YESTERDAY        0.0          MM      MM   0.4   -0.4      1.0
  MONTH TO DATE    1.3                       7.5   -6.2      7.4
  SINCE SEP 1      8.4                      42.5  -34.1     45.5
  SINCE JUL 1      8.4                      42.5  -34.1     45.5
  SNOW DEPTH       0

DEGREE DAYS
 HEATING
  YESTERDAY       29                        41    -12       46
  MONTH TO DATE  597                       820   -223      862
  SINCE DEC 1   2676                      3178   -502     3037
  SINCE JUL 1   5754                      6599   -845     5606

 COOLING
  YESTERDAY        0                         0      0        0
  MONTH TO DATE    0                         0      0        0
  SINCE DEC 1      0                         0      0        0
  SINCE JAN 1      0                         0      0        0
..................................................................


WIND (MPH)
  RESULTANT WIND SPEED  12   RESULTANT WIND DIRECTION   S (170)
  HIGHEST WIND SPEED    23   HIGHEST WIND DIRECTION     S (200)
  HIGHEST GUST SPEED    32   HIGHEST GUST DIRECTION    SW (210)
  AVERAGE WIND SPEED    16.4



WEATHER CONDITIONS
 THE FOLLOWING WEATHER WAS RECORDED YESTERDAY.
  LIGHT RAIN
  LIGHT SNOW
  FOG


..........................................................


THE SAINT PAUL ISLAND CLIMATE NORMALS FOR TODAY
                         NORMAL    RECORD    YEAR
 MAXIMUM TEMPERATURE (F)   29        39      1996
                                             1979
 MINIMUM TEMPERATURE (F)   20       -11      1971


SUNRISE AND SUNSET
FEBRUARY 21 2018......SUNRISE   934 AM AKST  SUNSET   736 PM AKST
FEBRUARY 22 2018......SUNRISE   931 AM AKST  SUNSET   738 PM AKST


-  INDICATES NEGATIVE NUMBERS.
R  INDICATES RECORD WAS SET OR TIED.
MM INDICATES DATA IS MISSING.
T  INDICATES TRACE AMOUNT.




$$
