736
CDAK48 PAFC 211254
CLISNP


CLIMATE REPORT
NATIONAL WEATHER SERVICE ANCHORAGE, AK
354 AM AKST TUE NOV 21 2017


...................................

...THE SAINT PAUL ISLAND CLIMATE SUMMARY FOR NOVEMBER 20 2017...

CLIMATE NORMAL PERIOD 1981 TO 2010
CLIMATE RECORD PERIOD 1892 TO 2017


WEATHER ITEM   OBSERVED TIME   RECORD YEAR NORMAL DEPARTURE LAST
                VALUE   (LST)  VALUE       VALUE  FROM      YEAR
                                                  NORMAL
..................................................................
TEMPERATURE (F)
 YESTERDAY
  MAXIMUM         45R       MM  44    2003  36      9       38
                                      1985
  MINIMUM         24        MM  12    1960  28     -4       32
  AVERAGE         35                        32      3       35

PRECIPITATION (IN)
  YESTERDAY       MM             1.23 1985   0.10  MM        0.01
  MONTH TO DATE    2.24                      1.99   0.25     2.37
  SINCE SEP 1      7.34                      8.09  -0.75    12.11
  SINCE JAN 1     20.01                     20.52  -0.51    22.85

SNOWFALL (IN)
  YESTERDAY       MM             1.5  1955   0.3   MM         T
  MONTH TO DATE    T                         4.9   -4.9      3.9
  SINCE SEP 1      2.4                       6.9   -4.5      3.9
  SINCE JUL 1      2.4                       6.9   -4.5      3.9
  SNOW DEPTH       0

DEGREE DAYS
 HEATING
  YESTERDAY       30                        33     -3       30
  MONTH TO DATE  494                       624   -130      596
  SINCE SEP 1   1822                      2032   -210     1631
  SINCE JUL 1   2813                      3085   -272     2244

 COOLING
  YESTERDAY        0                         0      0        0
  MONTH TO DATE    0                         0      0        0
  SINCE SEP 1      0                         0      0        0
  SINCE JAN 1      0                         0      0        0
..................................................................


WIND (MPH)
  RESULTANT WIND SPEED   4   RESULTANT WIND DIRECTION   S (200)
  HIGHEST WIND SPEED    27   HIGHEST WIND DIRECTION     W (280)
  HIGHEST GUST SPEED    39   HIGHEST GUST DIRECTION     W (280)
  AVERAGE WIND SPEED    13.7



WEATHER CONDITIONS
 THE FOLLOWING WEATHER WAS RECORDED YESTERDAY.
  LIGHT RAIN
  FOG


..........................................................


THE SAINT PAUL ISLAND CLIMATE NORMALS FOR TODAY
                         NORMAL    RECORD    YEAR
 MAXIMUM TEMPERATURE (F)   36        44      1993
 MINIMUM TEMPERATURE (F)   28        13      1960


SUNRISE AND SUNSET
NOVEMBER 21 2017......SUNRISE  1017 AM AKST  SUNSET   556 PM AKST
NOVEMBER 22 2017......SUNRISE  1019 AM AKST  SUNSET   555 PM AKST


-  INDICATES NEGATIVE NUMBERS.
R  INDICATES RECORD WAS SET OR TIED.
MM INDICATES DATA IS MISSING.
T  INDICATES TRACE AMOUNT.




$$
