984
CDAK48 PASN 251140
CLISNP

CLIMATE REPORT
NATIONAL WEATHER SERVICE ST PAUL, AK
340 AM AKDT THU AUG 25 2016

...................................
...THE ST PAUL AIRPORT CLIMATE SUMMARY FOR AUGUST 24 2016...

CLIMATE NORMAL PERIOD  1981 TO  2010
CLIMATE RECORD PERIOD  1892 TO  2016

WEATHER ITEM   OBSERVED TIME    RECORD YEAR NORMAL DEPARTURE LAST
               VALUE    (LST)   VALUE       VALUE  FROM      YEAR
                                                   NORMAL
...................................................................
TEMPERATURE
YESTERDAY
 MAXIMUM            54  0621 PM    58  2004     52       2     54
 MINIMUM            47  0542 AM    32  1963     46       1     49
 AVERAGE            51                          49       2     52

PRECIPITATION
(INCHES)
 YESTERDAY        0.02           1.17  1962   0.11   -0.09      T
 MONTH TO DATE    2.61                        2.32    0.29   0.98
 SINCE JUN 1      5.08                        5.52   -0.44   3.74
 SINCE JAN 1     11.00                       11.68   -0.68  10.02

SNOWFALL
(INCHES)
 YESTERDAY         0.0            0.0  2016    0.0     0.0    0.0
 MONTH TO DATE     0.0                         0.0     0.0    0.0
 SINCE JUN 1       0.0                         0.0     0.0    0.0
 SINCE JUL 1       0.0                         0.0     0.0    0.0
 SNOW DEPTH (IN)     0                                          0

DEGREE DAYS
 HEATING
  YESTERDAY         14                          16      -2     13
  MONTH TO DATE    291                         385     -94    336
  SINCE JUN 1     1215                        1617    -402   1434
  SINCE JUL 1      683                         938    -255    814

 COOLING
  YESTERDAY          0                           0       0      0
  MONTH TO DATE      0                           0       0      0
  SINCE JUN 1        0                           0       0      0
  SINCE JAN 1        0                           0       0      0
...................................................................

WIND (MPH)
 HIGHEST WIND SPEED    24     HIGHEST WIND DIRECTION    360
 HIGHEST GUST SPEED    30     HIGHEST GUST DIRECTION     10
 AVERAGE WIND SPEED  12.4

SKY COVER
  POSSIBLE SUNSHINE    MM          AVERAGE SKY COVER     MM

WEATHER CONDITIONS
 THE FOLLOWING WEATHER WAS RECORDED YESTERDAY.
  FOG
  RAIN


RELATIVE HUMIDITY
 HIGHEST RH     MM PERCENT       MM
 LOWEST  RH     MM PERCENT       MM
 AVERAGE RH     MM PERCENT       MM
...................................................................

THE ST PAUL CLIMATE NORMALS FOR TODAY
                           NORMAL    RECORD   YEAR
 MAXIMUM TEMPERATURE (F)     52        66     1987
 MINIMUM TEMPERATURE (F)     46        34     1963

SUNRISE AND SUNSET
 AUG 25 2016..........SUNRISE  8:10 AM      SUNSET 10:35 PM
 AUG 26 2016..........SUNRISE  8:12 AM      SUNSET 10:32 PM

-  INDICATES NEGATIVE NUMBERS.
R  INDICATES RECORD HAS BEEN SET OR TIED.
MM INDICATES DATA IS MISSING.
T  INDICATES TRACE OF PRECIPITATION.

&&
-------------------------------------------------------------------

AMOUNT OF DAYLIGHT TODAY  (HOUR:MIN)........14 HOURS 25 MINUTES
GAIN/LOSS SINCE YESTERDAY (HOUR:MIN:SEC)....-0:04:41

$$
WIW AUG 16
