000
CDAK48 PASN 302325
CLISNP

CLIMATE REPORT
NATIONAL WEATHER SERVICE ST PAUL, AK
325 PM AKDT THU JUL 30 2015

...................................
...THE ST PAUL AIRPORT CLIMATE SUMMARY FOR JULY 30 2015...
VALID TODAY AS OF 2:00 PM LOCAL TIME

CLIMATE NORMAL PERIOD  1981 TO  2010
CLIMATE RECORD PERIOD  1892 TO  2015

WEATHER ITEM   OBSERVED TIME    RECORD YEAR NORMAL DEPARTURE LAST
               VALUE    (LST)   VALUE       VALUE  FROM      YEAR
                                                   NORMAL
...................................................................
TEMPERATURE
TODAY
 MAXIMUM            53  0157 PM    60  1958     52       1     58
 MINIMUM            48  0649 AM    34  1996     45       3     47
 AVERAGE            51                          48       3     53

PRECIPITATION
(INCHES)
 TODAY            0.01           0.69  1893   0.08   -0.07   0.00
 MONTH TO DATE    1.84                        1.78    0.06   1.07
 SINCE JUN 1      2.76                        3.13   -0.37   2.09
 SINCE JAN 1      9.04                        9.29   -0.25   9.23

SNOWFALL
(INCHES)
 TODAY             0.0            0.0  2015    0.0     0.0    0.0
 MONTH TO DATE     0.0                         0.0     0.0    0.0
 SINCE JUN 1       0.0                         0.0     0.0    0.0
 SINCE JUL 1       0.0                         0.0     0.0    0.0
 SNOW DEPTH (IN)     0                                          0

DEGREE DAYS
 HEATING
  TODAY             14                          17      -3     12
  MONTH TO DATE    467                         536     -69    435
  SINCE JUN 1     1087                        1215    -128   1063
  SINCE JUL 1      467                         536     -69    435

 COOLING
  TODAY              0                           0       0      0
  MONTH TO DATE      0                           0       0      0
  SINCE JUN 1        0                           0       0      0
  SINCE JAN 1        0                           0       0      0
...................................................................

WIND (MPH)
 HIGHEST WIND SPEED     6     HIGHEST WIND DIRECTION    190
 HIGHEST GUST SPEED     7     HIGHEST GUST DIRECTION    180
 AVERAGE WIND SPEED    MM

SKY COVER
  POSSIBLE SUNSHINE  MM            AVERAGE SKY COVER MM

WEATHER CONDITIONS
 THE FOLLOWING WEATHER WAS RECORDED TODAY.
  FOG
  DENSE FOG
  RAIN


RELATIVE HUMIDITY
 HIGHEST RH     MM PERCENT       MM
 LOWEST  RH     MM PERCENT       MM
 AVERAGE RH     MM PERCENT       MM
...................................................................

THE ST PAUL CLIMATE NORMALS FOR TOMORROW
                        NORMAL    RECORD   YEAR
 MAXIMUM TEMPERATURE      52        63     2014
 MINIMUM TEMPERATURE      45        37     2000

SUNRISE AND SUNSET
 JUL 30 2015..........SUNRISE  7:15 AM      SUNSET 11:39 PM
 JUL 31 2015..........SUNRISE  7:17 AM      SUNSET 11:37 PM

-  INDICATES NEGATIVE NUMBERS.
R  INDICATES RECORD HAS BEEN SET OR TIED.
MM INDICATES DATA IS MISSING.
T  INDICATES TRACE OF PRECIPITATION.

&&
-------------------------------------------------------------------

AMOUNT OF DAYLIGHT TODAY  (HOUR:MIN)........16 HOURS 24 MINUTES
GAIN/LOSS SINCE YESTERDAY (HOUR:MIN:SEC)....-0:04:00

$$
SAH JUL 15
