000
CDAK48 PASN 221202
CLISNP

CLIMATE REPORT
NATIONAL WEATHER SERVICE ST PAUL, AK
302 AM AKST SAT NOV 22 2014

...................................
...THE ST PAUL AIRPORT CLIMATE SUMMARY FOR NOVEMBER 21 2014...

CLIMATE NORMAL PERIOD  1981 TO  2010
CLIMATE RECORD PERIOD  1892 TO  2014

WEATHER ITEM   OBSERVED TIME    RECORD YEAR NORMAL DEPARTURE LAST
               VALUE    (LST)   VALUE       VALUE  FROM      YEAR
                                                   NORMAL
...................................................................
TEMPERATURE
YESTERDAY
 MAXIMUM            40  0558 PM    44  1993     36       4     29
 MINIMUM            37  1159 PM    13  1960     28       9     23
 AVERAGE            39                          32       7     26

PRECIPITATION
(INCHES)
 YESTERDAY        0.07           0.50  1965   0.09   -0.02   0.11
 MONTH TO DATE    1.27                        2.08   -0.81   3.40
 SINCE SEP 1      6.42                        8.18   -1.76   9.96
 SINCE JAN 1     19.77                       20.61   -0.84  23.99

SNOWFALL
(INCHES)
 YESTERDAY         0.0            1.9  1989    0.3    -0.3    0.3
 MONTH TO DATE     0.7                         5.2    -4.5    0.4
 SINCE SEP 1       0.7                         7.2    -6.5    0.4
 SINCE JUL 1       0.7                         7.2    -6.5    0.4
 SNOW DEPTH (IN)     0                                          0

DEGREE DAYS
 HEATING
  YESTERDAY         26                          33      -7     39
  MONTH TO DATE    582                         657     -75    591
  SINCE SEP 1     1843                        2065    -222   1927
  SINCE JUL 1     2661                        3117    -456   2970

 COOLING
  YESTERDAY          0                           0       0      0
  MONTH TO DATE      0                           0       0      0
  SINCE SEP 1        0                           0       0      0
  SINCE JAN 1        0                           0       0      0
...................................................................

WIND (MPH)
 HIGHEST WIND SPEED    31     HIGHEST WIND DIRECTION     10
 HIGHEST GUST SPEED    37     HIGHEST GUST DIRECTION     10
 AVERAGE WIND SPEED  22.6

WEATHER CONDITIONS
 THE FOLLOWING WEATHER WAS RECORDED YESTERDAY.
  SMOKE OR HAZE
FOG
RAIN

...................................................................

THE ST PAUL CLIMATE NORMALS FOR TODAY
                           NORMAL    RECORD   YEAR
 MAXIMUM TEMPERATURE (F)     36        43     1970
 MINIMUM TEMPERATURE (F)     28        16     2007

SUNRISE AND SUNSET
 NOV 22 2014..........SUNRISE 10:19 AM      SUNSET  5:56 PM
 NOV 23 2014..........SUNRISE 10:21 AM      SUNSET  5:54 PM

-  INDICATES NEGATIVE NUMBERS.
R  INDICATES RECORD HAS BEEN SET OR TIED.
MM INDICATES DATA IS MISSING.
T  INDICATES TRACE OF PRECIPITATION.

&&
-------------------------------------------------------------------

AMOUNT OF DAYLIGHT TODAY  (HOUR:MIN)........7 HOURS 37 MINUTES
GAIN/LOSS SINCE YESTERDAY (HOUR:MIN:SEC)....-0:03:32

$$
*** NOV 14
