000
CDUS46 KMTR 140827
CLISNS


CLIMATE REPORT
NATIONAL WEATHER SERVICE SAN FRANCISCO BAY AREA
1227 AM PST THU DEC 14 2017


...................................

...THE SALINAS AIRPORT CLIMATE SUMMARY FOR DECEMBER 13 2017...

CLIMATE NORMAL PERIOD 1981 TO 2010
CLIMATE RECORD PERIOD 1930 TO 2017


WEATHER ITEM   OBSERVED TIME   RECORD YEAR NORMAL DEPARTURE LAST
                VALUE   (LST)  VALUE       VALUE  FROM      YEAR
                                                  NORMAL
..................................................................
TEMPERATURE (F)
 YESTERDAY
  MAXIMUM         72    230 PM  80    1953  61     11       63
  MINIMUM         36    541 AM  26    1932  41     -5       47
  AVERAGE         54                        51      3       55

PRECIPITATION (IN)
  YESTERDAY        0.00          0.81 1934   0.06  -0.06     0.00
  MONTH TO DATE    T                         0.73  -0.73     0.44
  SINCE OCT 1      0.75                      2.71  -1.96     3.00
  SINCE JAN 1     13.24                     11.63   1.61    11.57

DEGREE DAYS
 HEATING
  YESTERDAY       11                        14     -3       10
  MONTH TO DATE  123                       176    -53      161
  SINCE DEC 1    123                       176    -53      161
  SINCE JUL 1    559                       794   -235      731

 COOLING
  YESTERDAY        0                         0      0        0
  MONTH TO DATE    0                         0      0        0
  SINCE DEC 1      0                         0      0        0
  SINCE JAN 1    283                       130    153      113
..................................................................


WIND (MPH)
  RESULTANT WIND SPEED   3   RESULTANT WIND DIRECTION  SE (130)
  HIGHEST WIND SPEED    16   HIGHEST WIND DIRECTION     W (250)
  HIGHEST GUST SPEED    19   HIGHEST GUST DIRECTION     W (260)
  AVERAGE WIND SPEED     7.3


SKY COVER
  POSSIBLE SUNSHINE  MM
  AVERAGE SKY COVER 0.0


WEATHER CONDITIONS
 THE FOLLOWING WEATHER WAS RECORDED YESTERDAY.
  NO SIGNIFICANT WEATHER WAS OBSERVED.


RELATIVE HUMIDITY (PERCENT)
 HIGHEST    83           900 PM
 LOWEST     20           100 PM
 AVERAGE    52

..........................................................


THE SALINAS AIRPORT CLIMATE NORMALS FOR TODAY
                         NORMAL    RECORD    YEAR
 MAXIMUM TEMPERATURE (F)   61        81      1953
 MINIMUM TEMPERATURE (F)   41        26      1932


SUNRISE AND SUNSET
DECEMBER 14 2017......SUNRISE   711 AM PST   SUNSET   452 PM PST
DECEMBER 15 2017......SUNRISE   712 AM PST   SUNSET   452 PM PST


-  INDICATES NEGATIVE NUMBERS.
R  INDICATES RECORD WAS SET OR TIED.
MM INDICATES DATA IS MISSING.
T  INDICATES TRACE AMOUNT.




$$
