000
CDUS46 KMTR 290033
CLISNS


CLIMATE REPORT
NATIONAL WEATHER SERVICE SAN FRANCISCO BAY AREA
533 PM PDT WED JUN 28 2017


...................................

...THE SALINAS AIRPORT CLIMATE SUMMARY FOR JUNE 28 2017...
VALID TODAY AS OF 0500 PM LOCAL TIME.

CLIMATE NORMAL PERIOD 1981 TO 2010
CLIMATE RECORD PERIOD 1930 TO 2017


WEATHER ITEM   OBSERVED TIME   RECORD YEAR NORMAL DEPARTURE LAST
                VALUE   (LST)  VALUE       VALUE  FROM      YEAR
                                                  NORMAL
..................................................................
TEMPERATURE (F)
 TODAY
  MAXIMUM         68   1147 AM  92    1942  71     -3       70
  MINIMUM         56    518 AM  43    1936  54      2       52
  AVERAGE         62                        63     -1       61

PRECIPITATION (IN)
  TODAY            0.00          0.14 2011   0.00   0.00     0.00
  MONTH TO DATE    0.07                      0.09  -0.02     0.03
  SINCE OCT 1     16.45                     12.63   3.82    13.47
  SINCE JAN 1     12.45                      8.72   3.73     8.57

DEGREE DAYS
 HEATING
  TODAY            3                         3      0        4
  MONTH TO DATE   62                       107    -45       63
  SINCE JUN 1     62                       107    -45       63
  SINCE JUL 1   2396                      2680   -284     2012

 COOLING
  TODAY            0                         1     -1        0
  MONTH TO DATE    9                         3      6        8
  SINCE JUN 1      9                         3      6        8
  SINCE JAN 1     27                        19      8       31
..................................................................


WIND (MPH)
  RESULTANT WIND SPEED  11   RESULTANT WIND DIRECTION   W (260)
  HIGHEST WIND SPEED    18   HIGHEST WIND DIRECTION     W (270)
  HIGHEST GUST SPEED    22   HIGHEST GUST DIRECTION     W (260)
  AVERAGE WIND SPEED    10.7


SKY COVER
  POSSIBLE SUNSHINE  MM
  AVERAGE SKY COVER 0.6


WEATHER CONDITIONS
 THE FOLLOWING WEATHER WAS RECORDED TODAY.
  FOG


RELATIVE HUMIDITY (PERCENT)
 HIGHEST    93          1200 AM
 LOWEST     63          1200 PM
 AVERAGE    78

..........................................................


THE SALINAS AIRPORT CLIMATE NORMALS FOR TOMORROW
                         NORMAL    RECORD    YEAR
 MAXIMUM TEMPERATURE (F)   71       101      1934
 MINIMUM TEMPERATURE (F)   54        44      1963


SUNRISE AND SUNSET
JUNE 28 2017..........SUNRISE   550 AM PDT   SUNSET   829 PM PDT
JUNE 29 2017..........SUNRISE   551 AM PDT   SUNSET   829 PM PDT


-  INDICATES NEGATIVE NUMBERS.
R  INDICATES RECORD WAS SET OR TIED.
MM INDICATES DATA IS MISSING.
T  INDICATES TRACE AMOUNT.




$$
