000
CDUS46 KMTR 220831
CLISNS


CLIMATE REPORT
NATIONAL WEATHER SERVICE SAN FRANCISCO BAY AREA
131 AM PDT FRI AUG 22 2014


...................................

...THE SALINAS AIRPORT CLIMATE SUMMARY FOR AUGUST 21 2014...

CLIMATE NORMAL PERIOD 1981 TO 2010
CLIMATE RECORD PERIOD 1930 TO 2014


WEATHER ITEM   OBSERVED TIME   RECORD YEAR NORMAL DEPARTURE LAST
                VALUE   (LST)  VALUE       VALUE  FROM      YEAR
                                                  NORMAL
..................................................................
TEMPERATURE (F)
 YESTERDAY
  MAXIMUM         75   1106 AM  84    1972  73      2       71
  MINIMUM         60   1157 PM  49    1994  56      4       59
  AVERAGE         68                        64      4       65

PRECIPITATION (IN)
  YESTERDAY        0.00          0.01 2003   0.00   0.00     0.00
  MONTH TO DATE    T                         0.02  -0.02     0.02
  SINCE JUL 1      0.01                      0.02  -0.01     0.02
  SINCE JAN 1      4.98                      8.74  -3.76     2.35

DEGREE DAYS
 HEATING
  YESTERDAY        0                         2     -2        0
  MONTH TO DATE    3                        42    -39       33
  SINCE JUN 1    155                       233    -78      201
  SINCE JUL 1     41                       120    -79      103

 COOLING
  YESTERDAY        3                         1      2        0
  MONTH TO DATE   16                        18     -2       13
  SINCE JUN 1     59                        48     11       50
  SINCE JAN 1    109                        64     45       60
..................................................................


WIND (MPH)
  RESULTANT WIND SPEED   4   RESULTANT WIND DIRECTION   W (290)
  HIGHEST WIND SPEED    17   HIGHEST WIND DIRECTION     W (280)
  HIGHEST GUST SPEED    22   HIGHEST GUST DIRECTION    NW (300)
  AVERAGE WIND SPEED     7.0


SKY COVER
  POSSIBLE SUNSHINE  MM
  AVERAGE SKY COVER 0.6


WEATHER CONDITIONS
 THE FOLLOWING WEATHER WAS RECORDED YESTERDAY.
  NO SIGNIFICANT WEATHER WAS OBSERVED.


RELATIVE HUMIDITY (PERCENT)
 HIGHEST    84           700 PM
 LOWEST     53          1100 AM
 AVERAGE    69

..........................................................


THE SALINAS AIRPORT CLIMATE NORMALS FOR TODAY
                         NORMAL    RECORD    YEAR
 MAXIMUM TEMPERATURE (F)   73        85      1972
 MINIMUM TEMPERATURE (F)   56        42      1931


SUNRISE AND SUNSET
AUGUST 22 2014........SUNRISE   530 AM PST   SUNSET   648 PM PST
AUGUST 23 2014........SUNRISE   530 AM PST   SUNSET   647 PM PST


-  INDICATES NEGATIVE NUMBERS.
R  INDICATES RECORD WAS SET OR TIED.
MM INDICATES DATA IS MISSING.
T  INDICATES TRACE AMOUNT.




$$
