000
CDUS46 KMTR 170900
CLISNS


CLIMATE REPORT
NATIONAL WEATHER SERVICE SAN FRANCISCO BAY AREA
200 AM PDT WED SEP 17 2014


...................................

...THE SALINAS AIRPORT CLIMATE SUMMARY FOR SEPTEMBER 16 2014...

CLIMATE NORMAL PERIOD 1981 TO 2010
CLIMATE RECORD PERIOD 1930 TO 2014


WEATHER ITEM   OBSERVED TIME   RECORD YEAR NORMAL DEPARTURE LAST
                VALUE   (LST)  VALUE       VALUE  FROM      YEAR
                                                  NORMAL
..................................................................
TEMPERATURE (F)
 YESTERDAY
  MAXIMUM         80   1148 AM  96    1939  74      6       75
  MINIMUM         53    608 AM  39    1936  54     -1       56
  AVERAGE         67                        64      3       66

PRECIPITATION (IN)
  YESTERDAY        0.00          0.45 1989   0.01  -0.01     0.00
  MONTH TO DATE    0.00                      0.05  -0.05     0.02
  SINCE JUL 1      0.01                      0.08  -0.07     0.04
  SINCE JAN 1      4.98                      8.80  -3.82     2.37

DEGREE DAYS
 HEATING
  YESTERDAY        0                         2     -2        0
  MONTH TO DATE    5                        32    -27        1
  SINCE SEP 1      5                        32    -27        1
  SINCE JUL 1     46                       167   -121      106

 COOLING
  YESTERDAY        2                         1      1        1
  MONTH TO DATE   22                        16      6       45
  SINCE SEP 1     22                        16      6       45
  SINCE JAN 1    155                        85     70      129
..................................................................


WIND (MPH)
  RESULTANT WIND SPEED   4   RESULTANT WIND DIRECTION   W (290)
  HIGHEST WIND SPEED    20   HIGHEST WIND DIRECTION     W (280)
  HIGHEST GUST SPEED    23   HIGHEST GUST DIRECTION     W (280)
  AVERAGE WIND SPEED     5.1


SKY COVER
  POSSIBLE SUNSHINE  MM
  AVERAGE SKY COVER 0.0


WEATHER CONDITIONS
 THE FOLLOWING WEATHER WAS RECORDED YESTERDAY.
  NO SIGNIFICANT WEATHER WAS OBSERVED.


RELATIVE HUMIDITY (PERCENT)
 HIGHEST    84           800 PM
 LOWEST     41          1100 AM
 AVERAGE    63

..........................................................


THE SALINAS AIRPORT CLIMATE NORMALS FOR TODAY
                         NORMAL    RECORD    YEAR
 MAXIMUM TEMPERATURE (F)   74        97      1935
 MINIMUM TEMPERATURE (F)   54        43      1961


SUNRISE AND SUNSET
SEPTEMBER 17 2014.....SUNRISE   550 AM PST   SUNSET   611 PM PST
SEPTEMBER 18 2014.....SUNRISE   551 AM PST   SUNSET   609 PM PST


-  INDICATES NEGATIVE NUMBERS.
R  INDICATES RECORD WAS SET OR TIED.
MM INDICATES DATA IS MISSING.
T  INDICATES TRACE AMOUNT.




$$
