000
CDUS46 KMTR 070845
CLISNS


CLIMATE REPORT
NATIONAL WEATHER SERVICE SAN FRANCISCO BAY AREA
1245 AM PST WED DEC 7 2016


...................................

...THE SALINAS AIRPORT CLIMATE SUMMARY FOR DECEMBER 6 2016...

CLIMATE NORMAL PERIOD 1981 TO 2010
CLIMATE RECORD PERIOD 1930 TO 2016


WEATHER ITEM   OBSERVED TIME   RECORD YEAR NORMAL DEPARTURE LAST
                VALUE   (LST)  VALUE       VALUE  FROM      YEAR
                                                  NORMAL
..................................................................
TEMPERATURE (F)
 YESTERDAY
  MAXIMUM         56    250 PM  79    1937  62     -6       67
  MINIMUM         40   1146 PM  30    2013  41     -1       40
                                      1934
  AVERAGE         48                        52     -4       54

PRECIPITATION (IN)
  YESTERDAY        0.00          1.58 1966   0.05  -0.05     0.00
  MONTH TO DATE    0.00                      0.32  -0.32      T
  SINCE OCT 1      2.56                      2.30   0.26     2.94
  SINCE JAN 1     11.13                     11.22  -0.09     5.05

DEGREE DAYS
 HEATING
  YESTERDAY       17                        13      4       11
  MONTH TO DATE   90                        78     12       75
  SINCE DEC 1     90                        78     12       75
  SINCE JUL 1    660                       696    -36      435

 COOLING
  YESTERDAY        0                         0      0        0
  MONTH TO DATE    0                         0      0        0
  SINCE DEC 1      0                         0      0        0
  SINCE JAN 1    113                       130    -17      386
..................................................................


WIND (MPH)
  RESULTANT WIND SPEED   4   RESULTANT WIND DIRECTION   W (250)
  HIGHEST WIND SPEED    13   HIGHEST WIND DIRECTION     W (250)
  HIGHEST GUST SPEED    16   HIGHEST GUST DIRECTION     W (250)
  AVERAGE WIND SPEED     4.8


SKY COVER
  POSSIBLE SUNSHINE  MM
  AVERAGE SKY COVER 0.5


WEATHER CONDITIONS
 THE FOLLOWING WEATHER WAS RECORDED YESTERDAY.
  NO SIGNIFICANT WEATHER WAS OBSERVED.


RELATIVE HUMIDITY (PERCENT)
 HIGHEST    93          1200 AM
 LOWEST     51           100 PM
 AVERAGE    72

..........................................................


THE SALINAS AIRPORT CLIMATE NORMALS FOR TODAY
                         NORMAL    RECORD    YEAR
 MAXIMUM TEMPERATURE (F)   62        79      1938
 MINIMUM TEMPERATURE (F)   41        28      1978


SUNRISE AND SUNSET
DECEMBER  7 2016......SUNRISE   706 AM PST   SUNSET   450 PM PST
DECEMBER  8 2016......SUNRISE   707 AM PST   SUNSET   450 PM PST


-  INDICATES NEGATIVE NUMBERS.
R  INDICATES RECORD WAS SET OR TIED.
MM INDICATES DATA IS MISSING.
T  INDICATES TRACE AMOUNT.




$$
