000
CDUS46 KMTR 270845
CLISNS


CLIMATE REPORT
NATIONAL WEATHER SERVICE SAN FRANCISCO BAY AREA
1245 AM PST THU NOV 27 2014


...................................

...THE SALINAS AIRPORT CLIMATE SUMMARY FOR NOVEMBER 26 2014...

CLIMATE NORMAL PERIOD 1981 TO 2010
CLIMATE RECORD PERIOD 1930 TO 2014


WEATHER ITEM   OBSERVED TIME   RECORD YEAR NORMAL DEPARTURE LAST
                VALUE   (LST)  VALUE       VALUE  FROM      YEAR
                                                  NORMAL
..................................................................
TEMPERATURE (F)
 YESTERDAY
  MAXIMUM         82R   339 PM  82    1947  64     18       72
  MINIMUM         51   1159 PM  32    1940  43      8       46
  AVERAGE         67                        53     14       59

PRECIPITATION (IN)
  YESTERDAY        0.00          2.04 1997   0.05  -0.05     0.00
  MONTH TO DATE    0.75                      1.17  -0.42     0.47
  SINCE JUL 1      2.00                      1.95   0.05     0.73
  SINCE JAN 1      6.97                     10.67  -3.70     3.06

DEGREE DAYS
 HEATING
  YESTERDAY        0                        12    -12        6
  MONTH TO DATE  100                       235   -135      210
  SINCE SEP 1    145                       434   -289      392
  SINCE JUL 1    186                       569   -383      497

 COOLING
  YESTERDAY        2                         0      2        0
  MONTH TO DATE    9                         0      9        0
  SINCE SEP 1    136                        58     78       71
  SINCE JAN 1    269                       127    142      155
..................................................................


WIND (MPH)
  RESULTANT WIND SPEED   6   RESULTANT WIND DIRECTION   E (100)
  HIGHEST WIND SPEED    18   HIGHEST WIND DIRECTION     E (100)
  HIGHEST GUST SPEED    23   HIGHEST GUST DIRECTION     E (100)
  AVERAGE WIND SPEED     8.5


SKY COVER
  POSSIBLE SUNSHINE  MM
  AVERAGE SKY COVER 0.0


WEATHER CONDITIONS
 THE FOLLOWING WEATHER WAS RECORDED YESTERDAY.
  NO SIGNIFICANT WEATHER WAS OBSERVED.


RELATIVE HUMIDITY (PERCENT)
 HIGHEST    71          1000 PM
 LOWEST     16           200 PM
 AVERAGE    44

..........................................................


THE SALINAS AIRPORT CLIMATE NORMALS FOR TODAY
                         NORMAL    RECORD    YEAR
 MAXIMUM TEMPERATURE (F)   64        79      1954
 MINIMUM TEMPERATURE (F)   43        30      1948


SUNRISE AND SUNSET
NOVEMBER 27 2014......SUNRISE   656 AM PST   SUNSET   451 PM PST
NOVEMBER 28 2014......SUNRISE   657 AM PST   SUNSET   451 PM PST


-  INDICATES NEGATIVE NUMBERS.
R  INDICATES RECORD WAS SET OR TIED.
MM INDICATES DATA IS MISSING.
T  INDICATES TRACE AMOUNT.




$$
