000
CDUS46 KMTR 130027
CLISNS


CLIMATE REPORT
NATIONAL WEATHER SERVICE SAN FRANCISCO BAY AREA
426 PM PST FRI FEB 12 2016


...................................

...THE SALINAS AIRPORT CLIMATE SUMMARY FOR FEBRUARY 12 2016...
VALID TODAY AS OF 0400 PM LOCAL TIME.

CLIMATE NORMAL PERIOD 1981 TO 2010
CLIMATE RECORD PERIOD 1930 TO 2016


WEATHER ITEM   OBSERVED TIME   RECORD YEAR NORMAL DEPARTURE LAST
                VALUE   (LST)  VALUE       VALUE  FROM      YEAR
                                                  NORMAL
..................................................................
TEMPERATURE (F)
 TODAY
  MAXIMUM         71    340 PM  82    2015  63      8       82
                                      1971
  MINIMUM         45    733 AM  28    1946  43      2       50
  AVERAGE         58                        53      5       66

PRECIPITATION (IN)
  TODAY            0.00          1.04 1987   0.08  -0.08     0.00
  MONTH TO DATE    0.01                      1.07  -1.06     0.55
  SINCE OCT 1      8.95                      7.58   1.37     8.55
  SINCE JAN 1      4.05                      3.67   0.38     0.56

DEGREE DAYS
 HEATING
  TODAY            7                        12     -5        0
  MONTH TO DATE   94                       150    -56       49
  SINCE DEC 1    934                      1010    -76      535
  SINCE JUL 1   1294                      1628   -334      749

 COOLING
  TODAY            0                         0      0        1
  MONTH TO DATE    1                         0      1        2
  SINCE DEC 1      1                         0      1        4
  SINCE JAN 1      1                         0      1        3
..................................................................


WIND (MPH)
  RESULTANT WIND SPEED   2   RESULTANT WIND DIRECTION  SE (130)
  HIGHEST WIND SPEED    18   HIGHEST WIND DIRECTION     W (260)
  HIGHEST GUST SPEED    23   HIGHEST GUST DIRECTION     W (260)
  AVERAGE WIND SPEED     6.2


SKY COVER
  POSSIBLE SUNSHINE  MM
  AVERAGE SKY COVER 0.5


WEATHER CONDITIONS
 THE FOLLOWING WEATHER WAS RECORDED TODAY.
  FOG
  FOG W/VISIBILITY <= 1/4 MILE


RELATIVE HUMIDITY (PERCENT)
 HIGHEST   100           400 AM
 LOWEST     51           100 PM
 AVERAGE    76

..........................................................


THE SALINAS AIRPORT CLIMATE NORMALS FOR TOMORROW
                         NORMAL    RECORD    YEAR
 MAXIMUM TEMPERATURE (F)   63        85      2015
 MINIMUM TEMPERATURE (F)   43        25      1949


SUNRISE AND SUNSET
FEBRUARY 12 2016......SUNRISE   658 AM PST   SUNSET   543 PM PST
FEBRUARY 13 2016......SUNRISE   657 AM PST   SUNSET   545 PM PST


-  INDICATES NEGATIVE NUMBERS.
R  INDICATES RECORD WAS SET OR TIED.
MM INDICATES DATA IS MISSING.
T  INDICATES TRACE AMOUNT.




$$
