000
CDUS45 KPIH 272332
CLISNT


CLIMATE REPORT
NATIONAL WEATHER SERVICE POCATELLO ID
527 PM MDT SAT MAY 27 2017


...................................

...THE STANLEY ID CLIMATE SUMMARY FOR MAY 27 2017...
VALID TODAY AS OF 0500 PM LOCAL TIME.

CLIMATE NORMAL PERIOD 1981 TO 2010
CLIMATE RECORD PERIOD 1916 TO 2017


WEATHER ITEM   OBSERVED TIME   RECORD YEAR NORMAL DEPARTURE LAST
                VALUE   (LST)  VALUE       VALUE  FROM      YEAR
                                                  NORMAL
..................................................................
TEMPERATURE (F)
 TODAY
  MAXIMUM         66    345 PM  80    1986  61      5       59
  MINIMUM         28    546 AM  19    1991  31     -3       32
  AVERAGE         47                        46      1       46

PRECIPITATION (IN)
  TODAY            0.00          0.68 1970   0.05  -0.05     0.02
  MONTH TO DATE    1.17                      1.50  -0.33     1.17
  SINCE OCT 1     26.69                     13.19  13.50    16.59
  SINCE JAN 1     15.36                      8.34   7.02     9.02

SNOWFALL (IN)
  TODAY           MM
  MONTH TO DATE   MM
  SINCE MAR 1     MM
  SINCE JUL 1     MM
  SNOW DEPTH      MM

DEGREE DAYS
 HEATING
  TODAY           18                        19     -1       19
  MONTH TO DATE  548                       608    -60      537
  SINCE MAR 1   2500                      2734   -234     2353
  SINCE JUL 1   9757                     10268   -511     9303

 COOLING
  TODAY            0                         0      0        0
  MONTH TO DATE    0                         0      0        0
  SINCE MAR 1      0                         0      0        0
  SINCE JAN 1      0                         0      0        0
..................................................................


WIND (MPH)
  HIGHEST WIND SPEED    10   HIGHEST WIND DIRECTION     W (270)
  HIGHEST GUST SPEED    16   HIGHEST GUST DIRECTION     W (260)
  AVERAGE WIND SPEED     2.9


SKY COVER
  POSSIBLE SUNSHINE  MM
  AVERAGE SKY COVER 0.0


WEATHER CONDITIONS
 THE FOLLOWING WEATHER WAS RECORDED TODAY.
  NO SIGNIFICANT WEATHER WAS OBSERVED.


RELATIVE HUMIDITY (PERCENT)
 HIGHEST   100           600 AM
 LOWEST     25          1200 PM
 AVERAGE    63

..........................................................


THE STANLEY ID CLIMATE NORMALS FOR TOMORROW
                         NORMAL    RECORD    YEAR
 MAXIMUM TEMPERATURE (F)   61        84      2003
 MINIMUM TEMPERATURE (F)   31        18      1923


SUNRISE AND SUNSET
MAY 27 2017...........SUNRISE   602 AM MDT   SUNSET   912 PM MDT
MAY 28 2017...........SUNRISE   601 AM MDT   SUNSET   913 PM MDT


-  INDICATES NEGATIVE NUMBERS.
R  INDICATES RECORD WAS SET OR TIED.
MM INDICATES DATA IS MISSING.
T  INDICATES TRACE AMOUNT.




$$
