000
CDUS45 KPIH 280809
CLISNT


CLIMATE REPORT
NATIONAL WEATHER SERVICE POCATELLO ID
206 AM MDT TUE JUL 28 2015


...................................

...THE STANLEY ID CLIMATE SUMMARY FOR JULY 27 2015...

CLIMATE NORMAL PERIOD 1981 TO 2010
CLIMATE RECORD PERIOD 1916 TO 2015


WEATHER ITEM   OBSERVED TIME   RECORD YEAR NORMAL DEPARTURE LAST
                VALUE   (LST)  VALUE       VALUE  FROM      YEAR
                                                  NORMAL
..................................................................
TEMPERATURE (F)
 YESTERDAY
  MAXIMUM         57    252 PM  91    1994  80    -23       88
  MINIMUM         35   1122 PM  25    1966  38     -3       30
  AVERAGE         46                        59    -13       59

PRECIPITATION (IN)
  YESTERDAY        0.29R         0.16 1984   0.02   0.27     0.00
  MONTH TO DATE    1.14                      0.62   0.52     0.18
  SINCE OCT 1     16.66                     15.39   1.27    17.05
  SINCE JAN 1      9.95                     10.54  -0.59    13.44

SNOWFALL (IN)
  YESTERDAY       MM
  MONTH TO DATE   MM
  SINCE JUN 1     MM
  SINCE JUL 1     MM
  SNOW DEPTH      MM

DEGREE DAYS
 HEATING
  YESTERDAY       19                         6     13        6
  MONTH TO DATE  183                       215    -32      107
  SINCE JUN 1    417                       669   -252      577
  SINCE JUL 1    183                       215    -32      107

 COOLING
  YESTERDAY        0                         0      0        0
  MONTH TO DATE    1                         0      1       10
  SINCE JUN 1     18                         0     18       10
  SINCE JAN 1     18                         0     18       10
..................................................................


WIND (MPH)
  HIGHEST WIND SPEED    21   HIGHEST WIND DIRECTION     N (350)
  HIGHEST GUST SPEED    31   HIGHEST GUST DIRECTION     N (360)
  AVERAGE WIND SPEED     4.2


SKY COVER
  POSSIBLE SUNSHINE  MM
  AVERAGE SKY COVER 0.0


WEATHER CONDITIONS
 THE FOLLOWING WEATHER WAS RECORDED YESTERDAY.
  NO SIGNIFICANT WEATHER WAS OBSERVED.


RELATIVE HUMIDITY (PERCENT)
 HIGHEST    92          1000 PM
 LOWEST     40           300 PM
 AVERAGE    66

..........................................................


THE STANLEY ID CLIMATE NORMALS FOR TODAY
                         NORMAL    RECORD    YEAR
 MAXIMUM TEMPERATURE (F)   80        92      1968
 MINIMUM TEMPERATURE (F)   38        24      1918


SUNRISE AND SUNSET
JULY 28 2015..........SUNRISE   623 AM MDT   SUNSET   909 PM MDT
JULY 29 2015..........SUNRISE   624 AM MDT   SUNSET   908 PM MDT


-  INDICATES NEGATIVE NUMBERS.
R  INDICATES RECORD WAS SET OR TIED.
MM INDICATES DATA IS MISSING.
T  INDICATES TRACE AMOUNT.




$$
