000
CDUS45 KPIH 260748
CLISNT


CLIMATE REPORT
NATIONAL WEATHER SERVICE POCATELLO ID
1234 AM MST SUN FEB 26 2017


...................................

...THE STANLEY ID CLIMATE SUMMARY FOR FEBRUARY 25 2017...

CLIMATE NORMAL PERIOD 1981 TO 2010
CLIMATE RECORD PERIOD 1916 TO 2017


WEATHER ITEM   OBSERVED TIME   RECORD YEAR NORMAL DEPARTURE LAST
                VALUE   (LST)  VALUE       VALUE  FROM      YEAR
                                                  NORMAL
..................................................................
TEMPERATURE (F)
 YESTERDAY
  MAXIMUM         22    237 PM  53    1986  37    -15       45
  MINIMUM         -3    721 AM -29    1975   6     -9        1
  AVERAGE         10                        21    -11       23

PRECIPITATION (IN)
  YESTERDAY        0.00          1.53 1917   0.06  -0.06     0.00
  MONTH TO DATE    6.74                      1.58   5.16     1.03
  SINCE OCT 1     18.33                      7.95  10.38    11.05
  SINCE JAN 1      7.00                      3.10   3.90     3.48

SNOWFALL (IN)
  YESTERDAY       MM
  MONTH TO DATE   MM
  SINCE DEC 1     MM
  SINCE JUL 1     MM
  SNOW DEPTH      MM

DEGREE DAYS
 HEATING
  YESTERDAY       55                        44     11       42
  MONTH TO DATE  971                      1177   -206     1040
  SINCE DEC 1   4497                      4309    188     4033
  SINCE JUL 1   7114                      7406   -292     6805

 COOLING
  YESTERDAY        0                         0      0        0
  MONTH TO DATE    0                         0      0        0
  SINCE DEC 1      0                         0      0        0
  SINCE JAN 1      0                         0      0        0
..................................................................


WIND (MPH)
  HIGHEST WIND SPEED    14   HIGHEST WIND DIRECTION    NW (330)
  HIGHEST GUST SPEED    18   HIGHEST GUST DIRECTION    NW (320)
  AVERAGE WIND SPEED     4.7


SKY COVER
  POSSIBLE SUNSHINE  MM
  AVERAGE SKY COVER 0.0


WEATHER CONDITIONS
 THE FOLLOWING WEATHER WAS RECORDED YESTERDAY.
  NO SIGNIFICANT WEATHER WAS OBSERVED.


RELATIVE HUMIDITY (PERCENT)
 HIGHEST    87           200 AM
 LOWEST     45           200 PM
 AVERAGE    66

..........................................................


THE STANLEY ID CLIMATE NORMALS FOR TODAY
                         NORMAL    RECORD    YEAR
 MAXIMUM TEMPERATURE (F)   37        50      2006
                                             1986
 MINIMUM TEMPERATURE (F)    7       -23      1964


SUNRISE AND SUNSET
FEBRUARY 26 2017......SUNRISE   721 AM MST   SUNSET   624 PM MST
FEBRUARY 27 2017......SUNRISE   720 AM MST   SUNSET   626 PM MST


-  INDICATES NEGATIVE NUMBERS.
R  INDICATES RECORD WAS SET OR TIED.
MM INDICATES DATA IS MISSING.
T  INDICATES TRACE AMOUNT.




$$
