000
CDUS45 KPIH 230734
CLISNT


CLIMATE REPORT
NATIONAL WEATHER SERVICE POCATELLO ID
1233 AM MST THU NOV 23 2017


...................................

...THE STANLEY ID CLIMATE SUMMARY FOR NOVEMBER 22 2017...

CLIMATE NORMAL PERIOD 1981 TO 2010
CLIMATE RECORD PERIOD 1916 TO 2017


WEATHER ITEM   OBSERVED TIME   RECORD YEAR NORMAL DEPARTURE LAST
                VALUE   (LST)  VALUE       VALUE  FROM      YEAR
                                                  NORMAL
..................................................................
TEMPERATURE (F)
 YESTERDAY
  MAXIMUM         49    304 PM  50    1989  31     18       39
  MINIMUM         31   1159 PM -26    1994  10     21       13
  AVERAGE         40                        20     20       26

PRECIPITATION (IN)
  YESTERDAY        0.18          0.57 2014   0.05   0.13     0.00
  MONTH TO DATE    4.51                      1.73   2.78     0.83
  SINCE OCT 1      5.90                      3.20   2.70     5.14
  SINCE JAN 1     25.95                     15.41  10.54    16.13

SNOWFALL (IN)
  YESTERDAY       MM
  MONTH TO DATE   MM
  SINCE SEP 1     MM
  SINCE JUL 1     MM
  SNOW DEPTH      MM

DEGREE DAYS
 HEATING
  YESTERDAY       25                        45    -20       39
  MONTH TO DATE  851                       862    -11      622
  SINCE SEP 1   2131                      2206    -75     1821
  SINCE JUL 1   2346                      2726   -380     2299

 COOLING
  YESTERDAY        0                         0      0        0
  MONTH TO DATE    0                         0      0        0
  SINCE SEP 1      0                         0      0        0
  SINCE JAN 1     25                         3     22        4
..................................................................


WIND (MPH)
  HIGHEST WIND SPEED     8   HIGHEST WIND DIRECTION     S (160)
  HIGHEST GUST SPEED    10   HIGHEST GUST DIRECTION    SE (150)
  AVERAGE WIND SPEED     1.7


SKY COVER
  POSSIBLE SUNSHINE  MM
  AVERAGE SKY COVER 0.0


WEATHER CONDITIONS
 THE FOLLOWING WEATHER WAS RECORDED YESTERDAY.
  NO SIGNIFICANT WEATHER WAS OBSERVED.


RELATIVE HUMIDITY (PERCENT)
 HIGHEST   100           200 AM
 LOWEST     76           800 PM
 AVERAGE    88

..........................................................


THE STANLEY ID CLIMATE NORMALS FOR TODAY
                         NORMAL    RECORD    YEAR
 MAXIMUM TEMPERATURE (F)   31        54      1924
 MINIMUM TEMPERATURE (F)    9       -29      1982


SUNRISE AND SUNSET
NOVEMBER 23 2017......SUNRISE   746 AM MST   SUNSET   506 PM MST
NOVEMBER 24 2017......SUNRISE   747 AM MST   SUNSET   506 PM MST


-  INDICATES NEGATIVE NUMBERS.
R  INDICATES RECORD WAS SET OR TIED.
MM INDICATES DATA IS MISSING.
T  INDICATES TRACE AMOUNT.




$$
