000
CDUS45 KPIH 052324
CLISNT


CLIMATE REPORT
NATIONAL WEATHER SERVICE POCATELLO ID
423 PM MST MON DEC 5 2016


...................................

...THE STANLEY ID CLIMATE SUMMARY FOR DECEMBER 5 2016...
VALID TODAY AS OF 0400 PM LOCAL TIME.

CLIMATE NORMAL PERIOD 1981 TO 2010
CLIMATE RECORD PERIOD 1916 TO 2016


WEATHER ITEM   OBSERVED TIME   RECORD YEAR NORMAL DEPARTURE LAST
                VALUE   (LST)  VALUE       VALUE  FROM      YEAR
                                                  NORMAL
..................................................................
TEMPERATURE (F)
 TODAY
  MAXIMUM         18    345 PM  47    1987  26     -8       31
  MINIMUM         -9    809 AM -36    1972   6    -15        3
  AVERAGE          5                        16    -11       17

PRECIPITATION (IN)
  TODAY            0.00          0.47 2012   0.03  -0.03     0.00
  MONTH TO DATE    0.50                      0.17   0.33     0.23
  SINCE OCT 1      5.96                      3.75   2.21     2.84
  SINCE JAN 1     16.95                     15.96   0.99    15.45

SNOWFALL (IN)
  TODAY           MM
  MONTH TO DATE   MM
  SINCE DEC 1     MM
  SINCE JUL 1     MM
  SNOW DEPTH      MM

DEGREE DAYS
 HEATING
  TODAY           60                        49     11       48
  MONTH TO DATE  235                       243     -8      229
  SINCE DEC 1    235                       243     -8      229
  SINCE JUL 1   2852                      3340   -488     3001

 COOLING
  TODAY            0                         0      0        0
  MONTH TO DATE    0                         0      0        0
  SINCE DEC 1      0                         0      0        0
  SINCE JAN 1      4                         3      1       25
..................................................................


WIND (MPH)
  HIGHEST WIND SPEED     8   HIGHEST WIND DIRECTION     S (160)
  HIGHEST GUST SPEED    10   HIGHEST GUST DIRECTION     S (160)
  AVERAGE WIND SPEED     1.5


SKY COVER
  POSSIBLE SUNSHINE  MM
  AVERAGE SKY COVER 0.0


WEATHER CONDITIONS
 THE FOLLOWING WEATHER WAS RECORDED TODAY.
  NO SIGNIFICANT WEATHER WAS OBSERVED.


RELATIVE HUMIDITY (PERCENT)
 HIGHEST    86           500 AM
 LOWEST     49           300 PM
 AVERAGE    68

..........................................................


THE STANLEY ID CLIMATE NORMALS FOR TOMORROW
                         NORMAL    RECORD    YEAR
 MAXIMUM TEMPERATURE (F)   26        60      1918
 MINIMUM TEMPERATURE (F)    5       -30      1978


SUNRISE AND SUNSET
DECEMBER  5 2016......SUNRISE   800 AM MST   SUNSET   501 PM MST
DECEMBER  6 2016......SUNRISE   801 AM MST   SUNSET   501 PM MST


-  INDICATES NEGATIVE NUMBERS.
R  INDICATES RECORD WAS SET OR TIED.
MM INDICATES DATA IS MISSING.
T  INDICATES TRACE AMOUNT.




$$
