000
CDUS45 KPIH 290731
CLISNT


CLIMATE REPORT
NATIONAL WEATHER SERVICE POCATELLO ID
131 AM MDT WED MAR 29 2017


...................................

...THE STANLEY ID CLIMATE SUMMARY FOR MARCH 28 2017...

CLIMATE NORMAL PERIOD 1981 TO 2010
CLIMATE RECORD PERIOD 1916 TO 2017


WEATHER ITEM   OBSERVED TIME   RECORD YEAR NORMAL DEPARTURE LAST
                VALUE   (LST)  VALUE       VALUE  FROM      YEAR
                                                  NORMAL
..................................................................
TEMPERATURE (F)
 YESTERDAY
  MAXIMUM         43    411 PM  62    1978  43      0       38
  MINIMUM         13    707 AM -28    1975  16     -3       11
  AVERAGE         28                        29     -1       25

PRECIPITATION (IN)
  YESTERDAY        0.00          0.40 2005   0.06  -0.06     0.00
  MONTH TO DATE    3.97                      1.61   2.36     3.02
  SINCE OCT 1     22.40                      9.77  12.63    14.20
  SINCE JAN 1     11.07                      4.92   6.15     6.63

SNOWFALL (IN)
  YESTERDAY       MM
  MONTH TO DATE   MM
  SINCE MAR 1     MM
  SINCE JUL 1     MM
  SNOW DEPTH      MM

DEGREE DAYS
 HEATING
  YESTERDAY       37                        36      1       40
  MONTH TO DATE  908                      1078   -170      983
  SINCE MAR 1    908                      1078   -170      983
  SINCE JUL 1   8165                      8612   -447     7933

 COOLING
  YESTERDAY        0                         0      0        0
  MONTH TO DATE    0                         0      0        0
  SINCE MAR 1      0                         0      0        0
  SINCE JAN 1      0                         0      0        0
..................................................................


WIND (MPH)
  HIGHEST WIND SPEED    10   HIGHEST WIND DIRECTION     N (350)
  HIGHEST GUST SPEED    13   HIGHEST GUST DIRECTION     N (350)
  AVERAGE WIND SPEED     2.2


SKY COVER
  POSSIBLE SUNSHINE  MM
  AVERAGE SKY COVER 0.0


WEATHER CONDITIONS
 THE FOLLOWING WEATHER WAS RECORDED YESTERDAY.
  NO SIGNIFICANT WEATHER WAS OBSERVED.


RELATIVE HUMIDITY (PERCENT)
 HIGHEST   100           800 AM
 LOWEST     36           400 PM
 AVERAGE    68

..........................................................


THE STANLEY ID CLIMATE NORMALS FOR TODAY
                         NORMAL    RECORD    YEAR
 MAXIMUM TEMPERATURE (F)   43        61      1923
 MINIMUM TEMPERATURE (F)   16        -7      1987


SUNRISE AND SUNSET
MARCH 29 2017.........SUNRISE   726 AM MDT   SUNSET   804 PM MDT
MARCH 30 2017.........SUNRISE   724 AM MDT   SUNSET   805 PM MDT


-  INDICATES NEGATIVE NUMBERS.
R  INDICATES RECORD WAS SET OR TIED.
MM INDICATES DATA IS MISSING.
T  INDICATES TRACE AMOUNT.




$$
