000
CDUS45 KPIH 220733
CLISNT


CLIMATE REPORT
NATIONAL WEATHER SERVICE POCATELLO ID
132 AM MDT FRI MAY 22 2015


...................................

...THE STANLEY ID CLIMATE SUMMARY FOR MAY 21 2015...

CLIMATE NORMAL PERIOD 1981 TO 2010
CLIMATE RECORD PERIOD 1916 TO 2015


WEATHER ITEM   OBSERVED TIME   RECORD YEAR NORMAL DEPARTURE LAST
                VALUE   (LST)  VALUE       VALUE  FROM      YEAR
                                                  NORMAL
..................................................................
TEMPERATURE (F)
 YESTERDAY
  MAXIMUM         59    407 PM  77    1980  60     -1       68
  MINIMUM         37    512 AM  19    1968  30      7       27
  AVERAGE         48                        45      3       48

PRECIPITATION (IN)
  YESTERDAY        0.31          0.37 1998   0.06   0.25     0.01
  MONTH TO DATE    1.69                      1.19   0.50     0.65
  SINCE OCT 1     13.94                     12.88   1.06    16.04
  SINCE JAN 1      7.23                      8.03  -0.80    12.43

SNOWFALL (IN)
  YESTERDAY       MM
  MONTH TO DATE   MM
  SINCE MAR 1     MM
  SINCE JUL 1     MM
  SNOW DEPTH      MM

DEGREE DAYS
 HEATING
  YESTERDAY       17                        20     -3       17
  MONTH TO DATE  419                       490    -71      482
  SINCE MAR 1   2184                      2616   -432     2594
  SINCE JUL 1   8562                     10150  -1588     9762

 COOLING
  YESTERDAY        0                         0      0        0
  MONTH TO DATE    0                         0      0        0
  SINCE MAR 1      0                         0      0        0
  SINCE JAN 1      0                         0      0        0
..................................................................


WIND (MPH)
  HIGHEST WIND SPEED    15   HIGHEST WIND DIRECTION    SE (140)
  HIGHEST GUST SPEED    22   HIGHEST GUST DIRECTION    SE (140)
  AVERAGE WIND SPEED     3.3


SKY COVER
  POSSIBLE SUNSHINE  MM
  AVERAGE SKY COVER 0.0


WEATHER CONDITIONS
 THE FOLLOWING WEATHER WAS RECORDED YESTERDAY.
  NO SIGNIFICANT WEATHER WAS OBSERVED.


RELATIVE HUMIDITY (PERCENT)
 HIGHEST    92           400 AM
 LOWEST     51           400 PM
 AVERAGE    72

..........................................................


THE STANLEY ID CLIMATE NORMALS FOR TODAY
                         NORMAL    RECORD    YEAR
 MAXIMUM TEMPERATURE (F)   60        79      1919
 MINIMUM TEMPERATURE (F)   30        20      1987


SUNRISE AND SUNSET
MAY 22 2015...........SUNRISE   606 AM MDT   SUNSET   907 PM MDT
MAY 23 2015...........SUNRISE   606 AM MDT   SUNSET   908 PM MDT


-  INDICATES NEGATIVE NUMBERS.
R  INDICATES RECORD WAS SET OR TIED.
MM INDICATES DATA IS MISSING.
T  INDICATES TRACE AMOUNT.




$$
