000
CDUS45 KPIH 182327
CLISNT


CLIMATE REPORT
NATIONAL WEATHER SERVICE POCATELLO ID
424 PM MST THU DEC 18 2014


...................................

...THE STANLEY ID CLIMATE SUMMARY FOR DECEMBER 18 2014...
VALID TODAY AS OF 0400 PM LOCAL TIME.

CLIMATE NORMAL PERIOD 1981 TO 2010
CLIMATE RECORD PERIOD 1916 TO 2014


WEATHER ITEM   OBSERVED TIME   RECORD YEAR NORMAL DEPARTURE LAST
                VALUE   (LST)  VALUE       VALUE  FROM      YEAR
                                                  NORMAL
..................................................................
TEMPERATURE (F)
 TODAY
  MAXIMUM         30    359 PM  41    1994  25      5       34
  MINIMUM         15    803 AM -36    1984   3     12        2
  AVERAGE         23                        14      9       18

PRECIPITATION (IN)
  TODAY            0.00          0.32 2010   0.04  -0.04     0.00
  MONTH TO DATE    1.16                      0.70   0.46     1.18
  SINCE OCT 1      5.35                      4.28   1.07     3.27
  SINCE JAN 1     21.26                     16.49   4.77    13.77

SNOWFALL (IN)
  TODAY           MM
  MONTH TO DATE   MM
  SINCE DEC 1     MM
  SINCE JUL 1     MM
  SNOW DEPTH      MM

DEGREE DAYS
 HEATING
  TODAY           42                        51     -9       47
  MONTH TO DATE  698                       900   -202     1000
  SINCE DEC 1    698                       900   -202     1000
  SINCE JUL 1   3291                      3997   -706     3789

 COOLING
  TODAY            0                         0      0        0
  MONTH TO DATE    0                         0      0        0
  SINCE DEC 1      0                         0      0        0
  SINCE JAN 1     16                         3     13       19
..................................................................


WIND (MPH)
  HIGHEST WIND SPEED     7   HIGHEST WIND DIRECTION     N (340)
  HIGHEST GUST SPEED     9   HIGHEST GUST DIRECTION     N (340)
  AVERAGE WIND SPEED     1.3


SKY COVER
  POSSIBLE SUNSHINE  MM
  AVERAGE SKY COVER 0.0


WEATHER CONDITIONS
 THE FOLLOWING WEATHER WAS RECORDED TODAY.
  NO SIGNIFICANT WEATHER WAS OBSERVED.


RELATIVE HUMIDITY (PERCENT)
 HIGHEST    84          1200 AM
 LOWEST     69           100 PM
 AVERAGE    77

..........................................................


THE STANLEY ID CLIMATE NORMALS FOR TOMORROW
                         NORMAL    RECORD    YEAR
 MAXIMUM TEMPERATURE (F)   25        42      1994
 MINIMUM TEMPERATURE (F)    3       -38      1984


SUNRISE AND SUNSET
DECEMBER 18 2014......SUNRISE   810 AM MST   SUNSET   503 PM MST
DECEMBER 19 2014......SUNRISE   811 AM MST   SUNSET   503 PM MST


-  INDICATES NEGATIVE NUMBERS.
R  INDICATES RECORD WAS SET OR TIED.
MM INDICATES DATA IS MISSING.
T  INDICATES TRACE AMOUNT.




$$
