000
CDUS45 KPIH 032343
CLISNT


CLIMATE REPORT
NATIONAL WEATHER SERVICE POCATELLO ID
541 PM MDT TUE MAY 3 2016


...................................

...THE STANLEY ID CLIMATE SUMMARY FOR MAY 3 2016...
VALID TODAY AS OF 0500 PM LOCAL TIME.

CLIMATE NORMAL PERIOD 1981 TO 2010
CLIMATE RECORD PERIOD 1916 TO 2016


WEATHER ITEM   OBSERVED TIME   RECORD YEAR NORMAL DEPARTURE LAST
                VALUE   (LST)  VALUE       VALUE  FROM      YEAR
                                                  NORMAL
..................................................................
TEMPERATURE (F)
 TODAY
  MAXIMUM         69    322 PM  76    1966  54     15       66
  MINIMUM         25    520 AM  12    1923  25      0       26
  AVERAGE         47                        39      8       46

PRECIPITATION (IN)
  TODAY            0.00          0.50 2003   0.06  -0.06     0.00
  MONTH TO DATE    0.00                      0.16  -0.16     0.00
  SINCE OCT 1     15.42                     11.85   3.57    12.25
  SINCE JAN 1      7.85                      7.00   0.85     5.54

SNOWFALL (IN)
  TODAY           MM
  MONTH TO DATE   MM
  SINCE MAR 1     MM
  SINCE JUL 1     MM
  SNOW DEPTH      MM

DEGREE DAYS
 HEATING
  TODAY           18                        26     -8       19
  MONTH TO DATE   58                        79    -21       59
  SINCE MAR 1   1874                      2205   -331     1824
  SINCE JUL 1   8824                      9739   -915     8202

 COOLING
  TODAY            0                         0      0        0
  MONTH TO DATE    0                         0      0        0
  SINCE MAR 1      0                         0      0        0
  SINCE JAN 1      0                         0      0        0
..................................................................


WIND (MPH)
  HIGHEST WIND SPEED    12   HIGHEST WIND DIRECTION     W (260)
  HIGHEST GUST SPEED    20   HIGHEST GUST DIRECTION     S (180)
  AVERAGE WIND SPEED     3.4


SKY COVER
  POSSIBLE SUNSHINE  MM
  AVERAGE SKY COVER 0.0


WEATHER CONDITIONS
 THE FOLLOWING WEATHER WAS RECORDED TODAY.
  NO SIGNIFICANT WEATHER WAS OBSERVED.


RELATIVE HUMIDITY (PERCENT)
 HIGHEST    84           400 AM
 LOWEST     11           200 PM
 AVERAGE    48

..........................................................


THE STANLEY ID CLIMATE NORMALS FOR TOMORROW
                         NORMAL    RECORD    YEAR
 MAXIMUM TEMPERATURE (F)   54        78      1966
 MINIMUM TEMPERATURE (F)   25        11      2007


SUNRISE AND SUNSET
MAY  3 2016...........SUNRISE   627 AM MDT   SUNSET   846 PM MDT
MAY  4 2016...........SUNRISE   626 AM MDT   SUNSET   848 PM MDT


-  INDICATES NEGATIVE NUMBERS.
R  INDICATES RECORD WAS SET OR TIED.
MM INDICATES DATA IS MISSING.
T  INDICATES TRACE AMOUNT.




$$
