000
CDUS45 KPIH 280737
CLISNT


CLIMATE REPORT
NATIONAL WEATHER SERVICE POCATELLO ID
134 AM MDT SUN AUG 28 2016


...................................

...THE STANLEY ID CLIMATE SUMMARY FOR AUGUST 27 2016...

CLIMATE NORMAL PERIOD 1981 TO 2010
CLIMATE RECORD PERIOD 1916 TO 2016


WEATHER ITEM   OBSERVED TIME   RECORD YEAR NORMAL DEPARTURE LAST
                VALUE   (LST)  VALUE       VALUE  FROM      YEAR
                                                  NORMAL
..................................................................
TEMPERATURE (F)
 YESTERDAY
  MAXIMUM         75    444 PM  91    1924  74      1       81
  MINIMUM         29    641 AM  19    1980  32     -3       41
  AVERAGE         52                        53     -1       61

PRECIPITATION (IN)
  YESTERDAY        0.00          0.10 2003   0.03  -0.03     0.00
                                      1977
  MONTH TO DATE    0.02                      0.56  -0.54     0.42
  SINCE OCT 1     17.15                     16.02   1.13    17.08
  SINCE JAN 1      9.58                     11.17  -1.59    10.37

SNOWFALL (IN)
  YESTERDAY       MM
  MONTH TO DATE   MM
  SINCE JUN 1     MM
  SINCE JUL 1     MM
  SNOW DEPTH      MM

DEGREE DAYS
 HEATING
  YESTERDAY       13                        12      1        4
  MONTH TO DATE  222                       229     -7      167
  SINCE JUN 1    762                       924   -162      617
  SINCE JUL 1    458                       470    -12      383

 COOLING
  YESTERDAY        0                         0      0        0
  MONTH TO DATE    0                         0      0        6
  SINCE JUN 1      3                         3      0       24
  SINCE JAN 1      3                         3      0       24
..................................................................


WIND (MPH)
  HIGHEST WIND SPEED    14   HIGHEST WIND DIRECTION     W (280)
  HIGHEST GUST SPEED    22   HIGHEST GUST DIRECTION     W (280)
  AVERAGE WIND SPEED     3.5


SKY COVER
  POSSIBLE SUNSHINE  MM
  AVERAGE SKY COVER 0.0


WEATHER CONDITIONS
 THE FOLLOWING WEATHER WAS RECORDED YESTERDAY.
  NO SIGNIFICANT WEATHER WAS OBSERVED.


RELATIVE HUMIDITY (PERCENT)
 HIGHEST    85           600 AM
 LOWEST     15           100 PM
 AVERAGE    50

..........................................................


THE STANLEY ID CLIMATE NORMALS FOR TODAY
                         NORMAL    RECORD    YEAR
 MAXIMUM TEMPERATURE (F)   74        90      1922
 MINIMUM TEMPERATURE (F)   32        17      1980


SUNRISE AND SUNSET
AUGUST 28 2016........SUNRISE   659 AM MDT   SUNSET   822 PM MDT
AUGUST 29 2016........SUNRISE   700 AM MDT   SUNSET   820 PM MDT


-  INDICATES NEGATIVE NUMBERS.
R  INDICATES RECORD WAS SET OR TIED.
MM INDICATES DATA IS MISSING.
T  INDICATES TRACE AMOUNT.




$$
