000
CDUS45 KPIH 240736
CLISNT


CLIMATE REPORT
NATIONAL WEATHER SERVICE POCATELLO ID
135 AM MDT MON JUL 24 2017


...................................

...THE STANLEY ID CLIMATE SUMMARY FOR JULY 23 2017...

CLIMATE NORMAL PERIOD 1981 TO 2010
CLIMATE RECORD PERIOD 1916 TO 2017


WEATHER ITEM   OBSERVED TIME   RECORD YEAR NORMAL DEPARTURE LAST
                VALUE   (LST)  VALUE       VALUE  FROM      YEAR
                                                  NORMAL
..................................................................
TEMPERATURE (F)
 YESTERDAY
  MAXIMUM         87    438 PM  92    2003  80      7       78
                                      1994
  MINIMUM         36    541 AM  25    1964  38     -2       34
  AVERAGE         62                        59      3       56

PRECIPITATION (IN)
  YESTERDAY        0.00          0.93 1984   0.03  -0.03     0.00
  MONTH TO DATE    0.19                      0.54  -0.35     0.10
  SINCE OCT 1     28.32                     15.31  13.01    17.13
  SINCE JAN 1     16.99                     10.46   6.53     9.56

SNOWFALL (IN)
  YESTERDAY       MM
  MONTH TO DATE   MM
  SINCE JUN 1     MM
  SINCE JUL 1     MM
  SNOW DEPTH      MM

DEGREE DAYS
 HEATING
  YESTERDAY        3                         6     -3        9
  MONTH TO DATE   61                       191   -130      208
  SINCE JUN 1    405                       645   -240      512
  SINCE JUL 1     61                       191   -130      208

 COOLING
  YESTERDAY        0                         0      0        0
  MONTH TO DATE   15                         0     15        0
  SINCE JUN 1     17                         0     17        3
  SINCE JAN 1     17                         0     17        3
..................................................................


WIND (MPH)
  HIGHEST WIND SPEED    15   HIGHEST WIND DIRECTION     W (270)
  HIGHEST GUST SPEED    21   HIGHEST GUST DIRECTION     W (280)
  AVERAGE WIND SPEED     4.8


SKY COVER
  POSSIBLE SUNSHINE  MM
  AVERAGE SKY COVER 0.0


WEATHER CONDITIONS
 THE FOLLOWING WEATHER WAS RECORDED YESTERDAY.
  NO SIGNIFICANT WEATHER WAS OBSERVED.


RELATIVE HUMIDITY (PERCENT)
 HIGHEST    82           500 AM
 LOWEST      9           500 PM
 AVERAGE    46

..........................................................


THE STANLEY ID CLIMATE NORMALS FOR TODAY
                         NORMAL    RECORD    YEAR
 MAXIMUM TEMPERATURE (F)   80        90      1976
 MINIMUM TEMPERATURE (F)   38        22      1968


SUNRISE AND SUNSET
JULY 24 2017..........SUNRISE   619 AM MDT   SUNSET   913 PM MDT
JULY 25 2017..........SUNRISE   620 AM MDT   SUNSET   912 PM MDT


-  INDICATES NEGATIVE NUMBERS.
R  INDICATES RECORD WAS SET OR TIED.
MM INDICATES DATA IS MISSING.
T  INDICATES TRACE AMOUNT.




$$
