000
CDUS45 KCYS 260755
CLISNY


CLIMATE REPORT
NATIONAL WEATHER SERVICE CHEYENNE WY
155 AM MDT THU MAR 26 2015


...................................

...THE SIDNEY NE AIRPORT CLIMATE SUMMARY FOR MARCH 25 2015...

CLIMATE NORMAL PERIOD 1981 TO 2010
CLIMATE RECORD PERIOD 1948 TO 2015


WEATHER ITEM   OBSERVED TIME   RECORD YEAR NORMAL DEPARTURE LAST
                VALUE   (LST)  VALUE       VALUE  FROM      YEAR
                                                  NORMAL
..................................................................
TEMPERATURE (F)
 YESTERDAY
  MAXIMUM         51    307 PM  78    1998  55     -4       57
                                      1985
  MINIMUM         23   1147 PM -11    1965  27     -4       21
  AVERAGE         37                        41     -4       39

PRECIPITATION (IN)
  YESTERDAY        0.01          1.26 1959   0.04  -0.03     0.00
  MONTH TO DATE    0.22                      0.81  -0.59     0.51
  SINCE JAN 1      0.96                      1.33  -0.37     1.46

DEGREE DAYS
 HEATING
  YESTERDAY       28                        24      4       26
  MONTH TO DATE  567                       666    -99      693
  SINCE MAR 1    567                       666    -99      693
  SINCE JUL 1   5299                      5248     51     5682

 COOLING
  YESTERDAY        0                         0      0        0
  MONTH TO DATE    0                         0      0        0
  SINCE MAR 1      0                         0      0        0
  SINCE JAN 1      0                         0      0        0
..................................................................


WIND (MPH)
  HIGHEST WIND SPEED    22   HIGHEST WIND DIRECTION    NE (30)
  HIGHEST GUST SPEED    29   HIGHEST GUST DIRECTION     N (360)
  AVERAGE WIND SPEED    10.9


SKY COVER
  AVERAGE SKY COVER 0.7


WEATHER CONDITIONS
 THE FOLLOWING WEATHER WAS RECORDED YESTERDAY.
  LIGHT SNOW
  FOG


RELATIVE HUMIDITY (PERCENT)
 HIGHEST    96           900 AM
 LOWEST     34           400 PM
 AVERAGE    65

..........................................................


THE SIDNEY NE AIRPORT CLIMATE NORMALS FOR TODAY
                         NORMAL    RECORD    YEAR
 MAXIMUM TEMPERATURE (F)   56        83      2012
 MINIMUM TEMPERATURE (F)   27        -6      1965


SUNRISE AND SUNSET
MARCH 26 2015.........SUNRISE   646 AM MDT   SUNSET   710 PM MDT
MARCH 27 2015.........SUNRISE   644 AM MDT   SUNSET   711 PM MDT


-  INDICATES NEGATIVE NUMBERS.
R  INDICATES RECORD WAS SET OR TIED.
MM INDICATES DATA IS MISSING.
T  INDICATES TRACE AMOUNT.




$$
