000
CDUS45 KCYS 020439
CLISNY


CLIMATE REPORT
NATIONAL WEATHER SERVICE CHEYENNE WY
939 PM MST SUN MAR 1 2015


...................................

...THE SIDNEY NE AIRPORT CLIMATE SUMMARY FOR MARCH 1 2015...
VALID TODAY AS OF 0900 PM LOCAL TIME.

CLIMATE NORMAL PERIOD 1981 TO 2010
CLIMATE RECORD PERIOD 1948 TO 2015


WEATHER ITEM   OBSERVED TIME   RECORD YEAR NORMAL DEPARTURE LAST
                VALUE   (LST)  VALUE       VALUE  FROM      YEAR
                                                  NORMAL
..................................................................
TEMPERATURE (F)
 TODAY
  MAXIMUM         34    336 PM  75    2008  49    -15       12
  MINIMUM         12    506 AM -12    1980  22    -10       -4
  AVERAGE         23                        35    -12        4

PRECIPITATION (IN)
  TODAY            0.00          0.15 1980   0.02  -0.02     0.06
  MONTH TO DATE    0.00                      0.02  -0.02     0.06
  SINCE JAN 1      0.64                      0.54   0.10     1.01

DEGREE DAYS
 HEATING
  TODAY           42                        30     12       61
  MONTH TO DATE   42                        30     12       61
  SINCE MAR 1     42                        30     12       61
  SINCE JUL 1   4774                      4612    162     5050

 COOLING
  TODAY            0                         0      0        0
  MONTH TO DATE    0                         0      0        0
  SINCE MAR 1      0                         0      0        0
  SINCE JAN 1      0                         0      0        0
..................................................................


WIND (MPH)
  HIGHEST WIND SPEED    15   HIGHEST WIND DIRECTION     N (10)
  HIGHEST GUST SPEED    22   HIGHEST GUST DIRECTION    NW (320)
  AVERAGE WIND SPEED     5.5


SKY COVER
  AVERAGE SKY COVER 0.3


WEATHER CONDITIONS
 THE FOLLOWING WEATHER WAS RECORDED TODAY.
  NO SIGNIFICANT WEATHER WAS OBSERVED.


RELATIVE HUMIDITY (PERCENT)
 HIGHEST    92           400 AM
 LOWEST     41           300 PM
 AVERAGE    67

..........................................................


THE SIDNEY NE AIRPORT CLIMATE NORMALS FOR TOMORROW
                         NORMAL    RECORD    YEAR
 MAXIMUM TEMPERATURE (F)   49        74      1974
                                             1986
 MINIMUM TEMPERATURE (F)   22       -22      1960


SUNRISE AND SUNSET
MARCH  1 2015.........SUNRISE   627 AM MST   SUNSET   543 PM MST
MARCH  2 2015.........SUNRISE   625 AM MST   SUNSET   544 PM MST


-  INDICATES NEGATIVE NUMBERS.
R  INDICATES RECORD WAS SET OR TIED.
MM INDICATES DATA IS MISSING.
T  INDICATES TRACE AMOUNT.




$$
