000
CDUS45 KPUB 281158
CLISPD


CLIMATE REPORT
NATIONAL WEATHER SERVICE PUEBLO
458 AM MST SAT FEB 28 2015


...................................

...THE SPRINGFIELD CO CLIMATE SUMMARY FOR FEBRUARY 27 2015...

CLIMATE NORMAL PERIOD 1981 TO 2010
CLIMATE RECORD PERIOD 9999 TO 9999


WEATHER ITEM   OBSERVED TIME   NORMAL DEPARTURE LAST
                VALUE   (LST)  VALUE  FROM      YEAR
                                      NORMAL
......................................................
TEMPERATURE (F)
 YESTERDAY
  MAXIMUM         12   1159 PM  53    -41       66
  MINIMUM          8    859 AM  23    -15       18
  AVERAGE         10                            42

PRECIPITATION (IN)
  YESTERDAY        0.20          0.01   0.19     0.00
  MONTH TO DATE    0.80          0.42   0.38     0.13
  SINCE DEC 1      2.61          1.30   1.31     0.33
  SINCE JAN 1      1.84          0.79   1.05     0.33

DEGREE DAYS
 HEATING
  YESTERDAY       55            27     28       23
  MONTH TO DATE  801           804     -3      858
  SINCE DEC 1   2724          2834   -110     2866
  SINCE JUL 1   3856          3980   -124     3978

 COOLING
  YESTERDAY        0             0      0        0
  MONTH TO DATE    0             0      0        0
  SINCE DEC 1      0             0      0        0
  SINCE JAN 1      0             0      0        0
......................................................


WIND (MPH)
  HIGHEST WIND SPEED    28   HIGHEST WIND DIRECTION     S (170)
  HIGHEST GUST SPEED    32   HIGHEST GUST DIRECTION     S (160)
  AVERAGE WIND SPEED    20.4


SKY COVER
  POSSIBLE SUNSHINE  MM



RELATIVE HUMIDITY (PERCENT)
 HIGHEST    92          1200 AM
 LOWEST     76           300 PM
 AVERAGE    84

..........................................................


THE SPRINGFIELD CO CLIMATE NORMALS FOR TODAY
                         NORMAL    RECORD    YEAR
 MAXIMUM TEMPERATURE (F)   53        MM        MM
 MINIMUM TEMPERATURE (F)   24        MM        MM


SUNRISE AND SUNSET
FEBRUARY 28 2015......SUNRISE   623 AM MST   SUNSET   543 PM MST
MARCH  1 2015.........SUNRISE   622 AM MST   SUNSET   544 PM MST


-  INDICATES NEGATIVE NUMBERS.
R  INDICATES RECORD WAS SET OR TIED.
MM INDICATES DATA IS MISSING.
T  INDICATES TRACE AMOUNT.




$$
