000
CDUS45 KPUB 231206
CLISPD


CLIMATE REPORT
NATIONAL WEATHER SERVICE PUEBLO
505 AM MST THU FEB 23 2017


...................................

...THE SPRINGFIELD CO CLIMATE SUMMARY FOR FEBRUARY 22 2017...

CLIMATE NORMAL PERIOD 1981 TO 2010
CLIMATE RECORD PERIOD 9999 TO 9999


WEATHER ITEM   OBSERVED TIME   NORMAL DEPARTURE LAST
                VALUE   (LST)  VALUE  FROM      YEAR
                                      NORMAL
......................................................
TEMPERATURE (F)
 YESTERDAY
  MAXIMUM         75    213 PM  51     24       55
  MINIMUM         39    625 AM  22     17       18
  AVERAGE         57                            37

PRECIPITATION (IN)
  YESTERDAY        0.00          0.01  -0.01     0.00
  MONTH TO DATE    0.01          0.36  -0.35     0.14
  SINCE DEC 1      0.26          1.24  -0.98     0.39
  SINCE JAN 1      0.19          0.73  -0.54     0.30

DEGREE DAYS
 HEATING
  YESTERDAY        8            28    -20       28
  MONTH TO DATE  481           666   -185      559
  SINCE DEC 1   2591          2696   -105     2508
  SINCE JUL 1   3408          3842   -434     3513

 COOLING
  YESTERDAY        0             0      0        0
  MONTH TO DATE    0             0      0        0
  SINCE DEC 1      0             0      0        0
  SINCE JAN 1      0             0      0        0
......................................................


WIND (MPH)
  HIGHEST WIND SPEED    21   HIGHEST WIND DIRECTION     W (270)
  HIGHEST GUST SPEED    27   HIGHEST GUST DIRECTION     W (270)
  AVERAGE WIND SPEED    10.6


SKY COVER
  POSSIBLE SUNSHINE  MM



RELATIVE HUMIDITY (PERCENT)
 HIGHEST    45           600 AM
 LOWEST     12          1100 AM
 AVERAGE    29

..........................................................


THE SPRINGFIELD CO CLIMATE NORMALS FOR TODAY
                         NORMAL    RECORD    YEAR
 MAXIMUM TEMPERATURE (F)   52        MM        MM
 MINIMUM TEMPERATURE (F)   22        MM        MM


SUNRISE AND SUNSET
FEBRUARY 23 2017......SUNRISE   629 AM MST   SUNSET   539 PM MST
FEBRUARY 24 2017......SUNRISE   628 AM MST   SUNSET   540 PM MST


-  INDICATES NEGATIVE NUMBERS.
R  INDICATES RECORD WAS SET OR TIED.
MM INDICATES DATA IS MISSING.
T  INDICATES TRACE AMOUNT.




$$
