000
CDUS45 KPUB 241030
CLISPD


CLIMATE REPORT
NATIONAL WEATHER SERVICE PUEBLO
430 AM MDT THU JUL 24 2014


...................................

...THE SPRINGFIELD CO CLIMATE SUMMARY FOR JULY 23 2014...

CLIMATE NORMAL PERIOD 1981 TO 2010
CLIMATE RECORD PERIOD 9999 TO 9999


WEATHER ITEM   OBSERVED TIME   NORMAL DEPARTURE LAST
                VALUE   (LST)  VALUE  FROM      YEAR
                                      NORMAL
......................................................
TEMPERATURE (F)
 YESTERDAY
  MAXIMUM         94    337 PM  91      3      102
  MINIMUM         64    318 AM  62      2       66
  AVERAGE         79                            84

PRECIPITATION (IN)
  YESTERDAY        0.00          0.08  -0.08     0.00
  MONTH TO DATE    2.41          2.08   0.33     1.96
  SINCE JUN 1      4.34          4.58  -0.24     3.70
  SINCE JAN 1      8.23         10.15  -1.92     5.68

DEGREE DAYS
 HEATING
  YESTERDAY        0             0      0        0
  MONTH TO DATE    1             0      1        0
  SINCE JUN 1     23            21      2       19
  SINCE JUL 1      1             0      1        0

 COOLING
  YESTERDAY       14            12      2       19
  MONTH TO DATE  245           260    -15      275
  SINCE JUN 1    464           468     -4      626
  SINCE JAN 1    522           522      0      743
......................................................


WIND (MPH)
  HIGHEST WIND SPEED    24   HIGHEST WIND DIRECTION    SE (150)
  HIGHEST GUST SPEED    28   HIGHEST GUST DIRECTION    SE (150)
  AVERAGE WIND SPEED     9.0


SKY COVER
  POSSIBLE SUNSHINE  MM



RELATIVE HUMIDITY (PERCENT)
 HIGHEST    87           100 AM
 LOWEST     20           200 PM
 AVERAGE    54

..........................................................


THE SPRINGFIELD CO CLIMATE NORMALS FOR TODAY
                         NORMAL    RECORD    YEAR
 MAXIMUM TEMPERATURE (F)   91        MM        MM
 MINIMUM TEMPERATURE (F)   62        MM        MM


SUNRISE AND SUNSET
JULY 24 2014..........SUNRISE   549 AM MDT   SUNSET   805 PM MDT
JULY 25 2014..........SUNRISE   549 AM MDT   SUNSET   804 PM MDT


-  INDICATES NEGATIVE NUMBERS.
R  INDICATES RECORD WAS SET OR TIED.
MM INDICATES DATA IS MISSING.
T  INDICATES TRACE AMOUNT.




$$
