000
CDUS45 KPUB 241430
CLISPD


CLIMATE REPORT
NATIONAL WEATHER SERVICE PUEBLO
730 AM MST TUE JAN 24 2017


...................................

...THE SPRINGFIELD CO CLIMATE SUMMARY FOR JANUARY 23 2017...

CLIMATE NORMAL PERIOD 1981 TO 2010
CLIMATE RECORD PERIOD 9999 TO 9999


WEATHER ITEM   OBSERVED TIME   NORMAL DEPARTURE LAST
                VALUE   (LST)  VALUE  FROM      YEAR
                                      NORMAL
......................................................
TEMPERATURE (F)
 YESTERDAY
  MAXIMUM         64    114 PM  47     17       68
  MINIMUM         21    712 AM  18      3       24
  AVERAGE         43                            46

PRECIPITATION (IN)
  YESTERDAY        0.00          0.02  -0.02     0.00
  MONTH TO DATE    0.17          0.23  -0.06     0.15
  SINCE DEC 1      0.24          0.74  -0.50     0.24
  SINCE JAN 1      0.17          0.23  -0.06     0.15

DEGREE DAYS
 HEATING
  YESTERDAY       22            32    -10       19
  MONTH TO DATE  779           763     16      766
  SINCE DEC 1   1872          1775     97     1743
  SINCE JUL 1   2689          2921   -232     2748

 COOLING
  YESTERDAY        0             0      0        0
  MONTH TO DATE    0             0      0        0
  SINCE DEC 1      0             0      0        0
  SINCE JAN 1      0             0      0        0
......................................................


WIND (MPH)
  HIGHEST WIND SPEED    31   HIGHEST WIND DIRECTION    SW (240)
  HIGHEST GUST SPEED    45   HIGHEST GUST DIRECTION     W (260)
  AVERAGE WIND SPEED    12.9


SKY COVER
  POSSIBLE SUNSHINE  MM



RELATIVE HUMIDITY (PERCENT)
 HIGHEST    81          1200 AM
 LOWEST     19           300 PM
 AVERAGE    50

..........................................................


THE SPRINGFIELD CO CLIMATE NORMALS FOR TODAY
                         NORMAL    RECORD    YEAR
 MAXIMUM TEMPERATURE (F)   47        MM        MM
 MINIMUM TEMPERATURE (F)   18        MM        MM


SUNRISE AND SUNSET
JANUARY 24 2017.......SUNRISE   659 AM MST   SUNSET   507 PM MST
JANUARY 25 2017.......SUNRISE   658 AM MST   SUNSET   508 PM MST


-  INDICATES NEGATIVE NUMBERS.
R  INDICATES RECORD WAS SET OR TIED.
MM INDICATES DATA IS MISSING.
T  INDICATES TRACE AMOUNT.




$$
