000
CDUS45 KPUB 031106
CLISPD


CLIMATE REPORT
NATIONAL WEATHER SERVICE PUEBLO
505 AM MDT WED JUN 3 2015


...................................

...THE SPRINGFIELD CO CLIMATE SUMMARY FOR JUNE 2 2015...

CLIMATE NORMAL PERIOD 1981 TO 2010
CLIMATE RECORD PERIOD 9999 TO 9999


WEATHER ITEM   OBSERVED TIME   NORMAL DEPARTURE LAST
                VALUE   (LST)  VALUE  FROM      YEAR
                                      NORMAL
......................................................
TEMPERATURE (F)
 YESTERDAY
  MAXIMUM         89    255 PM  82      7       76
  MINIMUM         52    445 AM  53     -1       59
  AVERAGE         71                            68

PRECIPITATION (IN)
  YESTERDAY        0.00          0.08  -0.08     0.00
  MONTH TO DATE    0.00          0.16  -0.16     0.00
  SINCE JUN 1      0.00          0.16  -0.16     0.00
  SINCE JAN 1      7.57          5.73   1.84     3.89

DEGREE DAYS
 HEATING
  YESTERDAY        0             2     -2        0
  MONTH TO DATE    0             4     -4        0
  SINCE JUN 1      0             4     -4        0
  SINCE JUL 1   5128          5266   -138     5298

 COOLING
  YESTERDAY        6             4      2        3
  MONTH TO DATE   11             8      3       16
  SINCE JUN 1     11             8      3       16
  SINCE JAN 1     12            62    -50       74
......................................................


WIND (MPH)
  HIGHEST WIND SPEED    23   HIGHEST WIND DIRECTION     S (180)
  HIGHEST GUST SPEED    28   HIGHEST GUST DIRECTION     S (180)
  AVERAGE WIND SPEED    10.3


SKY COVER
  POSSIBLE SUNSHINE  MM



RELATIVE HUMIDITY (PERCENT)
 HIGHEST    93           200 AM
 LOWEST     26          1200 PM
 AVERAGE    60

..........................................................


THE SPRINGFIELD CO CLIMATE NORMALS FOR TODAY
                         NORMAL    RECORD    YEAR
 MAXIMUM TEMPERATURE (F)   82        MM        MM
 MINIMUM TEMPERATURE (F)   53        MM        MM


SUNRISE AND SUNSET
JUNE  3 2015..........SUNRISE   531 AM MDT   SUNSET   806 PM MDT
JUNE  4 2015..........SUNRISE   531 AM MDT   SUNSET   807 PM MDT


-  INDICATES NEGATIVE NUMBERS.
R  INDICATES RECORD WAS SET OR TIED.
MM INDICATES DATA IS MISSING.
T  INDICATES TRACE AMOUNT.




$$
