000
CDUS43 KILX 272130
CLISPI


CLIMATE REPORT
NATIONAL WEATHER SERVICE LINCOLN IL
430 PM CDT SAT AUG 27 2016


...................................

...THE SPRINGFIELD IL CLIMATE SUMMARY FOR AUGUST 27 2016...
VALID TODAY AS OF 0400 PM LOCAL TIME.

CLIMATE NORMAL PERIOD 1981 TO 2010
CLIMATE RECORD PERIOD 1879 TO 2016


WEATHER ITEM   OBSERVED TIME   RECORD YEAR NORMAL DEPARTURE LAST
                VALUE   (LST)  VALUE       VALUE  FROM      YEAR
                                                  NORMAL
..................................................................
TEMPERATURE (F)
 TODAY
  MAXIMUM         90    253 PM  97    1983  84      6       79
  MINIMUM         73    603 AM  51    2015  62     11       51
                                      1967
                                      1910
  AVERAGE         82                        73      9       65

PRECIPITATION (IN)
  TODAY            0.02          0.67 1907   0.11  -0.09      T
  MONTH TO DATE    8.49                      2.83   5.66     1.54
  SINCE JUN 1     19.93                     11.23   8.70    14.84
  SINCE JAN 1     33.52                     25.24   8.28    27.75

SNOWFALL (IN)
  TODAY            0.0           0.0    MM   0.0    0.0      0.0
  MONTH TO DATE    0.0                       0.0    0.0      0.0
  SINCE JUN 1      0.0                       0.0    0.0      0.0
  SINCE JUL 1      0.0                       0.0    0.0      0.0
  SNOW DEPTH       0

DEGREE DAYS
 HEATING
  TODAY            0                         0      0        0
  MONTH TO DATE    0                         0      0        2
  SINCE JUN 1      1                        16    -15        9
  SINCE JUL 1      1                         1      0        6

 COOLING
  TODAY           17                         8      9        0
  MONTH TO DATE  337                       259     78      224
  SINCE JUN 1   1097                       834    263      886
  SINCE JAN 1   1222                       938    284     1052
..................................................................


WIND (MPH)
  HIGHEST WIND SPEED    12   HIGHEST WIND DIRECTION     S (170)
  HIGHEST GUST SPEED    16   HIGHEST GUST DIRECTION     W (290)
  AVERAGE WIND SPEED     5.7


SKY COVER
  POSSIBLE SUNSHINE  MM
  AVERAGE SKY COVER 0.3


WEATHER CONDITIONS
 THE FOLLOWING WEATHER WAS RECORDED TODAY.
  THUNDERSTORM
  LIGHT RAIN
  FOG


RELATIVE HUMIDITY (PERCENT)
 HIGHEST    93           100 AM
 LOWEST     52           200 PM
 AVERAGE    73

..........................................................


THE SPRINGFIELD IL CLIMATE NORMALS FOR TOMORROW
                         NORMAL    RECORD    YEAR
 MAXIMUM TEMPERATURE (F)   84        97      2007
                                             1984
 MINIMUM TEMPERATURE (F)   62        44      1986


SUNRISE AND SUNSET
AUGUST 27 2016........SUNRISE   622 AM CDT   SUNSET   737 PM CDT
AUGUST 28 2016........SUNRISE   623 AM CDT   SUNSET   735 PM CDT


-  INDICATES NEGATIVE NUMBERS.
R  INDICATES RECORD WAS SET OR TIED.
MM INDICATES DATA IS MISSING.
T  INDICATES TRACE AMOUNT.




$$
