541
CDUS43 KILX 220629
CLISPI


CLIMATE REPORT
NATIONAL WEATHER SERVICE LINCOLN IL
129 AM CDT FRI MAY 22 2015


...................................

...THE SPRINGFIELD IL CLIMATE SUMMARY FOR MAY 21 2015...

CLIMATE NORMAL PERIOD 1981 TO 2010
CLIMATE RECORD PERIOD 1879 TO 2015


WEATHER ITEM   OBSERVED TIME   RECORD YEAR NORMAL DEPARTURE LAST
                VALUE   (LST)  VALUE       VALUE  FROM      YEAR
                                                  NORMAL
..................................................................
TEMPERATURE (F)
 YESTERDAY
  MAXIMUM         69    515 PM  94    1941  76     -7       89
  MINIMUM         44   1245 AM  35    2002  54    -10       71
                                      1895
  AVERAGE         57                        65     -8       80

PRECIPITATION (IN)
  YESTERDAY        0.00          1.98 1898   0.14  -0.14     0.00
  MONTH TO DATE    3.28                      2.82   0.46     2.15
  SINCE MAR 1      6.96                      8.96  -2.00     8.25
  SINCE JAN 1     10.24                     12.59  -2.35    13.68

SNOWFALL (IN)
  YESTERDAY        0.0           0.0    MM   0.0    0.0      0.0
  MONTH TO DATE    0.0                       0.0    0.0      0.0
  SINCE MAR 1      3.7                       2.8    0.9      3.4
  SINCE JUL 1     33.9                      20.9   13.0     45.7
  SNOW DEPTH       0

DEGREE DAYS
 HEATING
  YESTERDAY        8                         3      5        0
  MONTH TO DATE   70                       103    -33      115
  SINCE MAR 1   1085                      1177    -92     1259
  SINCE JUL 1   5654                      5448    206     6206

 COOLING
  YESTERDAY        0                         3     -3       15
  MONTH TO DATE   96                        43     53       80
  SINCE MAR 1    106                        63     43       90
  SINCE JAN 1    106                        63     43       90
..................................................................


WIND (MPH)
  HIGHEST WIND SPEED    18   HIGHEST WIND DIRECTION     W (280)
  HIGHEST GUST SPEED    24   HIGHEST GUST DIRECTION     W (280)
  AVERAGE WIND SPEED     9.0


SKY COVER
  POSSIBLE SUNSHINE  MM
  AVERAGE SKY COVER 0.4


WEATHER CONDITIONS
 THE FOLLOWING WEATHER WAS RECORDED YESTERDAY.
  NO SIGNIFICANT WEATHER WAS OBSERVED.


RELATIVE HUMIDITY (PERCENT)
 HIGHEST    86           400 AM
 LOWEST     30           400 PM
 AVERAGE    58

..........................................................


THE SPRINGFIELD IL CLIMATE NORMALS FOR TODAY
                         NORMAL    RECORD    YEAR
 MAXIMUM TEMPERATURE (F)   77        95      1925
 MINIMUM TEMPERATURE (F)   55        34      1883


SUNRISE AND SUNSET
MAY 22 2015...........SUNRISE   538 AM CDT   SUNSET   813 PM CDT
MAY 23 2015...........SUNRISE   538 AM CDT   SUNSET   814 PM CDT


-  INDICATES NEGATIVE NUMBERS.
R  INDICATES RECORD WAS SET OR TIED.
MM INDICATES DATA IS MISSING.
T  INDICATES TRACE AMOUNT.




$$
