384
CDUS43 KILX 070633
CLISPI


CLIMATE REPORT
NATIONAL WEATHER SERVICE LINCOLN IL
1232 AM CST SUN FEB 7 2016


...................................

...THE SPRINGFIELD IL CLIMATE SUMMARY FOR FEBRUARY 6 2016...

CLIMATE NORMAL PERIOD 1981 TO 2010
CLIMATE RECORD PERIOD 1879 TO 2016


WEATHER ITEM   OBSERVED TIME   RECORD YEAR NORMAL DEPARTURE LAST
                VALUE   (LST)  VALUE       VALUE  FROM      YEAR
                                                  NORMAL
..................................................................
TEMPERATURE (F)
 YESTERDAY
  MAXIMUM         51    416 PM  63    1904  37     14       41
  MINIMUM         24   1233 AM -16    1982  20      4       17
  AVERAGE         38                        29      9       29

PRECIPITATION (IN)
  YESTERDAY        0.00          1.29 1942   0.06  -0.06     0.00
  MONTH TO DATE    0.42                      0.33   0.09     0.47
  SINCE DEC 1      8.07                      4.67   3.40     3.82
  SINCE JAN 1      1.51                      2.15  -0.64     1.87

SNOWFALL (IN)
  YESTERDAY        0.0           3.2  1989   0.2   -0.2      0.0
  MONTH TO DATE    0.0                       1.3   -1.3      3.0
  SINCE DEC 1      6.8                      13.3   -6.5      6.9
  SINCE JUL 1      7.3                      13.9   -6.6     10.6
  SNOW DEPTH       0

DEGREE DAYS
 HEATING
  YESTERDAY       27                        36     -9       36
  MONTH TO DATE  168                       221    -53      256
  SINCE DEC 1   1973                      2479   -506     2349
  SINCE JUL 1   2743                      3547   -804     3585

 COOLING
  YESTERDAY        0                         0      0        0
  MONTH TO DATE    0                         0      0        0
  SINCE DEC 1      0                         0      0        0
  SINCE JAN 1      0                         0      0        0
..................................................................


WIND (MPH)
  HIGHEST WIND SPEED    15   HIGHEST WIND DIRECTION     S (200)
  HIGHEST GUST SPEED    19   HIGHEST GUST DIRECTION     S (190)
  AVERAGE WIND SPEED     5.7


SKY COVER
  POSSIBLE SUNSHINE  MM
  AVERAGE SKY COVER 0.2


WEATHER CONDITIONS
 THE FOLLOWING WEATHER WAS RECORDED YESTERDAY.
  FOG
  HAZE


RELATIVE HUMIDITY (PERCENT)
 HIGHEST    85           300 AM
 LOWEST     41           300 PM
 AVERAGE    63

..........................................................


THE SPRINGFIELD IL CLIMATE NORMALS FOR TODAY
                         NORMAL    RECORD    YEAR
 MAXIMUM TEMPERATURE (F)   37        67      2009
 MINIMUM TEMPERATURE (F)   20       -13      2014


SUNRISE AND SUNSET
FEBRUARY  7 2016......SUNRISE   701 AM CST   SUNSET   525 PM CST
FEBRUARY  8 2016......SUNRISE   700 AM CST   SUNSET   526 PM CST


-  INDICATES NEGATIVE NUMBERS.
R  INDICATES RECORD WAS SET OR TIED.
MM INDICATES DATA IS MISSING.
T  INDICATES TRACE AMOUNT.




$$
