000
CDUS43 KILX 222128
CLISPI


CLIMATE REPORT
NATIONAL WEATHER SERVICE LINCOLN IL
427 PM CDT MON SEP 22 2014


...................................

...THE SPRINGFIELD IL CLIMATE SUMMARY FOR SEPTEMBER 22 2014...
VALID TODAY AS OF 0400 PM LOCAL TIME.

CLIMATE NORMAL PERIOD 1981 TO 2010
CLIMATE RECORD PERIOD 1879 TO 2014


WEATHER ITEM   OBSERVED TIME   RECORD YEAR NORMAL DEPARTURE LAST
                VALUE   (LST)  VALUE       VALUE  FROM      YEAR
                                                  NORMAL
..................................................................
TEMPERATURE (F)
 TODAY
  MAXIMUM         73    255 PM  95    2005  77     -4       74
  MINIMUM         48    619 AM  33    1983  52     -4       44
  AVERAGE         61                        64     -3       59

PRECIPITATION (IN)
  TODAY            0.00          2.27 1970   0.10  -0.10     0.00
  MONTH TO DATE    5.18                      2.14   3.04     1.00
  SINCE SEP 1      5.18                      2.14   3.04     1.00
  SINCE JAN 1     37.51                     27.79   9.72    31.67

SNOWFALL (IN)
  TODAY            0.0           0.0    MM   0.0    0.0      0.0
  MONTH TO DATE    0.0                       0.0    0.0      0.0
  SINCE SEP 1      0.0                       0.0    0.0      0.0
  SINCE JUL 1      0.0                       0.0    0.0      0.0
  SNOW DEPTH       0

DEGREE DAYS
 HEATING
  TODAY            4                         4      0        6
  MONTH TO DATE   73                        36     37       28
  SINCE SEP 1     73                        36     37       28
  SINCE JUL 1     76                        41     35       39

 COOLING
  TODAY            0                         3     -3        0
  MONTH TO DATE   87                       110    -23      142
  SINCE SEP 1     87                       110    -23      142
  SINCE JAN 1   1120                      1080     40     1082
..................................................................


WIND (MPH)
  HIGHEST WIND SPEED     9   HIGHEST WIND DIRECTION     W (290)
  HIGHEST GUST SPEED    16   HIGHEST GUST DIRECTION    SW (240)
  AVERAGE WIND SPEED     3.8


SKY COVER
  POSSIBLE SUNSHINE  MM
  AVERAGE SKY COVER 0.0


WEATHER CONDITIONS
 THE FOLLOWING WEATHER WAS RECORDED TODAY.
  NO SIGNIFICANT WEATHER WAS OBSERVED.


RELATIVE HUMIDITY (PERCENT)
 HIGHEST    93          1200 AM
 LOWEST     38           300 PM
 AVERAGE    66

..........................................................


THE SPRINGFIELD IL CLIMATE NORMALS FOR TOMORROW
                         NORMAL    RECORD    YEAR
 MAXIMUM TEMPERATURE (F)   76        93      2007
 MINIMUM TEMPERATURE (F)   51        32      1995


SUNRISE AND SUNSET
SEPTEMBER 22 2014.....SUNRISE   646 AM CDT   SUNSET   656 PM CDT
SEPTEMBER 23 2014.....SUNRISE   647 AM CDT   SUNSET   654 PM CDT


-  INDICATES NEGATIVE NUMBERS.
R  INDICATES RECORD WAS SET OR TIED.
MM INDICATES DATA IS MISSING.
T  INDICATES TRACE AMOUNT.




$$
