000
CDUS43 KILX 240648
CLISPI


CLIMATE REPORT
NATIONAL WEATHER SERVICE LINCOLN IL
1248 AM CST TUE JAN 24 2017


...................................

...THE SPRINGFIELD IL CLIMATE SUMMARY FOR JANUARY 23 2017...

CLIMATE NORMAL PERIOD 1981 TO 2010
CLIMATE RECORD PERIOD 1879 TO 2017


WEATHER ITEM   OBSERVED TIME   RECORD YEAR NORMAL DEPARTURE LAST
                VALUE   (LST)  VALUE       VALUE  FROM      YEAR
                                                  NORMAL
..................................................................
TEMPERATURE (F)
 YESTERDAY
  MAXIMUM         44    237 PM  73    1909  35      9       29
  MINIMUM         39   1159 PM -16    1936  19     20        8
  AVERAGE         42                        27     15       19

PRECIPITATION (IN)
  YESTERDAY        T             1.16 1950   0.05  -0.05     0.00
  MONTH TO DATE    1.02                      1.39  -0.37     1.09
  SINCE DEC 1      1.93                      3.91  -1.98     7.65
  SINCE JAN 1      1.02                      1.39  -0.37     1.09

SNOWFALL (IN)
  YESTERDAY        0.0           3.0  1894   0.2   -0.2      0.0
  MONTH TO DATE    0.9                       4.7   -3.8      6.7
  SINCE DEC 1      3.6                      10.3   -6.7      6.8
  SINCE JUL 1      3.6                      10.9   -7.3      7.3
  SNOW DEPTH       0

DEGREE DAYS
 HEATING
  YESTERDAY       23                        38    -15       46
  MONTH TO DATE  714                       881   -167      900
  SINCE DEC 1   1762                      1953   -191     1592
  SINCE JUL 1   2413                      3021   -608     2362

 COOLING
  YESTERDAY        0                         0      0        0
  MONTH TO DATE    0                         0      0        0
  SINCE DEC 1      0                         0      0        0
  SINCE JAN 1      0                         0      0        0
..................................................................


WIND (MPH)
  HIGHEST WIND SPEED    17   HIGHEST WIND DIRECTION    NW (330)
  HIGHEST GUST SPEED    24   HIGHEST GUST DIRECTION    NW (320)
  AVERAGE WIND SPEED    10.0


SKY COVER
  POSSIBLE SUNSHINE  MM
  AVERAGE SKY COVER 1.0


WEATHER CONDITIONS
 THE FOLLOWING WEATHER WAS RECORDED YESTERDAY.
  FOG
  HAZE


RELATIVE HUMIDITY (PERCENT)
 HIGHEST    92          1200 AM
 LOWEST     70          1200 PM
 AVERAGE    81

..........................................................


THE SPRINGFIELD IL CLIMATE NORMALS FOR TODAY
                         NORMAL    RECORD    YEAR
 MAXIMUM TEMPERATURE (F)   35        71      1950
 MINIMUM TEMPERATURE (F)   19       -13      1894


SUNRISE AND SUNSET
JANUARY 24 2017.......SUNRISE   713 AM CST   SUNSET   509 PM CST
JANUARY 25 2017.......SUNRISE   712 AM CST   SUNSET   510 PM CST


-  INDICATES NEGATIVE NUMBERS.
R  INDICATES RECORD WAS SET OR TIED.
MM INDICATES DATA IS MISSING.
T  INDICATES TRACE AMOUNT.




$$
