000
CDUS43 KILX 300630
CLISPI


CLIMATE REPORT
NATIONAL WEATHER SERVICE LINCOLN IL
128 AM CDT FRI SEP 30 2016


...................................

...THE SPRINGFIELD IL CLIMATE SUMMARY FOR SEPTEMBER 29 2016...

CLIMATE NORMAL PERIOD 1981 TO 2010
CLIMATE RECORD PERIOD 1879 TO 2016


WEATHER ITEM   OBSERVED TIME   RECORD YEAR NORMAL DEPARTURE LAST
                VALUE   (LST)  VALUE       VALUE  FROM      YEAR
                                                  NORMAL
..................................................................
TEMPERATURE (F)
 YESTERDAY
  MAXIMUM         68   1141 AM 100    1953  74     -6       77
  MINIMUM         54    429 AM  31    1899  49      5       59
  AVERAGE         61                        61      0       68

PRECIPITATION (IN)
  YESTERDAY        0.13          1.69 1955   0.10   0.03     0.00
  MONTH TO DATE    1.68                      2.81  -1.13     4.29
  SINCE SEP 1      1.68                      2.81  -1.13     4.29
  SINCE JAN 1     37.53                     28.46   9.07    32.07

SNOWFALL (IN)
  YESTERDAY        0.0           0.0    MM   0.0    0.0     MM
  MONTH TO DATE    0.0                       0.0    0.0      0.0
  SINCE SEP 1      0.0                       0.0    0.0      0.0
  SINCE JUL 1      0.0                       0.0    0.0      0.0
  SNOW DEPTH       0

DEGREE DAYS
 HEATING
  YESTERDAY        4                         6     -2        0
  MONTH TO DATE   10                        71    -61       18
  SINCE SEP 1     10                        71    -61       18
  SINCE JUL 1     11                        76    -65       24

 COOLING
  YESTERDAY        0                         2     -2        3
  MONTH TO DATE  258                       126    132      261
  SINCE SEP 1    258                       126    132      261
  SINCE JAN 1   1534                      1096    438     1356
..................................................................


WIND (MPH)
  HIGHEST WIND SPEED    18   HIGHEST WIND DIRECTION     N (10)
  HIGHEST GUST SPEED    26   HIGHEST GUST DIRECTION    NW (300)
  AVERAGE WIND SPEED    10.6


SKY COVER
  POSSIBLE SUNSHINE  MM
  AVERAGE SKY COVER 0.6


WEATHER CONDITIONS
 THE FOLLOWING WEATHER WAS RECORDED YESTERDAY.
  HEAVY RAIN
  RAIN
  LIGHT RAIN
  FOG


RELATIVE HUMIDITY (PERCENT)
 HIGHEST    93          1100 PM
 LOWEST     68          1200 PM
 AVERAGE    81

..........................................................


THE SPRINGFIELD IL CLIMATE NORMALS FOR TODAY
                         NORMAL    RECORD    YEAR
 MAXIMUM TEMPERATURE (F)   73        92      1971
                                             1952
 MINIMUM TEMPERATURE (F)   48        31      1899


SUNRISE AND SUNSET
SEPTEMBER 30 2016.....SUNRISE   654 AM CDT   SUNSET   642 PM CDT
OCTOBER  1 2016.......SUNRISE   655 AM CDT   SUNSET   640 PM CDT


-  INDICATES NEGATIVE NUMBERS.
R  INDICATES RECORD WAS SET OR TIED.
MM INDICATES DATA IS MISSING.
T  INDICATES TRACE AMOUNT.




$$
