000
CDUS44 KOUN 050638 RRA
CLISPS

CLIMATE REPORT
NATIONAL WEATHER SERVICE NORMAN OK
136 AM CDT SUN JUL 5 2015


...................................

...THE WICHITA FALLS CLIMATE SUMMARY FOR JULY 4 2015...

CLIMATE NORMAL PERIOD 1981 TO 2010
CLIMATE RECORD PERIOD 1897 TO 2015


WEATHER ITEM   OBSERVED TIME   RECORD YEAR NORMAL DEPARTURE LAST
                VALUE   (LST)  VALUE       VALUE  FROM      YEAR
                                                  NORMAL
..................................................................
TEMPERATURE (F)
 YESTERDAY
  MAXIMUM         95    340 PM 108    1980  96     -1       91
  MINIMUM         72    536 AM  61    1940  71      1       68
                                      1924
  AVERAGE         84                        83      1       80

PRECIPITATION (IN)
  YESTERDAY        0.00          1.50 1917   0.06  -0.06     0.00
  MONTH TO DATE    0.03                      0.24  -0.21     2.13
  SINCE JAN 1     29.33                     15.88  13.45    10.37

DEGREE DAYS
 COOLING
  YESTERDAY       19                        18      1       15
  MONTH TO DATE   77                        72      5       56
  SINCE JAN 1    769                       827    -58      946
..................................................................


WIND (MPH)
  HIGHEST WIND SPEED    18   HIGHEST WIND DIRECTION     S (160)
  HIGHEST GUST SPEED    30   HIGHEST GUST DIRECTION     S (180)
  AVERAGE WIND SPEED     8.6


SKY COVER
  AVERAGE SKY COVER 0.1


WEATHER CONDITIONS
 THE FOLLOWING WEATHER WAS RECORDED YESTERDAY.
  THUNDERSTORM
  HAZE


RELATIVE HUMIDITY (PERCENT)
 HIGHEST    87          1200 AM
 LOWEST     44           200 PM
 AVERAGE    66

..........................................................


THE WICHITA FALLS CLIMATE NORMALS FOR TODAY
                         NORMAL    RECORD    YEAR
 MAXIMUM TEMPERATURE (F)   96       108      1996
 MINIMUM TEMPERATURE (F)   71        54      1924


SUNRISE AND SUNSET
JULY  5 2015..........SUNRISE   628 AM CDT   SUNSET   849 PM CDT
JULY  6 2015..........SUNRISE   629 AM CDT   SUNSET   848 PM CDT


-  INDICATES NEGATIVE NUMBERS.
R  INDICATES RECORD WAS SET OR TIED.
MM INDICATES DATA IS MISSING.
T  INDICATES TRACE AMOUNT.




$$
