000
CDUS44 KOUN 010632 RRA
CLISPS

CLIMATE REPORT
NATIONAL WEATHER SERVICE NORMAN OK
1231 AM CST SUN MAR 1 2015


...................................

...THE WICHITA FALLS CLIMATE SUMMARY FOR FEBRUARY 28 2015...

CLIMATE NORMAL PERIOD 1981 TO 2010
CLIMATE RECORD PERIOD 1897 TO 2015


WEATHER ITEM   OBSERVED TIME   RECORD YEAR NORMAL DEPARTURE LAST
                VALUE   (LST)  VALUE       VALUE  FROM      YEAR
                                                  NORMAL
..................................................................
TEMPERATURE (F)
 YESTERDAY
  MAXIMUM         29   1159 PM  87    2006  62    -33       77
  MINIMUM         20    506 AM  13    1962  37    -17       39
  AVERAGE         25                        49    -24       58

PRECIPITATION (IN)
  YESTERDAY        0.08          1.74 1981   0.08   0.00     0.00
  MONTH TO DATE    0.43                      1.75  -1.32     0.35
  SINCE JAN 1      2.60                      2.89  -0.29     0.35

SNOWFALL (IN)
  YESTERDAY        T                         0.0    0.0      0.0
  MONTH TO DATE    2.4                       0.7    1.7      4.3
  SINCE JUL 1      4.7                       3.4    1.3      5.0
  SNOW DEPTH       0

DEGREE DAYS
 HEATING
  YESTERDAY       40                        16     24        7
  MONTH TO DATE  623                       537     86      673
  SINCE JUL 1   2439                      2446     -7     2770
..................................................................


WIND (MPH)
  HIGHEST WIND SPEED    10   HIGHEST WIND DIRECTION    SE (120)
  HIGHEST GUST SPEED    15   HIGHEST GUST DIRECTION     E (70)
  AVERAGE WIND SPEED     5.6


SKY COVER
  AVERAGE SKY COVER 1.0


WEATHER CONDITIONS
 THE FOLLOWING WEATHER WAS RECORDED YESTERDAY.
  FREEZING RAIN
  LT FREEZING RAIN
  LIGHT SNOW
  FOG


RELATIVE HUMIDITY (PERCENT)
 HIGHEST    92           900 AM
 LOWEST     84          1200 AM
 AVERAGE    88

..........................................................


THE WICHITA FALLS CLIMATE NORMALS FOR TODAY
                         NORMAL    RECORD    YEAR
 MAXIMUM TEMPERATURE (F)   62        98      2006
 MINIMUM TEMPERATURE (F)   37        12      1980


SUNRISE AND SUNSET
MARCH  1 2015.........SUNRISE   703 AM CST   SUNSET   630 PM CST
MARCH  2 2015.........SUNRISE   702 AM CST   SUNSET   631 PM CST


-  INDICATES NEGATIVE NUMBERS.
R  INDICATES RECORD WAS SET OR TIED.
MM INDICATES DATA IS MISSING.
T  INDICATES TRACE AMOUNT.




$$
