000
CDUS44 KOUN 090638
CLISPS

CLIMATE REPORT
NATIONAL WEATHER SERVICE NORMAN OK
1236 AM CST FRI DEC 9 2016


...................................

...THE WICHITA FALLS CLIMATE SUMMARY FOR DECEMBER 8 2016...

CLIMATE NORMAL PERIOD 1981 TO 2010
CLIMATE RECORD PERIOD 1897 TO 2016


WEATHER ITEM   OBSERVED TIME   RECORD YEAR NORMAL DEPARTURE LAST
                VALUE   (LST)  VALUE       VALUE  FROM      YEAR
                                                  NORMAL
..................................................................
TEMPERATURE (F)
 YESTERDAY
  MAXIMUM         34    357 PM  79    2003  56    -22       71
  MINIMUM         23    943 PM   9    2005  32     -9       39
  AVERAGE         29                        44    -15       55

PRECIPITATION (IN)
  YESTERDAY        0.00          1.16 1911   0.06  -0.06     0.00
  MONTH TO DATE    0.82                      0.45   0.37     0.00
  SINCE JAN 1     37.16                     27.75   9.41    44.76

SNOWFALL (IN)
  YESTERDAY        0.0                       0.0    0.0      0.0
  MONTH TO DATE    0.0                       0.2   -0.2      0.0
  SINCE JUL 1      0.0                       0.5   -0.5      0.0
  SNOW DEPTH       0

DEGREE DAYS
 HEATING
  YESTERDAY       36                        21     15       10
  MONTH TO DATE  185                       161     24      136
  SINCE JUL 1    436                       668   -232      512
..................................................................


WIND (MPH)
  HIGHEST WIND SPEED    29   HIGHEST WIND DIRECTION     N (10)
  HIGHEST GUST SPEED    36   HIGHEST GUST DIRECTION     N (10)
  AVERAGE WIND SPEED    14.9


SKY COVER
  AVERAGE SKY COVER 0.6


WEATHER CONDITIONS
 THE FOLLOWING WEATHER WAS RECORDED YESTERDAY.
  NO SIGNIFICANT WEATHER WAS OBSERVED.


RELATIVE HUMIDITY (PERCENT)
 HIGHEST    75           500 AM
 LOWEST     38           400 PM
 AVERAGE    57

..........................................................


THE WICHITA FALLS CLIMATE NORMALS FOR TODAY
                         NORMAL    RECORD    YEAR
 MAXIMUM TEMPERATURE (F)   56        79      1929
 MINIMUM TEMPERATURE (F)   32        10      2005


SUNRISE AND SUNSET
DECEMBER  9 2016......SUNRISE   728 AM CST   SUNSET   525 PM CST
DECEMBER 10 2016......SUNRISE   729 AM CST   SUNSET   525 PM CST


-  INDICATES NEGATIVE NUMBERS.
R  INDICATES RECORD WAS SET OR TIED.
MM INDICATES DATA IS MISSING.
T  INDICATES TRACE AMOUNT.




$$
