000
CDUS44 KOUN 230631
CLISPS

CLIMATE REPORT
NATIONAL WEATHER SERVICE NORMAN OK
131 AM CDT TUE SEP 23 2014


...................................

...THE WICHITA FALLS CLIMATE SUMMARY FOR SEPTEMBER 22 2014...

CLIMATE NORMAL PERIOD 1981 TO 2010
CLIMATE RECORD PERIOD 1897 TO 2014


WEATHER ITEM   OBSERVED TIME   RECORD YEAR NORMAL DEPARTURE LAST
                VALUE   (LST)  VALUE       VALUE  FROM      YEAR
                                                  NORMAL
..................................................................
TEMPERATURE (F)
 YESTERDAY
  MAXIMUM         85    334 PM 101    2000  86     -1       85
                                      1926
  MINIMUM         63   1153 PM  45    1999  61      2       55
  AVERAGE         74                        73      1       70

PRECIPITATION (IN)
  YESTERDAY        0.00          3.42 1902   0.09  -0.09     0.00
  MONTH TO DATE    1.47                      2.13  -0.66     1.35
  SINCE JAN 1     17.28                     21.86  -4.58    16.83

DEGREE DAYS
 HEATING
  YESTERDAY        0                         1     -1        0
  MONTH TO DATE    8                         4      4        0
  SINCE JUL 1      8                         4      4        0

 COOLING
  YESTERDAY        9                         9      0        5
  MONTH TO DATE  318                       275     43      378
  SINCE JAN 1   2312                      2220     92     2437
..................................................................


WIND (MPH)
  HIGHEST WIND SPEED    18   HIGHEST WIND DIRECTION     E (90)
  HIGHEST GUST SPEED    22   HIGHEST GUST DIRECTION     E (90)
  AVERAGE WIND SPEED     9.2


SKY COVER
  AVERAGE SKY COVER 0.3


WEATHER CONDITIONS
 THE FOLLOWING WEATHER WAS RECORDED YESTERDAY.
  NO SIGNIFICANT WEATHER WAS OBSERVED.


RELATIVE HUMIDITY (PERCENT)
 HIGHEST    70           100 AM
 LOWEST     27           200 PM
 AVERAGE    49

..........................................................


THE WICHITA FALLS CLIMATE NORMALS FOR TODAY
                         NORMAL    RECORD    YEAR
 MAXIMUM TEMPERATURE (F)   85       102      1926
 MINIMUM TEMPERATURE (F)   60        42      1989


SUNRISE AND SUNSET
SEPTEMBER 23 2014.....SUNRISE   723 AM CDT   SUNSET   729 PM CDT
SEPTEMBER 24 2014.....SUNRISE   723 AM CDT   SUNSET   728 PM CDT


-  INDICATES NEGATIVE NUMBERS.
R  INDICATES RECORD WAS SET OR TIED.
MM INDICATES DATA IS MISSING.
T  INDICATES TRACE AMOUNT.




$$
