000
CDUS44 KOUN 190637
CLISPS

CLIMATE REPORT
NATIONAL WEATHER SERVICE NORMAN OK
1234 AM CST FRI DEC 19 2014


...................................

...THE WICHITA FALLS CLIMATE SUMMARY FOR DECEMBER 18 2014...

CLIMATE NORMAL PERIOD 1981 TO 2010
CLIMATE RECORD PERIOD 1897 TO 2014


WEATHER ITEM   OBSERVED TIME   RECORD YEAR NORMAL DEPARTURE LAST
                VALUE   (LST)  VALUE       VALUE  FROM      YEAR
                                                  NORMAL
..................................................................
TEMPERATURE (F)
 YESTERDAY
  MAXIMUM         46    131 PM  77    1970  54     -8       71
  MINIMUM         40    604 AM  11    1975  30     10       32
                                      1964
  AVERAGE         43                        42      1       52

PRECIPITATION (IN)
  YESTERDAY        T             1.13 1952   0.06  -0.06     0.00
  MONTH TO DATE    0.80                      0.99  -0.19     0.39
  SINCE JAN 1     23.62                     28.29  -4.67    20.43

SNOWFALL (IN)
  YESTERDAY        0.0                       0.1   -0.1      0.0
  MONTH TO DATE    0.0                       0.5   -0.5      0.5
  SINCE JUL 1      0.3                       0.8   -0.5      0.7
  SNOW DEPTH       0

DEGREE DAYS
 HEATING
  YESTERDAY       22                        23     -1       13
  MONTH TO DATE  284                       384   -100      479
  SINCE JUL 1    796                       891    -95     1037
..................................................................


WIND (MPH)
  HIGHEST WIND SPEED    15   HIGHEST WIND DIRECTION     E (100)
  HIGHEST GUST SPEED    26   HIGHEST GUST DIRECTION    NE (50)
  AVERAGE WIND SPEED     7.3


SKY COVER
  AVERAGE SKY COVER 1.0


WEATHER CONDITIONS
 THE FOLLOWING WEATHER WAS RECORDED YESTERDAY.
  LIGHT RAIN
  FOG


RELATIVE HUMIDITY (PERCENT)
 HIGHEST   100          1200 AM
 LOWEST     92          1100 AM
 AVERAGE    96

..........................................................


THE WICHITA FALLS CLIMATE NORMALS FOR TODAY
                         NORMAL    RECORD    YEAR
 MAXIMUM TEMPERATURE (F)   54        77      1962
 MINIMUM TEMPERATURE (F)   30         4      1924


SUNRISE AND SUNSET
DECEMBER 19 2014......SUNRISE   734 AM CST   SUNSET   528 PM CST
DECEMBER 20 2014......SUNRISE   735 AM CST   SUNSET   528 PM CST


-  INDICATES NEGATIVE NUMBERS.
R  INDICATES RECORD WAS SET OR TIED.
MM INDICATES DATA IS MISSING.
T  INDICATES TRACE AMOUNT.




$$
