000
CDUS44 KOUN 012307 RRA
CLISPS

CLIMATE REPORT
NATIONAL WEATHER SERVICE NORMAN OK
506 PM CST SUN FEB 1 2015


...................................

...THE WICHITA FALLS CLIMATE SUMMARY FOR FEBRUARY 1 2015...
VALID TODAY AS OF 0500 PM LOCAL TIME.

CLIMATE NORMAL PERIOD 1981 TO 2010
CLIMATE RECORD PERIOD 1897 TO 2015


WEATHER ITEM   OBSERVED TIME   RECORD YEAR NORMAL DEPARTURE LAST
                VALUE   (LST)  VALUE       VALUE  FROM      YEAR
                                                  NORMAL
..................................................................
TEMPERATURE (F)
 TODAY
  MAXIMUM         50    403 AM  84    1963  56     -6       48
  MINIMUM         42    115 PM  -1    1951  31     11       29
  AVERAGE         46                        43      3       39

PRECIPITATION (IN)
  TODAY            0.00          0.80 1941   0.04  -0.04     0.00
  MONTH TO DATE    0.00                      0.04  -0.04     0.00
  SINCE JAN 1      2.17                      1.18   0.99      T

SNOWFALL (IN)
  TODAY            0.0                       0.0    0.0      0.0
  MONTH TO DATE    0.0                       0.0    0.0      0.0
  SINCE JUL 1      2.3                       2.7   -0.4      0.7
  SNOW DEPTH       0

DEGREE DAYS
 HEATING
  TODAY           19                        22     -3       26
  MONTH TO DATE   19                        22     -3       26
  SINCE JUL 1   1835                      1932    -97     2123
..................................................................


WIND (MPH)
  HIGHEST WIND SPEED    30   HIGHEST WIND DIRECTION     N (350)
  HIGHEST GUST SPEED    35   HIGHEST GUST DIRECTION     N (340)
  AVERAGE WIND SPEED    17.0


SKY COVER
  AVERAGE SKY COVER 0.9


WEATHER CONDITIONS
 THE FOLLOWING WEATHER WAS RECORDED TODAY.
  FOG


RELATIVE HUMIDITY (PERCENT)
 HIGHEST   100           200 AM
 LOWEST     45           400 PM
 AVERAGE    73

..........................................................


THE WICHITA FALLS CLIMATE NORMALS FOR TOMORROW
                         NORMAL    RECORD    YEAR
 MAXIMUM TEMPERATURE (F)   56        85      2003
 MINIMUM TEMPERATURE (F)   31        -8      1985


SUNRISE AND SUNSET
FEBRUARY  1 2015......SUNRISE   731 AM CST   SUNSET   604 PM CST
FEBRUARY  2 2015......SUNRISE   730 AM CST   SUNSET   605 PM CST


-  INDICATES NEGATIVE NUMBERS.
R  INDICATES RECORD WAS SET OR TIED.
MM INDICATES DATA IS MISSING.
T  INDICATES TRACE AMOUNT.




$$
