026
CDUS44 KOUN 312206 RRA
CLISPS

CLIMATE REPORT
NATIONAL WEATHER SERVICE NORMAN OK
506 PM CDT TUE MAY 31 2016


...................................

...THE WICHITA FALLS CLIMATE SUMMARY FOR MAY 31 2016...
VALID TODAY AS OF 0500 PM LOCAL TIME.

CLIMATE NORMAL PERIOD 1981 TO 2010
CLIMATE RECORD PERIOD 1897 TO 2016


WEATHER ITEM   OBSERVED TIME   RECORD YEAR NORMAL DEPARTURE LAST
                VALUE   (LST)  VALUE       VALUE  FROM      YEAR
                                                  NORMAL
..................................................................
TEMPERATURE (F)
 TODAY
  MAXIMUM         81    251 PM 108    1998  88     -7       80
  MINIMUM         68    457 AM  49    1983  64      4       56
  AVERAGE         75                        76     -1       68

PRECIPITATION (IN)
  TODAY            0.07          1.00 1917   0.14  -0.07     0.00
                                      1906
  MONTH TO DATE    6.13                      3.79   2.34    17.00
  SINCE JAN 1     16.49                     11.49   5.00    25.11

DEGREE DAYS
 COOLING
  TODAY           10                        11     -1        3
  MONTH TO DATE  186                       227    -41      158
  SINCE JAN 1    254                       319    -65      238
..................................................................


WIND (MPH)
  HIGHEST WIND SPEED    21   HIGHEST WIND DIRECTION     N (360)
  HIGHEST GUST SPEED    26   HIGHEST GUST DIRECTION     N (360)
  AVERAGE WIND SPEED     8.2


SKY COVER
  AVERAGE SKY COVER 0.5


WEATHER CONDITIONS
 THE FOLLOWING WEATHER WAS RECORDED TODAY.
  THUNDERSTORM
  RAIN
  LIGHT RAIN
  FOG


RELATIVE HUMIDITY (PERCENT)
 HIGHEST    90           300 AM
 LOWEST     62           300 PM
 AVERAGE    76

..........................................................


THE WICHITA FALLS CLIMATE NORMALS FOR TOMORROW
                         NORMAL    RECORD    YEAR
 MAXIMUM TEMPERATURE (F)   88       110      1998
 MINIMUM TEMPERATURE (F)   64        51      1964


SUNRISE AND SUNSET
MAY 31 2016...........SUNRISE   624 AM CDT   SUNSET   840 PM CDT
JUNE  1 2016..........SUNRISE   624 AM CDT   SUNSET   840 PM CDT


-  INDICATES NEGATIVE NUMBERS.
R  INDICATES RECORD WAS SET OR TIED.
MM INDICATES DATA IS MISSING.
T  INDICATES TRACE AMOUNT.

$$
