000
CDUS44 KOUN 280645 RRA
CLISPS

CLIMATE REPORT
NATIONAL WEATHER SERVICE NORMAN OK
145 AM CDT SAT MAR 28 2015


...................................

...THE WICHITA FALLS CLIMATE SUMMARY FOR MARCH 27 2015...

CLIMATE NORMAL PERIOD 1981 TO 2010
CLIMATE RECORD PERIOD 1897 TO 2015


WEATHER ITEM   OBSERVED TIME   RECORD YEAR NORMAL DEPARTURE LAST
                VALUE   (LST)  VALUE       VALUE  FROM      YEAR
                                                  NORMAL
..................................................................
TEMPERATURE (F)
 YESTERDAY
  MAXIMUM         64    458 PM 100    1971  71     -7       84
  MINIMUM         40    650 AM  19    1931  44     -4       55
  AVERAGE         52                        57     -5       70

PRECIPITATION (IN)
  YESTERDAY        0.00          1.51 1996   0.06  -0.06     0.00
  MONTH TO DATE    1.31                      1.94  -0.63     2.18
  SINCE JAN 1      3.91                      4.83  -0.92     2.53

SNOWFALL (IN)
  YESTERDAY        0.0                       0.0    0.0      0.0
  MONTH TO DATE    1.8                       0.5    1.3       T
  SINCE JUL 1      6.5                       3.9    2.6      5.0
  SNOW DEPTH       0

DEGREE DAYS
 HEATING
  YESTERDAY       13                         9      4        0
  MONTH TO DATE  337                       325     12      425
  SINCE JUL 1   2776                      2771      5     3195

 COOLING
  YESTERDAY        0                         1     -1        5
  MONTH TO DATE    9                        13     -4        9
  SINCE JAN 1      9                        16     -7        9
..................................................................


WIND (MPH)
  HIGHEST WIND SPEED    24   HIGHEST WIND DIRECTION     N (20)
  HIGHEST GUST SPEED    27   HIGHEST GUST DIRECTION     N (20)
  AVERAGE WIND SPEED     9.9


SKY COVER
  AVERAGE SKY COVER 0.3


WEATHER CONDITIONS
 THE FOLLOWING WEATHER WAS RECORDED YESTERDAY.
  NO SIGNIFICANT WEATHER WAS OBSERVED.


RELATIVE HUMIDITY (PERCENT)
 HIGHEST    79           600 AM
 LOWEST     44           300 PM
 AVERAGE    62

..........................................................


THE WICHITA FALLS CLIMATE NORMALS FOR TODAY
                         NORMAL    RECORD    YEAR
 MAXIMUM TEMPERATURE (F)   71        96      1928
 MINIMUM TEMPERATURE (F)   44        23      1931


SUNRISE AND SUNSET
MARCH 28 2015.........SUNRISE   727 AM CDT   SUNSET   752 PM CDT
MARCH 29 2015.........SUNRISE   726 AM CDT   SUNSET   752 PM CDT


-  INDICATES NEGATIVE NUMBERS.
R  INDICATES RECORD WAS SET OR TIED.
MM INDICATES DATA IS MISSING.
T  INDICATES TRACE AMOUNT.




$$
