810
CDUS44 KOUN 122323
CLISPS

CLIMATE REPORT
NATIONAL WEATHER SERVICE NORMAN OK
521 PM CST TUE DEC 12 2017


...................................

...THE WICHITA FALLS CLIMATE SUMMARY FOR DECEMBER 12 2017...
VALID TODAY AS OF 0500 PM LOCAL TIME.

CLIMATE NORMAL PERIOD 1981 TO 2010
CLIMATE RECORD PERIOD 1897 TO 2017


WEATHER ITEM   OBSERVED TIME   RECORD YEAR NORMAL DEPARTURE LAST
                VALUE   (LST)  VALUE       VALUE  FROM      YEAR
                                                  NORMAL
..................................................................
TEMPERATURE (F)
 TODAY
  MAXIMUM         55    412 PM  81    1973  55      0       52
  MINIMUM         32    720 AM  10    1989  31      1       27
  AVERAGE         44                        43      1       40

PRECIPITATION (IN)
  TODAY            0.00          1.25 1913   0.05  -0.05     0.00
  MONTH TO DATE    0.00                      0.66  -0.66     0.82
  SINCE DEC 1      0.00                      0.66  -0.66     0.82
  SINCE JAN 1     24.62                     27.96  -3.34    37.16

SNOWFALL (IN)
  TODAY            0.0

DEGREE DAYS
 HEATING
  TODAY           21                        22     -1       25
  MONTH TO DATE  187                       248    -61      276
  SINCE DEC 1    187                       248    -61      276
  SINCE JUL 1    601                       755   -154      527

 COOLING
  TODAY            0                         0      0        0
  MONTH TO DATE    1                         0      1        0
  SINCE DEC 1      1                         0      1        0
  SINCE JAN 1   2326                      2388    -62     2532
..................................................................


WIND (MPH)
  HIGHEST WIND SPEED    20   HIGHEST WIND DIRECTION     N (10)
  HIGHEST GUST SPEED    25   HIGHEST GUST DIRECTION     N (20)
  AVERAGE WIND SPEED    12.2


SKY COVER
  AVERAGE SKY COVER 0.0


WEATHER CONDITIONS
 THE FOLLOWING WEATHER WAS RECORDED TODAY.
  NO SIGNIFICANT WEATHER WAS OBSERVED.


RELATIVE HUMIDITY (PERCENT)
 HIGHEST    70           600 AM
 LOWEST     29          1200 AM
 AVERAGE    50

..........................................................


THE WICHITA FALLS CLIMATE NORMALS FOR TOMORROW
                         NORMAL    RECORD    YEAR
 MAXIMUM TEMPERATURE (F)   55        84      1948
 MINIMUM TEMPERATURE (F)   31        11      1958


SUNRISE AND SUNSET
DECEMBER 12 2017......SUNRISE   730 AM CST   SUNSET   526 PM CST
DECEMBER 13 2017......SUNRISE   731 AM CST   SUNSET   526 PM CST


-  INDICATES NEGATIVE NUMBERS.
R  INDICATES RECORD WAS SET OR TIED.
MM INDICATES DATA IS MISSING.
T  INDICATES TRACE AMOUNT.




$$
