000
CDUS42 KTBW 110830
CLISRQ


CLIMATE REPORT
NATIONAL WEATHER SERVICE TAMPA BAY FL
427 AM EDT FRI JUL 11 2014


...................................

...THE SARASOTA BRADENTON CLIMATE SUMMARY FOR JULY 10 2014...

CLIMATE NORMAL PERIOD 1981 TO 2010
CLIMATE RECORD PERIOD 1911 TO 2014


WEATHER ITEM   OBSERVED TIME   RECORD YEAR NORMAL DEPARTURE LAST
                VALUE   (LST)  VALUE       VALUE  FROM      YEAR
                                                  NORMAL
..................................................................
TEMPERATURE (F)
 YESTERDAY
  MAXIMUM         93    328 PM  96    1992  90      3       89
                                      1987
                                      1932
  MINIMUM         78   1159 PM  63    1948  75      3       74
  AVERAGE         86                        82      4       82

PRECIPITATION (IN)
  YESTERDAY        T             1.24 1966   0.27  -0.27     0.94
  MONTH TO DATE    0.12                      2.74  -2.62     7.10
  SINCE JUN 1      7.10                     10.25  -3.15    15.84
  SINCE JAN 1     25.48                     23.95   1.53    23.98

DEGREE DAYS
 HEATING
  YESTERDAY        0                         0      0        0
  MONTH TO DATE    0                         0      0        0
  SINCE JUN 1      0                         0      0        0
  SINCE JUL 1      0                         0      0        0

 COOLING
  YESTERDAY       21                        17      4       17
  MONTH TO DATE  193                       170     23      174
  SINCE JUN 1    703                       642     61      687
  SINCE JAN 1   1515                      1393    122     1555
..................................................................


WIND (MPH)
  HIGHEST WIND SPEED    13   HIGHEST WIND DIRECTION    NE (30)
  HIGHEST GUST SPEED    16   HIGHEST GUST DIRECTION    NE (40)
  AVERAGE WIND SPEED     5.8


SKY COVER
  POSSIBLE SUNSHINE  MM
  AVERAGE SKY COVER 0.1


WEATHER CONDITIONS
 THE FOLLOWING WEATHER WAS RECORDED YESTERDAY.
  THUNDERSTORM


RELATIVE HUMIDITY (PERCENT)
 HIGHEST    79           200 AM
 LOWEST     52           100 PM

..........................................................


THE SARASOTA BRADENTON CLIMATE NORMALS FOR TODAY
                         NORMAL    RECORD    YEAR
 MAXIMUM TEMPERATURE (F)   90        97      1981
 MINIMUM TEMPERATURE (F)   75        66      1948


SUNRISE AND SUNSET
JULY 11 2014..........SUNRISE   643 AM EDT   SUNSET   828 PM EDT
JULY 12 2014..........SUNRISE   643 AM EDT   SUNSET   828 PM EDT


-  INDICATES NEGATIVE NUMBERS.
R  INDICATES RECORD WAS SET OR TIED.
MM INDICATES DATA IS MISSING.
T  INDICATES TRACE AMOUNT.




$$


&&
------------------------------------------------------------------
******************** SUPPLEMENTAL DATA ***************************

...GULF WATER TEMPERATURE AT NEW PASS 87
