000
CDUS42 KTBW 222118
CLISRQ


CLIMATE REPORT
NATIONAL WEATHER SERVICE TAMPA BAY FL
516 PM EDT WED OCT 22 2014


...................................

...THE SARASOTA BRADENTON CLIMATE SUMMARY FOR OCTOBER 22 2014...
VALID TODAY AS OF 0500 PM LOCAL TIME.

CLIMATE NORMAL PERIOD 1981 TO 2010
CLIMATE RECORD PERIOD 1911 TO 2014


WEATHER ITEM   OBSERVED TIME   RECORD YEAR NORMAL DEPARTURE LAST
                VALUE   (LST)  VALUE       VALUE  FROM      YEAR
                                                  NORMAL
..................................................................
TEMPERATURE (F)
 TODAY
  MAXIMUM         86    247 PM  92    1993  84      2       87
  MINIMUM         69    742 AM  46    1989  66      3       71
                                      1913
  AVERAGE         78                        75      3       79

PRECIPITATION (IN)
  TODAY            0.00          1.69 1911   0.08  -0.08     0.25
  MONTH TO DATE    4.42                      2.42   2.00     0.54
  SINCE SEP 1     14.95                      9.52   5.43    12.49
  SINCE JAN 1     46.43                     47.85  -1.42    51.10

DEGREE DAYS
 HEATING
  TODAY            0                         0      0        0
  MONTH TO DATE    0                         0      0        0
  SINCE SEP 1      0                         0      0        0
  SINCE JUL 1      0                         0      0        0

 COOLING
  TODAY           13                        10      3       14
  MONTH TO DATE  269                       275     -6      308
  SINCE SEP 1    722                       767    -45      815
  SINCE JAN 1   3268                      3064    204     3315
..................................................................


WIND (MPH)
  RESULTANT WIND SPEED   6   RESULTANT WIND DIRECTION  NE (50)
  HIGHEST WIND SPEED    13   HIGHEST WIND DIRECTION     E (70)
  HIGHEST GUST SPEED    16   HIGHEST GUST DIRECTION     E (80)
  AVERAGE WIND SPEED     7.0


SKY COVER
  POSSIBLE SUNSHINE  MM
  AVERAGE SKY COVER 0.0


WEATHER CONDITIONS
 THE FOLLOWING WEATHER WAS RECORDED TODAY.
  NO SIGNIFICANT WEATHER WAS OBSERVED.


RELATIVE HUMIDITY (PERCENT)
 HIGHEST    90           200 AM
 LOWEST     51          1200 PM

..........................................................


THE SARASOTA BRADENTON CLIMATE NORMALS FOR TOMORROW
                         NORMAL    RECORD    YEAR
 MAXIMUM TEMPERATURE (F)   84        90      1993
                                             1971
                                             1919
 MINIMUM TEMPERATURE (F)   66        47      1961


SUNRISE AND SUNSET
OCTOBER 22 2014.......SUNRISE   734 AM EDT   SUNSET   655 PM EDT
OCTOBER 23 2014.......SUNRISE   735 AM EDT   SUNSET   654 PM EDT


-  INDICATES NEGATIVE NUMBERS.
R  INDICATES RECORD WAS SET OR TIED.
MM INDICATES DATA IS MISSING.
T  INDICATES TRACE AMOUNT.




$$


&&
------------------------------------------------------------------
******************** SUPPLEMENTAL DATA ***************************

...GULF WATER TEMPERATURE AT NEW PASS 80
