000
CDUS42 KTBW 302113
CLISRQ


CLIMATE REPORT
NATIONAL WEATHER SERVICE TAMPA BAY FL
512 PM EDT MON MAY 30 2016


...................................

...THE SARASOTA BRADENTON CLIMATE SUMMARY FOR MAY 30 2016...
VALID TODAY AS OF 0500 PM LOCAL TIME.

CLIMATE NORMAL PERIOD 1981 TO 2010
CLIMATE RECORD PERIOD 1911 TO 2016


WEATHER ITEM   OBSERVED TIME   RECORD YEAR NORMAL DEPARTURE LAST
                VALUE   (LST)  VALUE       VALUE  FROM      YEAR
                                                  NORMAL
..................................................................
TEMPERATURE (F)
 TODAY
  MAXIMUM         89    347 PM  97    1955  88      1       88
  MINIMUM         72    539 AM  54    1911  70      2       69
  AVERAGE         81                        79      2       79

PRECIPITATION (IN)
  TODAY            T             2.70 1930   0.11  -0.11     0.10
  MONTH TO DATE    4.77                      2.11   2.66     4.79
  SINCE MAR 1      6.60                      8.41  -1.81     7.43
  SINCE JAN 1     12.28                     13.60  -1.32    12.31

DEGREE DAYS
 HEATING
  TODAY            0                         0      0        0
  MONTH TO DATE    0                         0      0        0
  SINCE MAR 1     14                        59    -45       13
  SINCE JUL 1    320                       477   -157      470

 COOLING
  TODAY           16                        14      2       14
  MONTH TO DATE  403                       341     62      401
  SINCE MAR 1    883                       634    249      957
  SINCE JAN 1    949                       738    211     1026
..................................................................


WIND (MPH)
  RESULTANT WIND SPEED   2   RESULTANT WIND DIRECTION   W (260)
  HIGHEST WIND SPEED    13   HIGHEST WIND DIRECTION    NW (300)
  HIGHEST GUST SPEED    18   HIGHEST GUST DIRECTION     W (260)
  AVERAGE WIND SPEED     5.3


SKY COVER
  POSSIBLE SUNSHINE  MM
  AVERAGE SKY COVER 0.1


WEATHER CONDITIONS
 THE FOLLOWING WEATHER WAS RECORDED TODAY.
  THUNDERSTORM


RELATIVE HUMIDITY (PERCENT)
 HIGHEST    82           700 AM
 LOWEST     55           200 PM

..........................................................


THE SARASOTA BRADENTON CLIMATE NORMALS FOR TOMORROW
                         NORMAL    RECORD    YEAR
 MAXIMUM TEMPERATURE (F)   88        94      2011
                                             2000
                                             1989
 MINIMUM TEMPERATURE (F)   70        57      1971


SUNRISE AND SUNSET
MAY 30 2016...........SUNRISE   636 AM EDT   SUNSET   820 PM EDT
MAY 31 2016...........SUNRISE   635 AM EDT   SUNSET   821 PM EDT


-  INDICATES NEGATIVE NUMBERS.
R  INDICATES RECORD WAS SET OR TIED.
MM INDICATES DATA IS MISSING.
T  INDICATES TRACE AMOUNT.




$$


&&
------------------------------------------------------------------
******************** SUPPLEMENTAL DATA ***************************

...GULF WATER TEMPERATURE AT VENICE 83 DEGREES
