000
CDUS42 KTBW 210932
CLISRQ


CLIMATE REPORT
NATIONAL WEATHER SERVICE TAMPA BAY FL
431 AM EST WED FEB 21 2018


...................................

...THE SARASOTA BRADENTON CLIMATE SUMMARY FOR FEBRUARY 20 2018...

CLIMATE NORMAL PERIOD 1981 TO 2010
CLIMATE RECORD PERIOD 1911 TO 2018


WEATHER ITEM   OBSERVED TIME   RECORD YEAR NORMAL DEPARTURE LAST
                VALUE   (LST)  VALUE       VALUE  FROM      YEAR
                                                  NORMAL
..................................................................
TEMPERATURE (F)
 YESTERDAY
  MAXIMUM         90R   157 PM  85    1997  74     16       83
                                      1984
                                      1962
  MINIMUM         70    730 AM  32    1916  54     16       57
  AVERAGE         80                        64     16       70

PRECIPITATION (IN)
  YESTERDAY        0.00          1.47 1957   0.13  -0.13     0.00
  MONTH TO DATE    0.43                      1.58  -1.15     0.72
  SINCE DEC 1      4.15                      6.60  -2.45     3.67
  SINCE JAN 1      3.08                      4.07  -0.99     2.42

DEGREE DAYS
 HEATING
  YESTERDAY        0                         3     -3        0
  MONTH TO DATE    3                        74    -71       26
  SINCE DEC 1    286                       361    -75      137
  SINCE JUL 1    299                       394    -95      148

 COOLING
  YESTERDAY       15                         2     13        5
  MONTH TO DATE  126                        36     90       41
  SINCE DEC 1    270                       162    108      290
  SINCE JAN 1    161                        88     73      127
..................................................................


WIND (MPH)
  HIGHEST WIND SPEED    20   HIGHEST WIND DIRECTION    SE (140)
  HIGHEST GUST SPEED    26   HIGHEST GUST DIRECTION    SE (140)
  AVERAGE WIND SPEED    10.9


SKY COVER
  POSSIBLE SUNSHINE  MM
  AVERAGE SKY COVER 0.5


WEATHER CONDITIONS
 THE FOLLOWING WEATHER WAS RECORDED YESTERDAY.
  NO SIGNIFICANT WEATHER WAS OBSERVED.


RELATIVE HUMIDITY (PERCENT)
 HIGHEST    97           300 AM
 LOWEST     41           200 PM

..........................................................


THE SARASOTA BRADENTON CLIMATE NORMALS FOR TODAY
                         NORMAL    RECORD    YEAR
 MAXIMUM TEMPERATURE (F)   74        87      1997
                                             1989
 MINIMUM TEMPERATURE (F)   54        32      1958


SUNRISE AND SUNSET
FEBRUARY 21 2018......SUNRISE   702 AM EST   SUNSET   626 PM EST
FEBRUARY 22 2018......SUNRISE   701 AM EST   SUNSET   627 PM EST


-  INDICATES NEGATIVE NUMBERS.
R  INDICATES RECORD WAS SET OR TIED.
MM INDICATES DATA IS MISSING.
T  INDICATES TRACE AMOUNT.




$$


&&
------------------------------------------------------------------
******************** SUPPLEMENTAL DATA ***************************

...GULF WATER TEMPERATURE AT VENICE 74 DEGREES
