465
CDUS42 KTBW 092215
CLISRQ


CLIMATE REPORT
NATIONAL WEATHER SERVICE TAMPA BAY FL
513 PM EST TUE FEB 9 2016


...................................

...THE SARASOTA BRADENTON CLIMATE SUMMARY FOR FEBRUARY 9 2016...
VALID TODAY AS OF 0500 PM LOCAL TIME.

CLIMATE NORMAL PERIOD 1981 TO 2010
CLIMATE RECORD PERIOD 1911 TO 2016


WEATHER ITEM   OBSERVED TIME   RECORD YEAR NORMAL DEPARTURE LAST
                VALUE   (LST)  VALUE       VALUE  FROM      YEAR
                                                  NORMAL
..................................................................
TEMPERATURE (F)
 TODAY
  MAXIMUM         64    250 PM  86    1994  73     -9       66
  MINIMUM         54    744 AM  28    1995  53      1       55
  AVERAGE         59                        63     -4       61

PRECIPITATION (IN)
  TODAY            T             2.55 1981   0.05  -0.05     1.46
  MONTH TO DATE    0.40                      0.39   0.01     2.96
  SINCE DEC 1      6.10                      5.41   0.69     4.50
  SINCE JAN 1      4.81                      2.88   1.93     4.03

DEGREE DAYS
 HEATING
  TODAY            6                         4      2        4
  MONTH TO DATE   50                        36     14       34
  SINCE DEC 1    220                       323   -103      255
  SINCE JUL 1    224                       356   -132      340

 COOLING
  TODAY            0                         2     -2        0
  MONTH TO DATE   27                        14     13        0
  SINCE DEC 1    311                       140    171      148
  SINCE JAN 1     52                        66    -14       59
..................................................................


WIND (MPH)
  RESULTANT WIND SPEED  18   RESULTANT WIND DIRECTION  NW (300)
  HIGHEST WIND SPEED    32   HIGHEST WIND DIRECTION    NW (300)
  HIGHEST GUST SPEED    40   HIGHEST GUST DIRECTION    NW (300)
  AVERAGE WIND SPEED    19.4


SKY COVER
  POSSIBLE SUNSHINE  MM
  AVERAGE SKY COVER 0.9


WEATHER CONDITIONS
 THE FOLLOWING WEATHER WAS RECORDED TODAY.
  NO SIGNIFICANT WEATHER WAS OBSERVED.


RELATIVE HUMIDITY (PERCENT)
 HIGHEST    63          1200 AM
 LOWEST     46           100 PM

..........................................................


THE SARASOTA BRADENTON CLIMATE NORMALS FOR TOMORROW
                         NORMAL    RECORD    YEAR
 MAXIMUM TEMPERATURE (F)   73        84      1986
 MINIMUM TEMPERATURE (F)   53        32      1995


SUNRISE AND SUNSET
FEBRUARY  9 2016......SUNRISE   712 AM EST   SUNSET   617 PM EST
FEBRUARY 10 2016......SUNRISE   711 AM EST   SUNSET   618 PM EST


-  INDICATES NEGATIVE NUMBERS.
R  INDICATES RECORD WAS SET OR TIED.
MM INDICATES DATA IS MISSING.
T  INDICATES TRACE AMOUNT.




$$


&&
------------------------------------------------------------------
******************** SUPPLEMENTAL DATA ***************************

...GULF WATER TEMPERATURE AT VENICE 61 DEGREES
