000
CDUS42 KTBW 272231
CLISRQ


CLIMATE REPORT
NATIONAL WEATHER SERVICE TAMPA BAY FL
525 PM EST THU NOV 27 2014


...................................

...THE SARASOTA BRADENTON CLIMATE SUMMARY FOR NOVEMBER 27 2014...
VALID TODAY AS OF 0500 PM LOCAL TIME.

CLIMATE NORMAL PERIOD 1981 TO 2010
CLIMATE RECORD PERIOD 1911 TO 2014


WEATHER ITEM   OBSERVED TIME   RECORD YEAR NORMAL DEPARTURE LAST
                VALUE   (LST)  VALUE       VALUE  FROM      YEAR
                                                  NORMAL
..................................................................
TEMPERATURE (F)
 TODAY
  MAXIMUM         71    116 PM  86    1992  77     -6       74
                                      1960
  MINIMUM         44    351 AM  38    1962  57    -13       51
  AVERAGE         58                        67     -9       63

PRECIPITATION (IN)
  TODAY            0.00          1.83 1918   0.06  -0.06     0.02
  MONTH TO DATE    4.15                      1.70   2.45     1.35
  SINCE SEP 1     19.10                     11.92   7.18    13.85
  SINCE JAN 1     50.58                     50.25   0.33    52.46

DEGREE DAYS
 HEATING
  TODAY            7                         2      5        2
  MONTH TO DATE   68                        22     46        4
  SINCE SEP 1     68                        25     43        4
  SINCE JUL 1     68                        25     43        4

 COOLING
  TODAY            0                         4     -4        0
  MONTH TO DATE   76                       145    -69      239
  SINCE SEP 1    865                       992   -127     1127
  SINCE JAN 1   3411                      3289    122     3627
..................................................................


WIND (MPH)
  RESULTANT WIND SPEED   3   RESULTANT WIND DIRECTION  NW (320)
  HIGHEST WIND SPEED    20   HIGHEST WIND DIRECTION     N (340)
  HIGHEST GUST SPEED    24   HIGHEST GUST DIRECTION     N (340)
  AVERAGE WIND SPEED     4.9


SKY COVER
  POSSIBLE SUNSHINE  MM
  AVERAGE SKY COVER 0.0


WEATHER CONDITIONS
 THE FOLLOWING WEATHER WAS RECORDED TODAY.
  NO SIGNIFICANT WEATHER WAS OBSERVED.


RELATIVE HUMIDITY (PERCENT)
 HIGHEST   100           100 AM
 LOWEST     48           500 PM

..........................................................


THE SARASOTA BRADENTON CLIMATE NORMALS FOR TOMORROW
                         NORMAL    RECORD    YEAR
 MAXIMUM TEMPERATURE (F)   76        87      1958
 MINIMUM TEMPERATURE (F)   57        30      1930


SUNRISE AND SUNSET
NOVEMBER 27 2014......SUNRISE   700 AM EST   SUNSET   536 PM EST
NOVEMBER 28 2014......SUNRISE   701 AM EST   SUNSET   535 PM EST


-  INDICATES NEGATIVE NUMBERS.
R  INDICATES RECORD WAS SET OR TIED.
MM INDICATES DATA IS MISSING.
T  INDICATES TRACE AMOUNT.




$$


&&
------------------------------------------------------------------
******************** SUPPLEMENTAL DATA ***************************

...GULF WATER TEMPERATURE AT NEW PASS 67
