000
CDUS42 KJAX 090534
CLISSI


CLIMATE REPORT
NATIONAL WEATHER SERVICE JACKSONVILLE FL
1232 AM EST FRI DEC 9 2016


...................................

...THE ST SIMONS ISLAND CLIMATE SUMMARY FOR DECEMBER 8 2016...

CLIMATE NORMAL PERIOD 1981 TO 2010
CLIMATE RECORD PERIOD 1948 TO 2016


WEATHER ITEM   OBSERVED TIME   RECORD YEAR NORMAL DEPARTURE LAST
                VALUE   (LST)  VALUE       VALUE  FROM      YEAR
                                                  NORMAL
..................................................................
TEMPERATURE (F)
 YESTERDAY
  MAXIMUM         65    348 PM  81    1998  64      1       68
  MINIMUM         50   1159 PM  30    2010  47      3       45
  AVERAGE         58                        56      2       57

PRECIPITATION (IN)
  YESTERDAY        0.00          1.84 2005   0.08  -0.08     0.00
  MONTH TO DATE    1.98                      0.64   1.34     0.43
  SINCE DEC 1      1.98                      0.64   1.34     0.43
  SINCE JAN 1     45.23                     43.00   2.23    52.43

SNOWFALL (IN)
  YESTERDAY        0.0           0.0    MM                   0.0
  MONTH TO DATE    0.0                                       0.0
  SINCE DEC 1      0.0                                       0.0
  SINCE JUL 1      0.0                                       0.0
  SNOW DEPTH       0

DEGREE DAYS
 HEATING
  YESTERDAY        7                        10     -3        8
  MONTH TO DATE   30                        73    -43       40
  SINCE DEC 1     30                        73    -43       40
  SINCE JUL 1    135                       253   -118      105

 COOLING
  YESTERDAY        0                         1     -1        0
  MONTH TO DATE   13                         8      5        8
  SINCE DEC 1     13                         8      5        8
  SINCE JAN 1   3014                      2623    391     2817
..................................................................


WIND (MPH)
  HIGHEST WIND SPEED    16   HIGHEST WIND DIRECTION    NW (330)
  HIGHEST GUST SPEED    22   HIGHEST GUST DIRECTION     W (270)
  AVERAGE WIND SPEED     7.0


SKY COVER
  POSSIBLE SUNSHINE  MM
  AVERAGE SKY COVER 0.1


WEATHER CONDITIONS
 THE FOLLOWING WEATHER WAS RECORDED YESTERDAY.
  NO SIGNIFICANT WEATHER WAS OBSERVED.


RELATIVE HUMIDITY (PERCENT)
 HIGHEST    93           400 AM
 LOWEST     44          1100 PM
 AVERAGE    69

..........................................................


THE ST SIMONS ISLAND CLIMATE NORMALS FOR TODAY
                         NORMAL    RECORD    YEAR
 MAXIMUM TEMPERATURE (F)   64        83      1978
 MINIMUM TEMPERATURE (F)   47        29      1968


SUNRISE AND SUNSET
DECEMBER  9 2016......SUNRISE   713 AM EST   SUNSET   523 PM EST
DECEMBER 10 2016......SUNRISE   714 AM EST   SUNSET   524 PM EST


-  INDICATES NEGATIVE NUMBERS.
R  INDICATES RECORD WAS SET OR TIED.
MM INDICATES DATA IS MISSING.
T  INDICATES TRACE AMOUNT.




$$
