493
CDUS42 KJAX 280541
CLISSI


CLIMATE REPORT
NATIONAL WEATHER SERVICE JACKSONVILLE FL
141 AM EDT SAT MAY 28 2016


...................................

...THE ST SIMONS ISLAND CLIMATE SUMMARY FOR MAY 27 2016...

CLIMATE NORMAL PERIOD 1981 TO 2010
CLIMATE RECORD PERIOD 1948 TO 2016


WEATHER ITEM   OBSERVED TIME   RECORD YEAR NORMAL DEPARTURE LAST
                VALUE   (LST)  VALUE       VALUE  FROM      YEAR
                                                  NORMAL
..................................................................
TEMPERATURE (F)
 YESTERDAY
  MAXIMUM         83    144 PM  96    2006  85     -2       83
                                      1962
  MINIMUM         65    532 AM  56    1961  70     -5       75
  AVERAGE         74                        77     -3       79

PRECIPITATION (IN)
  YESTERDAY        0.00          2.21 1972   0.08  -0.08     0.00
  MONTH TO DATE    1.68                      1.49   0.19     1.22
  SINCE MAR 1      5.89                      7.86  -1.97     7.02
  SINCE JAN 1     13.03                     14.55  -1.52    12.74

SNOWFALL (IN)
  YESTERDAY        0.0           0.0    MM                   0.0
  MONTH TO DATE    0.0                                       0.0
  SINCE MAR 1      0.0                                       0.0
  SINCE JUL 1      0.0                                       0.0
  SNOW DEPTH       0

DEGREE DAYS
 HEATING
  YESTERDAY        0                         0      0        0
  MONTH TO DATE    4                         2      2        1
  SINCE MAR 1    115                       235   -120      115
  SINCE JUL 1   1021                      1486   -465     1495

 COOLING
  YESTERDAY        9                        12     -3       14
  MONTH TO DATE  260                       247     13      286
  SINCE MAR 1    463                       381     82      491
  SINCE JAN 1    467                       390     77      497
..................................................................


WIND (MPH)
  HIGHEST WIND SPEED    17   HIGHEST WIND DIRECTION    NE (60)
  HIGHEST GUST SPEED    22   HIGHEST GUST DIRECTION    NE (60)
  AVERAGE WIND SPEED     8.9


SKY COVER
  POSSIBLE SUNSHINE  MM
  AVERAGE SKY COVER 0.2


WEATHER CONDITIONS
 THE FOLLOWING WEATHER WAS RECORDED YESTERDAY.
  NO SIGNIFICANT WEATHER WAS OBSERVED.


RELATIVE HUMIDITY (PERCENT)
 HIGHEST    87           600 AM
 LOWEST     51          1200 PM
 AVERAGE    69

..........................................................


THE ST SIMONS ISLAND CLIMATE NORMALS FOR TODAY
                         NORMAL    RECORD    YEAR
 MAXIMUM TEMPERATURE (F)   85        97      1964
 MINIMUM TEMPERATURE (F)   70        54      1961


SUNRISE AND SUNSET
MAY 28 2016...........SUNRISE   623 AM EDT   SUNSET   823 PM EDT
MAY 29 2016...........SUNRISE   623 AM EDT   SUNSET   823 PM EDT


-  INDICATES NEGATIVE NUMBERS.
R  INDICATES RECORD WAS SET OR TIED.
MM INDICATES DATA IS MISSING.
T  INDICATES TRACE AMOUNT.




$$
