000
CDUS43 KMPX 250634
CLISTC


CLIMATE REPORT
NATIONAL WEATHER SERVICE CHANHASSEN MN
134 AM CDT FRI APR 25 2014


...................................

...THE ST CLOUD MN CLIMATE SUMMARY FOR APRIL 24 2014...

CLIMATE NORMAL PERIOD 1981 TO 2010
CLIMATE RECORD PERIOD 1893 TO 2014


WEATHER ITEM   OBSERVED TIME   RECORD YEAR NORMAL DEPARTURE LAST
                VALUE   (LST)  VALUE       VALUE  FROM      YEAR
                                                  NORMAL
..................................................................
TEMPERATURE (F)
 YESTERDAY
  MAXIMUM         45    540 PM  87    1962  61    -16       49
  MINIMUM         36    945 PM  18    1956  36      0       23
  AVERAGE         41                        49     -8       36

PRECIPITATION (IN)
  YESTERDAY        0.26          1.35 1908   0.11   0.15     0.01
  MONTH TO DATE    2.20                      1.96   0.24     2.90
  SINCE MAR 1      3.40                      3.51  -0.11     5.53
  SINCE JAN 1      5.91                      4.75   1.16     7.31

SNOWFALL (IN)
  YESTERDAY        0.0           T    2013   0.0    0.0       T
                                      1950
                                      2000
  MONTH TO DATE   12.0                       2.7    9.3     24.4
  SINCE MAR 1     21.2                      11.2   10.0     41.0
  SINCE JUL 1     75.5                      45.4   30.1     78.5
  SNOW DEPTH       0

DEGREE DAYS
 HEATING
  YESTERDAY       24                        16      8       29
  MONTH TO DATE  587                       528     59      788
  SINCE MAR 1   1894                      1632    262     2116
  SINCE JUL 1   9103                      8078   1025     8386

 COOLING
  YESTERDAY        0                         0      0        0
  MONTH TO DATE    0                         0      0        0
  SINCE MAR 1      0                         0      0        0
  SINCE JAN 1      0                         0      0        0
..................................................................


WIND (MPH)
  HIGHEST WIND SPEED    12   HIGHEST WIND DIRECTION     E (100)
  HIGHEST GUST SPEED    18   HIGHEST GUST DIRECTION     E (100)
  AVERAGE WIND SPEED     5.8


SKY COVER
  POSSIBLE SUNSHINE  MM
  AVERAGE SKY COVER 0.9


WEATHER CONDITIONS
 THE FOLLOWING WEATHER WAS RECORDED YESTERDAY.
  LIGHT RAIN
  FOG
  HAZE


RELATIVE HUMIDITY (PERCENT)
 HIGHEST    92          1000 PM
 LOWEST     76           500 PM
 AVERAGE    84

..........................................................


THE ST CLOUD MN CLIMATE NORMALS FOR TODAY
                         NORMAL    RECORD    YEAR
 MAXIMUM TEMPERATURE (F)   62        88      1962
 MINIMUM TEMPERATURE (F)   37        21      1907


SUNRISE AND SUNSET
APRIL 25 2014.........SUNRISE   614 AM CDT   SUNSET   816 PM CDT
APRIL 26 2014.........SUNRISE   612 AM CDT   SUNSET   817 PM CDT


-  INDICATES NEGATIVE NUMBERS.
R  INDICATES RECORD WAS SET OR TIED.
MM INDICATES DATA IS MISSING.
T  INDICATES TRACE AMOUNT.




$$
