000
CDUS43 KMPX 250027
CLISTC


CLIMATE REPORT
NATIONAL WEATHER SERVICE CHANHASSEN MN
727 PM CDT THU JUL 24 2014


...................................

...THE ST CLOUD MN CLIMATE SUMMARY FOR JULY 24 2014...
VALID TODAY AS OF 0700 PM LOCAL TIME.

CLIMATE NORMAL PERIOD 1981 TO 2010
CLIMATE RECORD PERIOD 1893 TO 2014


WEATHER ITEM   OBSERVED TIME   RECORD YEAR NORMAL DEPARTURE LAST
                VALUE   (LST)  VALUE       VALUE  FROM      YEAR
                                                  NORMAL
..................................................................
TEMPERATURE (F)
 TODAY
  MAXIMUM         83   1213 PM 104    1901  82      1       79
  MINIMUM         51    425 AM  46    2004  58     -7       58
                                      1992
  AVERAGE         67                        70     -3       69

PRECIPITATION (IN)
  TODAY            0.00          3.90 1897   0.10  -0.10     0.01
  MONTH TO DATE    0.83                      2.59  -1.76     1.15
  SINCE JUN 1      7.01                      6.76   0.25     6.91
  SINCE JAN 1     23.36                     15.07   8.29    19.20

SNOWFALL (IN)
  TODAY            0.0           0.0    MM   0.0    0.0      0.0
  MONTH TO DATE    0.0                       0.0    0.0      0.0
  SINCE JUN 1      0.0                       0.0    0.0      0.0
  SINCE JUL 1      0.0                       0.0    0.0      0.0
  SNOW DEPTH       0

DEGREE DAYS
 HEATING
  TODAY            0                         0      0        0
  MONTH TO DATE    7                        13     -6        0
  SINCE JUN 1     33                        91    -58       87
  SINCE JUL 1      7                        13     -6        0

 COOLING
  TODAY            2                         6     -4        4
  MONTH TO DATE  129                       143    -14      212
  SINCE JUN 1    262                       238     24      311
  SINCE JAN 1    306                       263     43      322
..................................................................


WIND (MPH)
  HIGHEST WIND SPEED    25   HIGHEST WIND DIRECTION     S (170)
  HIGHEST GUST SPEED    31   HIGHEST GUST DIRECTION     S (160)
  AVERAGE WIND SPEED     5.0


SKY COVER
  POSSIBLE SUNSHINE  MM
  AVERAGE SKY COVER 0.1


WEATHER CONDITIONS
 THE FOLLOWING WEATHER WAS RECORDED TODAY.
  FOG


RELATIVE HUMIDITY (PERCENT)
 HIGHEST    96           500 AM
 LOWEST     36          1200 PM
 AVERAGE    66

..........................................................


THE ST CLOUD MN CLIMATE NORMALS FOR TOMORROW
                         NORMAL    RECORD    YEAR
 MAXIMUM TEMPERATURE (F)   82       102      1931
 MINIMUM TEMPERATURE (F)   58        46      2004


SUNRISE AND SUNSET
JULY 24 2014..........SUNRISE   551 AM CDT   SUNSET   854 PM CDT
JULY 25 2014..........SUNRISE   552 AM CDT   SUNSET   853 PM CDT


-  INDICATES NEGATIVE NUMBERS.
R  INDICATES RECORD WAS SET OR TIED.
MM INDICATES DATA IS MISSING.
T  INDICATES TRACE AMOUNT.




$$
