000
CDUS43 KMPX 240625
CLISTC


CLIMATE REPORT
NATIONAL WEATHER SERVICE CHANHASSEN MN
1224 AM CST FRI NOV 24 2017


...................................

...THE ST CLOUD MN CLIMATE SUMMARY FOR NOVEMBER 23 2017...

CLIMATE NORMAL PERIOD 1981 TO 2010
CLIMATE RECORD PERIOD 1893 TO 2017


WEATHER ITEM   OBSERVED TIME   RECORD YEAR NORMAL DEPARTURE LAST
                VALUE   (LST)  VALUE       VALUE  FROM      YEAR
                                                  NORMAL
..................................................................
TEMPERATURE (F)
 YESTERDAY
  MAXIMUM         44    250 PM  53    2006  34     10       35
  MINIMUM         16    738 AM -10    1989  18     -2       31
  AVERAGE         30                        26      4       33

PRECIPITATION (IN)
  YESTERDAY        0.00          0.41 2003   0.05  -0.05     0.16
                                      1931
  MONTH TO DATE    0.82                      1.11  -0.29     1.06
  SINCE SEP 1      8.83                      7.06   1.77     6.82
  SINCE JAN 1     29.76                     26.64   3.12    31.64

SNOWFALL (IN)
  YESTERDAY        0.0           7.3  1983   0.4   -0.4      1.6
  MONTH TO DATE    5.7                       5.9   -0.2      7.3
  SINCE SEP 1      7.1                       6.7    0.4      7.3
  SINCE JUL 1      7.1                       6.7    0.4      7.3
  SNOW DEPTH       0

DEGREE DAYS
 HEATING
  YESTERDAY       35                        39     -4       32
  MONTH TO DATE  845                       750     95      531
  SINCE SEP 1   1527                      1577    -50     1141
  SINCE JUL 1   1567                      1635    -68     1163

 COOLING
  YESTERDAY        0                         0      0        0
  MONTH TO DATE    0                         0      0        0
  SINCE SEP 1     71                        36     35       28
  SINCE JAN 1    361                       465   -104      506
..................................................................


WIND (MPH)
  HIGHEST WIND SPEED    14   HIGHEST WIND DIRECTION     S (170)
  HIGHEST GUST SPEED    17   HIGHEST GUST DIRECTION     S (170)
  AVERAGE WIND SPEED     5.8


SKY COVER
  POSSIBLE SUNSHINE  MM
  AVERAGE SKY COVER 0.1


WEATHER CONDITIONS
 THE FOLLOWING WEATHER WAS RECORDED YESTERDAY.
  NO SIGNIFICANT WEATHER WAS OBSERVED.


RELATIVE HUMIDITY (PERCENT)
 HIGHEST    92           500 AM
 LOWEST     45           100 PM
 AVERAGE    69

..........................................................


THE ST CLOUD MN CLIMATE NORMALS FOR TODAY
                         NORMAL    RECORD    YEAR
 MAXIMUM TEMPERATURE (F)   34        56      1990
 MINIMUM TEMPERATURE (F)   17       -17      1898


SUNRISE AND SUNSET
NOVEMBER 24 2017......SUNRISE   728 AM CST   SUNSET   438 PM CST
NOVEMBER 25 2017......SUNRISE   729 AM CST   SUNSET   437 PM CST


-  INDICATES NEGATIVE NUMBERS.
R  INDICATES RECORD WAS SET OR TIED.
MM INDICATES DATA IS MISSING.
T  INDICATES TRACE AMOUNT.




$$
