000
CDUS43 KMPX 230633
CLISTC


CLIMATE REPORT
NATIONAL WEATHER SERVICE CHANHASSEN MN
133 AM CDT SUN JUL 23 2017


...................................

...THE ST CLOUD MN CLIMATE SUMMARY FOR JULY 22 2017...

CLIMATE NORMAL PERIOD 1981 TO 2010
CLIMATE RECORD PERIOD 1893 TO 2017


WEATHER ITEM   OBSERVED TIME   RECORD YEAR NORMAL DEPARTURE LAST
                VALUE   (LST)  VALUE       VALUE  FROM      YEAR
                                                  NORMAL
..................................................................
TEMPERATURE (F)
 YESTERDAY
  MAXIMUM         87    243 PM 107    1934  83      4       93
  MINIMUM         65   1107 PM  42    1947  59      6       64
  AVERAGE         76                        70      6       79

PRECIPITATION (IN)
  YESTERDAY        0.00          2.29 1972   0.11  -0.11     0.00
  MONTH TO DATE    2.30                      2.39  -0.09     4.90
  SINCE JUN 1      5.88                      6.56  -0.68     8.27
  SINCE JAN 1     15.58                     14.87   0.71    14.62

SNOWFALL (IN)
  YESTERDAY        0.0           0.0    MM   0.0    0.0      0.0
  MONTH TO DATE    0.0                       0.0    0.0      0.0
  SINCE JUN 1      0.0                       0.0    0.0      0.0
  SINCE JUL 1      0.0                       0.0    0.0      0.0
  SNOW DEPTH       0

DEGREE DAYS
 HEATING
  YESTERDAY        0                         0      0        0
  MONTH TO DATE    4                        13     -9        7
  SINCE JUN 1     45                        91    -46       40
  SINCE JUL 1      4                        13     -9        7

 COOLING
  YESTERDAY       11                         6      5       14
  MONTH TO DATE  122                       131     -9      131
  SINCE JUN 1    206                       226    -20      239
  SINCE JAN 1    209                       251    -42      270
..................................................................


WIND (MPH)
  HIGHEST WIND SPEED    16   HIGHEST WIND DIRECTION    NW (300)
  HIGHEST GUST SPEED    21   HIGHEST GUST DIRECTION     W (280)
  AVERAGE WIND SPEED     6.8


SKY COVER
  POSSIBLE SUNSHINE  MM
  AVERAGE SKY COVER 0.2


WEATHER CONDITIONS
 THE FOLLOWING WEATHER WAS RECORDED YESTERDAY.
  NO SIGNIFICANT WEATHER WAS OBSERVED.


RELATIVE HUMIDITY (PERCENT)
 HIGHEST   100          1200 AM
 LOWEST     51           500 PM
 AVERAGE    76

..........................................................


THE ST CLOUD MN CLIMATE NORMALS FOR TODAY
                         NORMAL    RECORD    YEAR
 MAXIMUM TEMPERATURE (F)   83       107      1934
 MINIMUM TEMPERATURE (F)   59        45      1978


SUNRISE AND SUNSET
JULY 23 2017..........SUNRISE   550 AM CDT   SUNSET   855 PM CDT
JULY 24 2017..........SUNRISE   551 AM CDT   SUNSET   854 PM CDT


-  INDICATES NEGATIVE NUMBERS.
R  INDICATES RECORD WAS SET OR TIED.
MM INDICATES DATA IS MISSING.
T  INDICATES TRACE AMOUNT.




$$
