000
CDUS43 KEAX 240632
CLISTJ


CLIMATE REPORT
NATIONAL WEATHER SERVICE KANSAS CITY/PLEASANT HILL MO
1231 AM CST FRI FEB 24 2017


...................................

...THE ST. JOSEPH MO CLIMATE SUMMARY FOR FEBRUARY 23 2017...

CLIMATE NORMAL PERIOD 1981 TO 2010
CLIMATE RECORD PERIOD 1892 TO 2017


WEATHER ITEM   OBSERVED TIME   RECORD YEAR NORMAL DEPARTURE LAST
                VALUE   (LST)  VALUE       VALUE  FROM      YEAR
                                                  NORMAL
..................................................................
TEMPERATURE (F)
 YESTERDAY
  MAXIMUM         57    343 PM  71    1918  45     12       51
  MINIMUM         43   1159 PM  -5    1910  24     19       28
  AVERAGE         50                        34     16       40

PRECIPITATION (IN)
  YESTERDAY        0.01          1.20 1942   0.04  -0.03     0.00
  MONTH TO DATE    0.05                      0.74  -0.69     0.32
  SINCE DEC 1      2.12                      2.82  -0.70     3.16
  SINCE JAN 1      1.02                      1.30  -0.28     0.91

DEGREE DAYS
 HEATING
  YESTERDAY       15                        31    -16       25
  MONTH TO DATE  538                       776   -238      659
  SINCE DEC 1   2495                      3048   -553     2648
  SINCE JUL 1   3170                      4159   -989     3484

 COOLING
  YESTERDAY        0                         0      0        0
  MONTH TO DATE    0                         0      0        0
  SINCE DEC 1      0                         0      0        0
  SINCE JAN 1      0                         0      0        0
..................................................................


WIND (MPH)
  HIGHEST WIND SPEED    29   HIGHEST WIND DIRECTION     N (340)
  HIGHEST GUST SPEED    38   HIGHEST GUST DIRECTION    NW (330)
  AVERAGE WIND SPEED    13.1


SKY COVER
  POSSIBLE SUNSHINE  MM
  AVERAGE SKY COVER 0.6


WEATHER CONDITIONS
 THE FOLLOWING WEATHER WAS RECORDED YESTERDAY.
  LIGHT RAIN
  FOG


RELATIVE HUMIDITY (PERCENT)
 HIGHEST   100          1000 PM
 LOWEST     66           100 AM
 AVERAGE    83

..........................................................


THE ST. JOSEPH MO CLIMATE NORMALS FOR TODAY
                         NORMAL    RECORD    YEAR
 MAXIMUM TEMPERATURE (F)   45        83      1930
 MINIMUM TEMPERATURE (F)   24        -5      2010


SUNRISE AND SUNSET
FEBRUARY 24 2017......SUNRISE   700 AM CST   SUNSET   607 PM CST
FEBRUARY 25 2017......SUNRISE   658 AM CST   SUNSET   608 PM CST


-  INDICATES NEGATIVE NUMBERS.
R  INDICATES RECORD WAS SET OR TIED.
MM INDICATES DATA IS MISSING.
T  INDICATES TRACE AMOUNT.




$$
