000
CDUS43 KEAX 200633
CLISTJ


CLIMATE REPORT
NATIONAL WEATHER SERVICE KANSAS CITY/PLEASANT HILL MO
132 AM CDT FRI OCT 20 2017


...................................

...THE ST. JOSEPH MO CLIMATE SUMMARY FOR OCTOBER 19 2017...

CLIMATE NORMAL PERIOD 1981 TO 2010
CLIMATE RECORD PERIOD 1892 TO 2017


WEATHER ITEM   OBSERVED TIME   RECORD YEAR NORMAL DEPARTURE LAST
                VALUE   (LST)  VALUE       VALUE  FROM      YEAR
                                                  NORMAL
..................................................................
TEMPERATURE (F)
 YESTERDAY
  MAXIMUM         81    244 PM  90    1963  66     15       73
  MINIMUM         40    608 AM  18    1972  42     -2       50
  AVERAGE         61                        54      7       62

PRECIPITATION (IN)
  YESTERDAY        0.00          0.86 1983   0.09  -0.09     0.00
  MONTH TO DATE    2.19                      1.77   0.42     1.47
  SINCE SEP 1      3.22                      5.19  -1.97    10.13
  SINCE JAN 1     23.47                     31.49  -8.02    40.25

DEGREE DAYS
 HEATING
  YESTERDAY        4                        12     -8        3
  MONTH TO DATE   89                       170    -81       90
  SINCE SEP 1    112                       245   -133      115
  SINCE JUL 1    118                       250   -132      117

 COOLING
  YESTERDAY        0                         0      0        0
  MONTH TO DATE   37                        18     19       34
  SINCE SEP 1    227                       140     87      256
  SINCE JAN 1   1271                      1217     54     1528
..................................................................


WIND (MPH)
  HIGHEST WIND SPEED    15   HIGHEST WIND DIRECTION     S (180)
  HIGHEST GUST SPEED    20   HIGHEST GUST DIRECTION     S (180)
  AVERAGE WIND SPEED     5.4


SKY COVER
  POSSIBLE SUNSHINE  MM
  AVERAGE SKY COVER 0.2


WEATHER CONDITIONS
 THE FOLLOWING WEATHER WAS RECORDED YESTERDAY.
  FOG
  FOG W/VISIBILITY <= 1/4 MILE


RELATIVE HUMIDITY (PERCENT)
 HIGHEST   100          1200 AM
 LOWEST     36           300 PM
 AVERAGE    68

..........................................................


THE ST. JOSEPH MO CLIMATE NORMALS FOR TODAY
                         NORMAL    RECORD    YEAR
 MAXIMUM TEMPERATURE (F)   65        90      2003
 MINIMUM TEMPERATURE (F)   41        22      1989


SUNRISE AND SUNSET
OCTOBER 20 2017.......SUNRISE   735 AM CDT   SUNSET   633 PM CDT
OCTOBER 21 2017.......SUNRISE   737 AM CDT   SUNSET   631 PM CDT


-  INDICATES NEGATIVE NUMBERS.
R  INDICATES RECORD WAS SET OR TIED.
MM INDICATES DATA IS MISSING.
T  INDICATES TRACE AMOUNT.




$$
