000
CDUS43 KEAX 290639
CLISTJ


CLIMATE REPORT
NATIONAL WEATHER SERVICE KANSAS CITY/PLEASANT HILL MO
139 AM CDT THU SEP 29 2016


...................................

...THE ST. JOSEPH MO CLIMATE SUMMARY FOR SEPTEMBER 28 2016...

CLIMATE NORMAL PERIOD 1981 TO 2010
CLIMATE RECORD PERIOD 1892 TO 2016


WEATHER ITEM   OBSERVED TIME   RECORD YEAR NORMAL DEPARTURE LAST
                VALUE   (LST)  VALUE       VALUE  FROM      YEAR
                                                  NORMAL
..................................................................
TEMPERATURE (F)
 YESTERDAY
  MAXIMUM         69    305 PM 103    1953  74     -5       85
  MINIMUM         49    634 AM  30    1967  49      0       56
  AVERAGE         59                        62     -3       71

PRECIPITATION (IN)
  YESTERDAY        0.00          1.45 1934   0.09  -0.09     0.00
  MONTH TO DATE    8.66                      3.25   5.41     2.02
  SINCE SEP 1      8.66                      3.25   5.41     2.02
  SINCE JAN 1     38.78                     29.55   9.23    30.62

DEGREE DAYS
 HEATING
  YESTERDAY        6                         5      1        0
  MONTH TO DATE   15                        64    -49       21
  SINCE SEP 1     15                        64    -49       21
  SINCE JUL 1     17                        69    -52       25

 COOLING
  YESTERDAY        0                         2     -2        6
  MONTH TO DATE  222                       116    106      238
  SINCE SEP 1    222                       116    106      238
  SINCE JAN 1   1494                      1193    301     1265
..................................................................


WIND (MPH)
  HIGHEST WIND SPEED    20   HIGHEST WIND DIRECTION     N (20)
  HIGHEST GUST SPEED    25   HIGHEST GUST DIRECTION    NE (30)
  AVERAGE WIND SPEED    10.1


SKY COVER
  POSSIBLE SUNSHINE  MM
  AVERAGE SKY COVER 0.1


WEATHER CONDITIONS
 THE FOLLOWING WEATHER WAS RECORDED YESTERDAY.
  NO SIGNIFICANT WEATHER WAS OBSERVED.


RELATIVE HUMIDITY (PERCENT)
 HIGHEST    93          1200 AM
 LOWEST     45           300 PM
 AVERAGE    69

..........................................................


THE ST. JOSEPH MO CLIMATE NORMALS FOR TODAY
                         NORMAL    RECORD    YEAR
 MAXIMUM TEMPERATURE (F)   74        94      2002
 MINIMUM TEMPERATURE (F)   49        30      1984


SUNRISE AND SUNSET
SEPTEMBER 29 2016.....SUNRISE   714 AM CDT   SUNSET   704 PM CDT
SEPTEMBER 30 2016.....SUNRISE   715 AM CDT   SUNSET   703 PM CDT


-  INDICATES NEGATIVE NUMBERS.
R  INDICATES RECORD WAS SET OR TIED.
MM INDICATES DATA IS MISSING.
T  INDICATES TRACE AMOUNT.




$$
