000
CDUS43 KEAX 202125
CLISTJ


CLIMATE REPORT
NATIONAL WEATHER SERVICE KANSAS CITY/PLEASANT HILL MO
425 PM CDT SUN AUG 20 2017


...................................

...THE ST. JOSEPH MO CLIMATE SUMMARY FOR AUGUST 20 2017...
VALID AS OF 0400 PM LOCAL TIME.

CLIMATE NORMAL PERIOD 1981 TO 2010
CLIMATE RECORD PERIOD 1892 TO 2017


WEATHER ITEM   OBSERVED TIME   RECORD YEAR NORMAL DEPARTURE LAST
                VALUE   (LST)  VALUE       VALUE  FROM      YEAR
                                                  NORMAL
..................................................................
TEMPERATURE (F)
 TODAY
  MAXIMUM         87    250 PM 103    2003  86      1       73
  MINIMUM         68    713 AM  43    1967  64      4       56
  AVERAGE         78                        75      3       65

PRECIPITATION (IN)
  TODAY            0.33          2.43 2010   0.14   0.19     0.00
  MONTH TO DATE    0.85                      2.44  -1.59     2.19
  SINCE JUN 1      5.34                     11.81  -6.47    11.44
  SINCE JAN 1     17.42                     24.76  -7.34    25.57

DEGREE DAYS
 HEATING
  TODAY            0                         0      0        0
  MONTH TO DATE    6                         0      6        0
  SINCE JUN 1     10                         9      1        2
  SINCE JUL 1      6                         1      5        2

 COOLING
  TODAY           13                        10      3        0
  MONTH TO DATE  134                       227    -93      245
  SINCE JUN 1    875                       868      7     1087
  SINCE JAN 1    994                       981     13     1170
..................................................................


WIND (MPH)
  HIGHEST WIND SPEED    33   HIGHEST WIND DIRECTION    NW (310)
  HIGHEST GUST SPEED    45   HIGHEST GUST DIRECTION    NW (310)
  AVERAGE WIND SPEED    10.5


SKY COVER
  AVERAGE SKY COVER 0.4


WEATHER CONDITIONS
 THE FOLLOWING WEATHER WAS RECORDED TODAY.
  THUNDERSTORM
  LIGHT RAIN
  FOG
  HAZE


RELATIVE HUMIDITY (PERCENT)
 HIGHEST   100           400 AM
 LOWEST     51           300 PM
 AVERAGE    76

..........................................................


THE ST. JOSEPH MO CLIMATE NORMALS FOR TOMORROW
                         NORMAL    RECORD    YEAR
 MAXIMUM TEMPERATURE (F)   86       103      2003
 MINIMUM TEMPERATURE (F)   64        45      1923


SUNRISE AND SUNSET
AUGUST 20 2017........SUNRISE   637 AM CDT   SUNSET   808 PM CDT
AUGUST 21 2017........SUNRISE   638 AM CDT   SUNSET   807 PM CDT


-  INDICATES NEGATIVE NUMBERS.
R  INDICATES RECORD WAS SET OR TIED.
MM INDICATES DATA IS MISSING.
T  INDICATES TRACE AMOUNT.




$$
