924
CDUS43 KEAX 230035
CLISTJ


CLIMATE REPORT
NATIONAL WEATHER SERVICE KANSAS CITY/PLEASANT HILL MO
634 PM CST SUN JAN 22 2017


...................................

...THE ST. JOSEPH MO CLIMATE SUMMARY FOR JANUARY 22 2017...
VALID TODAY AS OF 0600 PM LOCAL TIME.

CLIMATE NORMAL PERIOD 1981 TO 2010
CLIMATE RECORD PERIOD 1892 TO 2017


WEATHER ITEM   OBSERVED TIME   RECORD YEAR NORMAL DEPARTURE LAST
                VALUE   (LST)  VALUE       VALUE  FROM      YEAR
                                                  NORMAL
..................................................................
TEMPERATURE (F)
 TODAY
  MAXIMUM         43   1203 AM  68    1967  38      5       30
  MINIMUM         32   1015 AM -17    1930  18     14       11
  AVERAGE         38                        28     10       21

PRECIPITATION (IN)
  TODAY            0.00          0.39 1929   0.02  -0.02     0.00
  MONTH TO DATE    0.97                      0.37   0.60     0.59
  SINCE DEC 1      2.07                      1.89   0.18     2.84
  SINCE JAN 1      0.97                      0.37   0.60     0.59

DEGREE DAYS
 HEATING
  TODAY           27                        37    -10       44
  MONTH TO DATE  544                       837   -293      887
  SINCE DEC 1   1689                      1939   -250     1713
  SINCE JUL 1   2364                      3050   -686     2549

 COOLING
  TODAY            0                         0      0        0
  MONTH TO DATE    0                         0      0        0
  SINCE DEC 1      0                         0      0        0
  SINCE JAN 1      0                         0      0        0
..................................................................


WIND (MPH)
  HIGHEST WIND SPEED    20   HIGHEST WIND DIRECTION     N (340)
  HIGHEST GUST SPEED    24   HIGHEST GUST DIRECTION     N (340)
  AVERAGE WIND SPEED    11.5


SKY COVER
  AVERAGE SKY COVER 0.8


WEATHER CONDITIONS
 THE FOLLOWING WEATHER WAS RECORDED TODAY.
  FOG


RELATIVE HUMIDITY (PERCENT)
 HIGHEST   100           200 AM
 LOWEST     92           800 AM
 AVERAGE    96

..........................................................


THE ST. JOSEPH MO CLIMATE NORMALS FOR TOMORROW
                         NORMAL    RECORD    YEAR
 MAXIMUM TEMPERATURE (F)   38        68      1967
 MINIMUM TEMPERATURE (F)   18       -12      1963


SUNRISE AND SUNSET
JANUARY 22 2017.......SUNRISE   735 AM CST   SUNSET   528 PM CST
JANUARY 23 2017.......SUNRISE   735 AM CST   SUNSET   529 PM CST


-  INDICATES NEGATIVE NUMBERS.
R  INDICATES RECORD WAS SET OR TIED.
MM INDICATES DATA IS MISSING.
T  INDICATES TRACE AMOUNT.




$$
