000
CDUS43 KEAX 270033
CLISTJ


CLIMATE REPORT
NATIONAL WEATHER SERVICE KANSAS CITY/PLEASANT HILL MO
732 PM CDT WED APR 26 2017


...................................

...THE ST. JOSEPH MO CLIMATE SUMMARY FOR APRIL 26 2017...
VALID TODAY AS OF 0700 PM LOCAL TIME.

CLIMATE NORMAL PERIOD 1981 TO 2010
CLIMATE RECORD PERIOD 1892 TO 2017


WEATHER ITEM   OBSERVED TIME   RECORD YEAR NORMAL DEPARTURE LAST
                VALUE   (LST)  VALUE       VALUE  FROM      YEAR
                                                  NORMAL
..................................................................
TEMPERATURE (F)
 TODAY
  MAXIMUM         51    313 PM  94    1989  69    -18       74
  MINIMUM         41    853 AM  31    1950  46     -5       54
  AVERAGE         46                        57    -11       64

PRECIPITATION (IN)
  TODAY            0.08          3.05 2016   0.15  -0.07     3.05
  MONTH TO DATE    2.60                      3.07  -0.47     4.42
  SINCE MAR 1      5.17                      5.32  -0.15     5.29
  SINCE JAN 1      6.19                      6.81  -0.62     6.20

DEGREE DAYS
 HEATING
  TODAY           19                         8     11        1
  MONTH TO DATE  216                       314    -98      232
  SINCE MAR 1    783                       999   -216      735
  SINCE JUL 1   4080                      5307  -1227     4353

 COOLING
  TODAY            0                         1     -1        0
  MONTH TO DATE   14                        19     -5       17
  SINCE MAR 1     18                        21     -3       19
  SINCE JAN 1     18                        21     -3       19
..................................................................


WIND (MPH)
  HIGHEST WIND SPEED    23   HIGHEST WIND DIRECTION     N (340)
  HIGHEST GUST SPEED    28   HIGHEST GUST DIRECTION     N (340)
  AVERAGE WIND SPEED    15.6


SKY COVER
  AVERAGE SKY COVER 0.9


WEATHER CONDITIONS
 THE FOLLOWING WEATHER WAS RECORDED TODAY.
  LIGHT RAIN
  FOG


RELATIVE HUMIDITY (PERCENT)
 HIGHEST   100           200 AM
 LOWEST     61           400 PM
 AVERAGE    81

..........................................................


THE ST. JOSEPH MO CLIMATE NORMALS FOR TOMORROW
                         NORMAL    RECORD    YEAR
 MAXIMUM TEMPERATURE (F)   69        93      1989
 MINIMUM TEMPERATURE (F)   46        30      1967


SUNRISE AND SUNSET
APRIL 26 2017.........SUNRISE   626 AM CDT   SUNSET   809 PM CDT
APRIL 27 2017.........SUNRISE   625 AM CDT   SUNSET   810 PM CDT


-  INDICATES NEGATIVE NUMBERS.
R  INDICATES RECORD WAS SET OR TIED.
MM INDICATES DATA IS MISSING.
T  INDICATES TRACE AMOUNT.




$$
