000
CDUS43 KEAX 231235
CLISTJ


CLIMATE REPORT
NATIONAL WEATHER SERVICE KANSAS CITY/PLEASANT HILL MO
734 AM CDT THU OCT 23 2014


...................................

...THE ST. JOSEPH MO CLIMATE SUMMARY FOR OCTOBER 23 2014...
VALID AS OF 0700 AM LOCAL TIME.

CLIMATE NORMAL PERIOD 1981 TO 2010
CLIMATE RECORD PERIOD 1892 TO 2014


WEATHER ITEM   OBSERVED TIME   RECORD YEAR NORMAL DEPARTURE LAST
                VALUE   (LST)  VALUE       VALUE  FROM      YEAR
                                                  NORMAL
..................................................................
TEMPERATURE (F)
 TODAY
  MAXIMUM         62   1237 AM  91    1939  64     -2       52
  MINIMUM         56    559 AM  24    1937  40     16       25
  AVERAGE         59                        52      7       39

PRECIPITATION (IN)
  TODAY            0.33          1.57 1947   0.10   0.23     0.00
  MONTH TO DATE    6.45                      2.14   4.31     2.29
  SINCE SEP 1      8.16                      5.56   2.60     5.84
  SINCE JAN 1     30.71                     31.86  -1.15    25.51

DEGREE DAYS
 HEATING
  TODAY            6                        13     -7       26
  MONTH TO DATE  210                       220    -10      229
  SINCE SEP 1    288                       295     -7      265
  SINCE JUL 1    294                       300     -6      267

 COOLING
  TODAY            0                         0      0        0
  MONTH TO DATE    7                        18    -11       26
  SINCE SEP 1    126                       140    -14      215
  SINCE JAN 1   1175                      1217    -42     1285
..................................................................


WIND (MPH)
  HIGHEST WIND SPEED    13   HIGHEST WIND DIRECTION     W (270)
  HIGHEST GUST SPEED    16   HIGHEST GUST DIRECTION     W (270)
  AVERAGE WIND SPEED     6.4


SKY COVER
  AVERAGE SKY COVER 0.5


WEATHER CONDITIONS
 THE FOLLOWING WEATHER WAS RECORDED TODAY.
  THUNDERSTORM
  RAIN
  LIGHT RAIN
  FOG


RELATIVE HUMIDITY (PERCENT)
 HIGHEST   100           300 AM
 LOWEST     69          1200 AM
 AVERAGE    85

..........................................................


THE ST. JOSEPH MO CLIMATE NORMALS FOR TOMORROW
                         NORMAL    RECORD    YEAR
 MAXIMUM TEMPERATURE (F)   64        86      1940
 MINIMUM TEMPERATURE (F)   40        23      2006
                                             1999


SUNRISE AND SUNSET
OCTOBER 23 2014.......SUNRISE   738 AM CDT   SUNSET   629 PM CDT
OCTOBER 24 2014.......SUNRISE   739 AM CDT   SUNSET   628 PM CDT


-  INDICATES NEGATIVE NUMBERS.
R  INDICATES RECORD WAS SET OR TIED.
MM INDICATES DATA IS MISSING.
T  INDICATES TRACE AMOUNT.




$$
