000
CDUS43 KEAX 020639
CLISTJ


CLIMATE REPORT
NATIONAL WEATHER SERVICE KANSAS CITY/PLEASANT HILL MO
138 AM CDT TUE JUN 2 2015


...................................

...THE ST. JOSEPH MO CLIMATE SUMMARY FOR JUNE 1 2015...

CLIMATE NORMAL PERIOD 1981 TO 2010
CLIMATE RECORD PERIOD 1892 TO 2015


WEATHER ITEM   OBSERVED TIME   RECORD YEAR NORMAL DEPARTURE LAST
                VALUE   (LST)  VALUE       VALUE  FROM      YEAR
                                                  NORMAL
..................................................................
TEMPERATURE (F)
 YESTERDAY
  MAXIMUM         70    306 PM 100    1934  81    -11       89
  MINIMUM         57    436 AM  41    1982  59     -2       64
  AVERAGE         64                        70     -6       77

PRECIPITATION (IN)
  YESTERDAY        0.00          2.66 1917   0.17  -0.17     1.25
  MONTH TO DATE    0.00                      0.17  -0.17     1.25
  SINCE JUN 1      0.00                      0.17  -0.17     1.25
  SINCE JAN 1     15.69                     13.12   2.57     9.02

DEGREE DAYS
 HEATING
  YESTERDAY        1                         1      0        0
  MONTH TO DATE    1                         1      0        0
  SINCE JUN 1      1                         1      0        0
  SINCE JUL 1   5501                      5451     50     6269

 COOLING
  YESTERDAY        0                         6     -6       12
  MONTH TO DATE    0                         6     -6       12
  SINCE JUN 1      0                         6     -6       12
  SINCE JAN 1     68                       119    -51      173
..................................................................


WIND (MPH)
  HIGHEST WIND SPEED    15   HIGHEST WIND DIRECTION     S (180)
  HIGHEST GUST SPEED    19   HIGHEST GUST DIRECTION     S (180)
  AVERAGE WIND SPEED     7.5


SKY COVER
  POSSIBLE SUNSHINE  MM
  AVERAGE SKY COVER 0.5


WEATHER CONDITIONS
 THE FOLLOWING WEATHER WAS RECORDED YESTERDAY.
  NO SIGNIFICANT WEATHER WAS OBSERVED.


RELATIVE HUMIDITY (PERCENT)
 HIGHEST    87           600 AM
 LOWEST     59           100 PM
 AVERAGE    73

..........................................................


THE ST. JOSEPH MO CLIMATE NORMALS FOR TODAY
                         NORMAL    RECORD    YEAR
 MAXIMUM TEMPERATURE (F)   81        98      1934
 MINIMUM TEMPERATURE (F)   60        45      1967


SUNRISE AND SUNSET
JUNE  2 2015..........SUNRISE   553 AM CDT   SUNSET   842 PM CDT
JUNE  3 2015..........SUNRISE   553 AM CDT   SUNSET   843 PM CDT


-  INDICATES NEGATIVE NUMBERS.
R  INDICATES RECORD WAS SET OR TIED.
MM INDICATES DATA IS MISSING.
T  INDICATES TRACE AMOUNT.




$$
