000
CDUS43 KEAX 290633
CLISTJ


CLIMATE REPORT
NATIONAL WEATHER SERVICE KANSAS CITY/PLEASANT HILL MO
133 AM CDT SUN MAY 29 2016


...................................

...THE ST. JOSEPH MO CLIMATE SUMMARY FOR MAY 28 2016...

CLIMATE NORMAL PERIOD 1981 TO 2010
CLIMATE RECORD PERIOD 1892 TO 2016


WEATHER ITEM   OBSERVED TIME   RECORD YEAR NORMAL DEPARTURE LAST
                VALUE   (LST)  VALUE       VALUE  FROM      YEAR
                                                  NORMAL
..................................................................
TEMPERATURE (F)
 YESTERDAY
  MAXIMUM         77    512 PM  94    1998  80     -3       74
  MINIMUM         59    535 AM  37    1947  58      1       60
  AVERAGE         68                        69     -1       67

PRECIPITATION (IN)
  YESTERDAY        T             3.42 1962   0.16  -0.16     0.19
  MONTH TO DATE    5.92                      4.91   1.01     9.32
  SINCE MAR 1     13.22                     10.95   2.27    13.50
  SINCE JAN 1     14.13                     12.44   1.69    15.25

DEGREE DAYS
 HEATING
  YESTERDAY        0                         1     -1        0
  MONTH TO DATE  126                       109     17       91
  SINCE MAR 1    901                      1139   -238      970
  SINCE JUL 1   4519                      5447   -928     5494

 COOLING
  YESTERDAY        3                         5     -2        2
  MONTH TO DATE   42                        75    -33       60
  SINCE MAR 1     61                        96    -35       65
  SINCE JAN 1     61                        96    -35       65
..................................................................


WIND (MPH)
  HIGHEST WIND SPEED    21   HIGHEST WIND DIRECTION     S (200)
  HIGHEST GUST SPEED    25   HIGHEST GUST DIRECTION     S (200)
  AVERAGE WIND SPEED     9.2


SKY COVER
  POSSIBLE SUNSHINE  MM
  AVERAGE SKY COVER 0.5


WEATHER CONDITIONS
 THE FOLLOWING WEATHER WAS RECORDED YESTERDAY.
  LIGHT RAIN


RELATIVE HUMIDITY (PERCENT)
 HIGHEST    93           200 AM
 LOWEST     54           300 PM
 AVERAGE    74

..........................................................


THE ST. JOSEPH MO CLIMATE NORMALS FOR TODAY
                         NORMAL    RECORD    YEAR
 MAXIMUM TEMPERATURE (F)   80        98      1934
 MINIMUM TEMPERATURE (F)   58        35      1947


SUNRISE AND SUNSET
MAY 29 2016...........SUNRISE   555 AM CDT   SUNSET   840 PM CDT
MAY 30 2016...........SUNRISE   554 AM CDT   SUNSET   841 PM CDT


-  INDICATES NEGATIVE NUMBERS.
R  INDICATES RECORD WAS SET OR TIED.
MM INDICATES DATA IS MISSING.
T  INDICATES TRACE AMOUNT.




$$
