000
CDUS43 KEAX 282230
CLISTJ


CLIMATE REPORT
NATIONAL WEATHER SERVICE KANSAS CITY/PLEASANT HILL MO
429 PM CST WED JAN 28 2015


...................................

...THE ST. JOSEPH MO CLIMATE SUMMARY FOR JANUARY 28 2015...
VALID AS OF 0400 PM LOCAL TIME.

CLIMATE NORMAL PERIOD 1981 TO 2010
CLIMATE RECORD PERIOD 1892 TO 2015


WEATHER ITEM   OBSERVED TIME   RECORD YEAR NORMAL DEPARTURE LAST
                VALUE   (LST)  VALUE       VALUE  FROM      YEAR
                                                  NORMAL
..................................................................
TEMPERATURE (F)
 TODAY
  MAXIMUM         73R   221 PM  73    2013  38     35       24
  MINIMUM         34    709 AM -12    1972  18     16       -5
  AVERAGE         54                        28     26       10

PRECIPITATION (IN)
  TODAY            0.00          0.41 2006   0.02  -0.02      T
  MONTH TO DATE    0.05                      0.49  -0.44     0.01
  SINCE DEC 1      1.01                      2.01  -1.00     0.38
  SINCE JAN 1      0.05                      0.49  -0.44     0.01

DEGREE DAYS
 HEATING
  TODAY           11                        37    -26       55
  MONTH TO DATE 1022                      1059    -37     1197
  SINCE DEC 1   1988                      2161   -173     2456
  SINCE JUL 1   3234                      3272    -38     3625

 COOLING
  TODAY            0                         0      0        0
  MONTH TO DATE    0                         0      0        0
  SINCE DEC 1      0                         0      0        0
  SINCE JAN 1      0                         0      0        0
..................................................................


WIND (MPH)
  HIGHEST WIND SPEED    25   HIGHEST WIND DIRECTION     S (190)
  HIGHEST GUST SPEED    30   HIGHEST GUST DIRECTION     S (190)
  AVERAGE WIND SPEED    11.7


SKY COVER
  AVERAGE SKY COVER 0.0


WEATHER CONDITIONS
 THE FOLLOWING WEATHER WAS RECORDED TODAY.
  NO SIGNIFICANT WEATHER WAS OBSERVED.


RELATIVE HUMIDITY (PERCENT)
 HIGHEST    82           700 AM
 LOWEST     29           300 PM
 AVERAGE    56

..........................................................


THE ST. JOSEPH MO CLIMATE NORMALS FOR TOMORROW
                         NORMAL    RECORD    YEAR
 MAXIMUM TEMPERATURE (F)   39        68      2013
 MINIMUM TEMPERATURE (F)   18       -13      1966


SUNRISE AND SUNSET
JANUARY 28 2015.......SUNRISE   731 AM CST   SUNSET   534 PM CST
JANUARY 29 2015.......SUNRISE   730 AM CST   SUNSET   536 PM CST


-  INDICATES NEGATIVE NUMBERS.
R  INDICATES RECORD WAS SET OR TIED.
MM INDICATES DATA IS MISSING.
T  INDICATES TRACE AMOUNT.




$$
