000
CDUS43 KLSX 220745
CLISTL


CLIMATE REPORT
NATIONAL WEATHER SERVICE ST LOUIS MO
245 AM CDT MON SEP 22 2014


...................................

...THE ST. LOUIS CLIMATE SUMMARY FOR SEPTEMBER 21 2014...

CLIMATE NORMAL PERIOD 1981 TO 2010
CLIMATE RECORD PERIOD 1874 TO 2014


WEATHER ITEM   OBSERVED TIME   RECORD YEAR NORMAL DEPARTURE LAST
                VALUE   (LST)  VALUE       VALUE  FROM      YEAR
                                                  NORMAL
..................................................................
TEMPERATURE (F)
 YESTERDAY
  MAXIMUM         79    140 PM  97    1881  78      1       73
  MINIMUM         57   1159 PM  40    1983  58     -1       53
  AVERAGE         68                        68      0       63

PRECIPITATION (IN)
  YESTERDAY        0.00          1.78 1947   0.10  -0.10     0.00
  MONTH TO DATE    4.20                      2.16   2.04     2.73
  SINCE SEP 1      4.20                      2.16   2.04     2.73
  SINCE JAN 1     33.17                     29.91   3.26    37.34

SNOWFALL (IN)
  YESTERDAY        0.0           0.0  2013   0.0    0.0      0.0
  MONTH TO DATE    0.0                       0.0    0.0      0.0
  SINCE SEP 1      0.0                       0.0    0.0      0.0
  SINCE JUL 1      0.0                       0.0    0.0      0.0
  SNOW DEPTH       0

DEGREE DAYS
 HEATING
  YESTERDAY        0                         2     -2        2
  MONTH TO DATE   36                        13     23        2
  SINCE SEP 1     36                        13     23        2
  SINCE JUL 1     36                        14     22        2

 COOLING
  YESTERDAY        3                         5     -2        0
  MONTH TO DATE  140                       169    -29      231
  SINCE SEP 1    140                       169    -29      231
  SINCE JAN 1   1645                      1568     77     1617
..................................................................


WIND (MPH)
  HIGHEST WIND SPEED    22   HIGHEST WIND DIRECTION    NW (330)
  HIGHEST GUST SPEED    31   HIGHEST GUST DIRECTION    NW (320)
  AVERAGE WIND SPEED    10.7


SKY COVER
  AVERAGE SKY COVER 0.3


WEATHER CONDITIONS
 THE FOLLOWING WEATHER WAS RECORDED YESTERDAY.
  NO SIGNIFICANT WEATHER WAS OBSERVED.


RELATIVE HUMIDITY (PERCENT)
 HIGHEST    87           300 AM
 LOWEST     35          1200 PM
 AVERAGE    61

..........................................................


THE ST. LOUIS CLIMATE NORMALS FOR TODAY
                         NORMAL    RECORD    YEAR
 MAXIMUM TEMPERATURE (F)   78        95      1956
 MINIMUM TEMPERATURE (F)   58        40      1995
                                             1974


SUNRISE AND SUNSET
SEPTEMBER 22 2014.....SUNRISE   649 AM CDT   SUNSET   658 PM CDT
SEPTEMBER 23 2014.....SUNRISE   650 AM CDT   SUNSET   657 PM CDT


-  INDICATES NEGATIVE NUMBERS.
R  INDICATES RECORD WAS SET OR TIED.
MM INDICATES DATA IS MISSING.
T  INDICATES TRACE AMOUNT.




$$
