925
CDUS43 KLSX 240745
CLISTL


CLIMATE REPORT
NATIONAL WEATHER SERVICE ST LOUIS MO
245 AM CDT SUN JUL 24 2016


...................................

...THE ST. LOUIS CLIMATE SUMMARY FOR JULY 23 2016...

CLIMATE NORMAL PERIOD 1981 TO 2010
CLIMATE RECORD PERIOD 1874 TO 2016


WEATHER ITEM   OBSERVED TIME   RECORD YEAR NORMAL DEPARTURE LAST
                VALUE   (LST)  VALUE       VALUE  FROM      YEAR
                                                  NORMAL
..................................................................
TEMPERATURE (F)
 YESTERDAY
  MAXIMUM         96    411 PM 108    1934  89      7       88
  MINIMUM         77    503 AM  52    1947  71      6       72
  AVERAGE         87                        80      7       80

PRECIPITATION (IN)
  YESTERDAY        0.00          2.05 1973   0.14  -0.14     0.00
  MONTH TO DATE    6.79                      3.09   3.70     3.89
  SINCE JUN 1      8.08                      7.37   0.71    17.03
  SINCE JAN 1     21.13                     23.74  -2.61    32.02

SNOWFALL (IN)
  YESTERDAY        0.0           0.0  2015   0.0    0.0      0.0
  MONTH TO DATE    0.0                       0.0    0.0      0.0
  SINCE JUN 1      0.0                       0.0    0.0      0.0
  SINCE JUL 1      0.0                       0.0    0.0      0.0
  SNOW DEPTH       0

DEGREE DAYS
 HEATING
  YESTERDAY        0                         0      0        0
  MONTH TO DATE    0                         0      0        0
  SINCE JUN 1      0                         5     -5        3
  SINCE JUL 1      0                         0      0        0

 COOLING
  YESTERDAY       22                        15      7       15
  MONTH TO DATE  373                       345     28      338
  SINCE JUN 1    868                       679    189      728
  SINCE JAN 1   1062                       853    209      952
..................................................................


WIND (MPH)
  HIGHEST WIND SPEED    14   HIGHEST WIND DIRECTION    SE (140)
  HIGHEST GUST SPEED    17   HIGHEST GUST DIRECTION     S (160)
  AVERAGE WIND SPEED     6.2


SKY COVER
  AVERAGE SKY COVER 0.3


WEATHER CONDITIONS
 THE FOLLOWING WEATHER WAS RECORDED YESTERDAY.
  NO SIGNIFICANT WEATHER WAS OBSERVED.


RELATIVE HUMIDITY (PERCENT)
 HIGHEST    85          1200 AM
 LOWEST     45           300 PM
 AVERAGE    65

..........................................................


THE ST. LOUIS CLIMATE NORMALS FOR TODAY
                         NORMAL    RECORD    YEAR
 MAXIMUM TEMPERATURE (F)   89       111      1934
 MINIMUM TEMPERATURE (F)   71        57      1876


SUNRISE AND SUNSET
JULY 24 2016..........SUNRISE   556 AM CDT   SUNSET   819 PM CDT
JULY 25 2016..........SUNRISE   557 AM CDT   SUNSET   818 PM CDT


-  INDICATES NEGATIVE NUMBERS.
R  INDICATES RECORD WAS SET OR TIED.
MM INDICATES DATA IS MISSING.
T  INDICATES TRACE AMOUNT.




$$
