000
CDUS43 KLSX 250727
CLISTL


CLIMATE REPORT
NATIONAL WEATHER SERVICE ST LOUIS MO
126 AM CST SUN JAN 25 2015


...................................

...THE ST. LOUIS CLIMATE SUMMARY FOR JANUARY 24 2015...

CLIMATE NORMAL PERIOD 1981 TO 2010
CLIMATE RECORD PERIOD 1874 TO 2015


WEATHER ITEM   OBSERVED TIME   RECORD YEAR NORMAL DEPARTURE LAST
                VALUE   (LST)  VALUE       VALUE  FROM      YEAR
                                                  NORMAL
..................................................................
TEMPERATURE (F)
 YESTERDAY
  MAXIMUM         55    433 PM  77    1950  40     15       36
  MINIMUM         30   1250 AM -11    1894  24      6        6
  AVERAGE         43                        32     11       21

PRECIPITATION (IN)
  YESTERDAY        0.00          1.25 1928   0.07  -0.07     0.00
  MONTH TO DATE    1.02                      1.88  -0.86     1.67
  SINCE DEC 1      3.74                      4.72  -0.98     3.63
  SINCE JAN 1      1.02                      1.88  -0.86     1.67

SNOWFALL (IN)
  YESTERDAY        0.0           4.6  1936   0.1   -0.1      0.0
  MONTH TO DATE    0.3                       4.3   -4.0     15.8
  SINCE DEC 1      0.5                       8.7   -8.2     21.4
  SINCE JUL 1      4.3                       9.4   -5.1     21.4
  SNOW DEPTH       0

DEGREE DAYS
 HEATING
  YESTERDAY       22                        33    -11       44
  MONTH TO DATE  796                       800     -4      897
  SINCE DEC 1   1600                      1739   -139     1867
  SINCE JUL 1   2557                      2565     -8     2737

 COOLING
  YESTERDAY        0                         0      0        0
  MONTH TO DATE    0                         0      0        0
  SINCE DEC 1      0                         0      0        0
  SINCE JAN 1      0                         0      0        0
..................................................................


WIND (MPH)
  HIGHEST WIND SPEED    16   HIGHEST WIND DIRECTION     W (250)
  HIGHEST GUST SPEED    21   HIGHEST GUST DIRECTION     W (260)
  AVERAGE WIND SPEED    10.0


SKY COVER
  AVERAGE SKY COVER 0.3


WEATHER CONDITIONS
 THE FOLLOWING WEATHER WAS RECORDED YESTERDAY.
  NO SIGNIFICANT WEATHER WAS OBSERVED.


RELATIVE HUMIDITY (PERCENT)
 HIGHEST    72           600 AM
 LOWEST     41           300 PM
 AVERAGE    57

..........................................................


THE ST. LOUIS CLIMATE NORMALS FOR TODAY
                         NORMAL    RECORD    YEAR
 MAXIMUM TEMPERATURE (F)   40        75      1950
 MINIMUM TEMPERATURE (F)   24        -7      1940


SUNRISE AND SUNSET
JANUARY 25 2015.......SUNRISE   713 AM CST   SUNSET   515 PM CST
JANUARY 26 2015.......SUNRISE   712 AM CST   SUNSET   516 PM CST


-  INDICATES NEGATIVE NUMBERS.
R  INDICATES RECORD WAS SET OR TIED.
MM INDICATES DATA IS MISSING.
T  INDICATES TRACE AMOUNT.




$$
