768
CDUS46 KMTR 300840
CLISTS


CLIMATE REPORT
NATIONAL WEATHER SERVICE SAN FRANCISCO BAY AREA
140 AM PDT THU MAR 30 2017


...................................

...THE SANTA ROSA AIRPORT CLIMATE SUMMARY FOR MARCH 29 2017...

CLIMATE NORMAL PERIOD 1981 TO 2010
CLIMATE RECORD PERIOD 1998 TO 2017


WEATHER ITEM   OBSERVED TIME   RECORD YEAR NORMAL DEPARTURE LAST
                VALUE   (LST)  VALUE       VALUE  FROM      YEAR
                                                  NORMAL
..................................................................
TEMPERATURE (F)
 YESTERDAY
  MAXIMUM         78    350 PM  81    2015  66     12       67
  MINIMUM         44    627 AM  34    2016  42      2       34
                                      1999
  AVERAGE         61                        54      7       51

PRECIPITATION (IN)
  YESTERDAY        0.00          1.14 2006   0.14  -0.14     0.00
  MONTH TO DATE    3.44                      4.70  -1.26    10.11
  SINCE OCT 1     55.51                     31.90  23.61    30.30
  SINCE JAN 1     37.09                     18.15  18.94    21.72

DEGREE DAYS
 HEATING
  YESTERDAY        4                                        14
  MONTH TO DATE  293                                       284
  SINCE MAR 1    293                                       284
  SINCE JUL 1   2316                                      2014

 COOLING
  YESTERDAY        0                                         0
  MONTH TO DATE    0                                         0
  SINCE MAR 1      0                                         0
  SINCE JAN 1      0                                         3
..................................................................


WIND (MPH)
  RESULTANT WIND SPEED   1   RESULTANT WIND DIRECTION  NW (320)
  HIGHEST WIND SPEED    18   HIGHEST WIND DIRECTION     N (350)
  HIGHEST GUST SPEED    24   HIGHEST GUST DIRECTION     N (340)
  AVERAGE WIND SPEED     5.1


SKY COVER
  POSSIBLE SUNSHINE  MM
  AVERAGE SKY COVER 0.3


WEATHER CONDITIONS
 THE FOLLOWING WEATHER WAS RECORDED YESTERDAY.
  NO SIGNIFICANT WEATHER WAS OBSERVED.


RELATIVE HUMIDITY (PERCENT)
 HIGHEST    93           700 AM
 LOWEST     26           400 PM
 AVERAGE    60

..........................................................


THE SANTA ROSA AIRPORT CLIMATE NORMALS FOR TODAY
                         NORMAL    RECORD    YEAR
 MAXIMUM TEMPERATURE (F)   66        85      2011
 MINIMUM TEMPERATURE (F)   42        32      1999


SUNRISE AND SUNSET
MARCH 30 2017.........SUNRISE   659 AM PDT   SUNSET   733 PM PDT
MARCH 31 2017.........SUNRISE   657 AM PDT   SUNSET   734 PM PDT


-  INDICATES NEGATIVE NUMBERS.
R  INDICATES RECORD WAS SET OR TIED.
MM INDICATES DATA IS MISSING.
T  INDICATES TRACE AMOUNT.




$$
