000
CDUS46 KMTR 270027
CLISTS


CLIMATE REPORT
NATIONAL WEATHER SERVICE SAN FRANCISCO BAY AREA
526 PM PDT THU MAY 26 2016


...................................

...THE SANTA ROSA AIRPORT CLIMATE SUMMARY FOR MAY 26 2016...
VALID TODAY AS OF 0500 PM LOCAL TIME.

CLIMATE NORMAL PERIOD 1981 TO 2010
CLIMATE RECORD PERIOD 1998 TO 2016


WEATHER ITEM   OBSERVED TIME   RECORD YEAR NORMAL DEPARTURE LAST
                VALUE   (LST)  VALUE       VALUE  FROM      YEAR
                                                  NORMAL
..................................................................
TEMPERATURE (F)
 TODAY
  MAXIMUM         77    319 PM  93    2014  77      0       67
  MINIMUM         46    522 AM  43    2012  48     -2       50
  AVERAGE         62                        62      0       59

PRECIPITATION (IN)
  TODAY            0.00          0.01 2011   0.02  -0.02      T
  MONTH TO DATE    0.30                      1.21  -0.91      T
  SINCE OCT 1     31.95                     35.48  -3.53    24.49
  SINCE JAN 1     23.37                     21.73   1.64     5.94

DEGREE DAYS
 HEATING
  TODAY            3                                         6
  MONTH TO DATE  114                                       143
  SINCE MAR 1    583                                       566
  SINCE JUL 1   2313                                      2022

 COOLING
  TODAY            0                                         0
  MONTH TO DATE   15                                         1
  SINCE MAR 1     17                                        12
  SINCE JAN 1     20                                        12
..................................................................


WIND (MPH)
  RESULTANT WIND SPEED   3   RESULTANT WIND DIRECTION   S (170)
  HIGHEST WIND SPEED    15   HIGHEST WIND DIRECTION     S (180)
  HIGHEST GUST SPEED    20   HIGHEST GUST DIRECTION     S (160)
  AVERAGE WIND SPEED     3.9


SKY COVER
  POSSIBLE SUNSHINE  MM
  AVERAGE SKY COVER 0.1


WEATHER CONDITIONS
 THE FOLLOWING WEATHER WAS RECORDED TODAY.
  HAZE


RELATIVE HUMIDITY (PERCENT)
 HIGHEST   100           600 AM
 LOWEST     43           300 PM
 AVERAGE    72

..........................................................


THE SANTA ROSA AIRPORT CLIMATE NORMALS FOR TOMORROW
                         NORMAL    RECORD    YEAR
 MAXIMUM TEMPERATURE (F)   77        89      2014
                                             2003
 MINIMUM TEMPERATURE (F)   48        43      2010
                                             2006


SUNRISE AND SUNSET
MAY 26 2016...........SUNRISE   551 AM PDT   SUNSET   826 PM PDT
MAY 27 2016...........SUNRISE   551 AM PDT   SUNSET   826 PM PDT


-  INDICATES NEGATIVE NUMBERS.
R  INDICATES RECORD WAS SET OR TIED.
MM INDICATES DATA IS MISSING.
T  INDICATES TRACE AMOUNT.




$$
