000
CDUS46 KMTR 040826
CLISTS


CLIMATE REPORT
NATIONAL WEATHER SERVICE SAN FRANCISCO BAY AREA
125 AM PDT FRI SEP 4 2015


...................................

...THE SANTA ROSA AIRPORT CLIMATE SUMMARY FOR SEPTEMBER 3 2015...

CLIMATE NORMAL PERIOD 1981 TO 2010
CLIMATE RECORD PERIOD 1998 TO 2015


WEATHER ITEM   OBSERVED TIME   RECORD YEAR NORMAL DEPARTURE LAST
                VALUE   (LST)  VALUE       VALUE  FROM      YEAR
                                                  NORMAL
..................................................................
TEMPERATURE (F)
 YESTERDAY
  MAXIMUM         81    337 PM  96    2009  84     -3       80
  MINIMUM         48    556 AM  43    2000  51     -3       55
  AVERAGE         65                        67     -2       68

PRECIPITATION (IN)
  YESTERDAY        0.00          0.10 2003   0.01  -0.01     0.00
  MONTH TO DATE    0.00                      0.02  -0.02     0.00
  SINCE OCT 1     24.59                     35.95 -11.36    14.07
  SINCE JAN 1      6.04                     22.20 -16.16    12.57

DEGREE DAYS
 HEATING
  YESTERDAY        0                                         0
  MONTH TO DATE    0                                         2
  SINCE SEP 1      0                                         2
  SINCE JUL 1      7                                         7

 COOLING
  YESTERDAY        0                                         3
  MONTH TO DATE    6                                        12
  SINCE SEP 1      6                                        12
  SINCE JAN 1    408                                       361
..................................................................


WIND (MPH)
  RESULTANT WIND SPEED   3   RESULTANT WIND DIRECTION   S (160)
  HIGHEST WIND SPEED    13   HIGHEST WIND DIRECTION     S (170)
  HIGHEST GUST SPEED    17   HIGHEST GUST DIRECTION     S (170)
  AVERAGE WIND SPEED     2.9


SKY COVER
  POSSIBLE SUNSHINE  MM
  AVERAGE SKY COVER 0.0


WEATHER CONDITIONS
 THE FOLLOWING WEATHER WAS RECORDED YESTERDAY.
  NO SIGNIFICANT WEATHER WAS OBSERVED.


RELATIVE HUMIDITY (PERCENT)
 HIGHEST   100           600 AM
 LOWEST     33           200 PM
 AVERAGE    67

..........................................................


THE SANTA ROSA AIRPORT CLIMATE NORMALS FOR TODAY
                         NORMAL    RECORD    YEAR
 MAXIMUM TEMPERATURE (F)   84       101      2008
 MINIMUM TEMPERATURE (F)   51        45      2000


SUNRISE AND SUNSET
SEPTEMBER  4 2015.....SUNRISE   643 AM PDT   SUNSET   737 PM PDT
SEPTEMBER  5 2015.....SUNRISE   644 AM PDT   SUNSET   735 PM PDT


-  INDICATES NEGATIVE NUMBERS.
R  INDICATES RECORD WAS SET OR TIED.
MM INDICATES DATA IS MISSING.
T  INDICATES TRACE AMOUNT.




$$
