000
CDUS43 KFSD 120738
CLISUX


CLIMATE REPORT
NATIONAL WEATHER SERVICE SIOUX FALLS SD
237 AM CDT SAT JUL 12 2014


...................................

...THE SIOUX CITY IA CLIMATE SUMMARY FOR JULY 11 2014...

CLIMATE NORMAL PERIOD 1981 TO 2010
CLIMATE RECORD PERIOD 1889 TO 2014


WEATHER ITEM   OBSERVED TIME   RECORD YEAR NORMAL DEPARTURE LAST
                VALUE   (LST)  VALUE       VALUE  FROM      YEAR
                                                  NORMAL
..................................................................
TEMPERATURE (F)
 YESTERDAY
  MAXIMUM         78   1220 PM 111    1939  86     -8       87
  MINIMUM         69    757 AM  50    2007  63      6       59
  AVERAGE         74                        75     -1       73

PRECIPITATION (IN)
  YESTERDAY        1.33          2.74 1956   0.11   1.22     0.00
  MONTH TO DATE    1.75                      1.25   0.50     0.19
  SINCE JUN 1     18.40                      5.14  13.26     3.32
  SINCE JAN 1     23.65                     15.12   8.53    16.55

SNOWFALL (IN)
  YESTERDAY        0.0           0.0    MM   0.0    0.0      0.0
  MONTH TO DATE    0.0                       0.0    0.0      0.0
  SINCE JUN 1      0.0                       0.0    0.0      0.0
  SINCE JUL 1      0.0                       0.0    0.0      0.0
  SNOW DEPTH       0

DEGREE DAYS
 HEATING
  YESTERDAY        0                         0      0        0
  MONTH TO DATE    2                         0      2        0
  SINCE JUN 1     22                        27     -5       40
  SINCE JUL 1      2                         0      2        0

 COOLING
  YESTERDAY        9                        10     -1        8
  MONTH TO DATE   69                       104    -35      110
  SINCE JUN 1    264                       292    -28      305
  SINCE JAN 1    385                       356     29      361
..................................................................


WIND (MPH)
  HIGHEST WIND SPEED    20   HIGHEST WIND DIRECTION     S (180)
  HIGHEST GUST SPEED    24   HIGHEST GUST DIRECTION     S (180)
  AVERAGE WIND SPEED     7.8


SKY COVER
  POSSIBLE SUNSHINE  MM
  AVERAGE SKY COVER 0.4


WEATHER CONDITIONS
 THE FOLLOWING WEATHER WAS RECORDED YESTERDAY.
  THUNDERSTORM
  HEAVY RAIN
  RAIN
  LIGHT RAIN
  FOG


RELATIVE HUMIDITY (PERCENT)
 HIGHEST    93           800 PM
 LOWEST     79          1200 AM
 AVERAGE    86

..........................................................


THE SIOUX CITY IA CLIMATE NORMALS FOR TODAY
                         NORMAL    RECORD    YEAR
 MAXIMUM TEMPERATURE (F)   86       108      1995
 MINIMUM TEMPERATURE (F)   63        51      1975


SUNRISE AND SUNSET
JULY 12 2014..........SUNRISE   600 AM CDT   SUNSET   902 PM CDT
JULY 13 2014..........SUNRISE   600 AM CDT   SUNSET   902 PM CDT


-  INDICATES NEGATIVE NUMBERS.
R  INDICATES RECORD WAS SET OR TIED.
MM INDICATES DATA IS MISSING.
T  INDICATES TRACE AMOUNT.




$$
