000
CDUS43 KFSD 260632
CLISUX


CLIMATE REPORT
NATIONAL WEATHER SERVICE SIOUX FALLS SD
1230 AM CST SUN FEB 26 2017


...................................

...THE SIOUX CITY IA CLIMATE SUMMARY FOR FEBRUARY 25 2017...

CLIMATE NORMAL PERIOD 1981 TO 2010
CLIMATE RECORD PERIOD 1889 TO 2017


WEATHER ITEM   OBSERVED TIME   RECORD YEAR NORMAL DEPARTURE LAST
                VALUE   (LST)  VALUE       VALUE  FROM      YEAR
                                                  NORMAL
..................................................................
TEMPERATURE (F)
 YESTERDAY
  MAXIMUM         30    454 PM  69    1896  38     -8       35
  MINIMUM         12    713 AM  -7    1960  19     -7       28
  AVERAGE         21                        28     -7       32

PRECIPITATION (IN)
  YESTERDAY        0.00          0.69 1951   0.03  -0.03      T
  MONTH TO DATE    0.58                      0.58   0.00     1.11
  SINCE DEC 1      2.73                      2.00   0.73     4.70
  SINCE JAN 1      1.25                      1.20   0.05     1.84

SNOWFALL (IN)
  YESTERDAY        0.0           5.4  1954   0.2   -0.2       T
  MONTH TO DATE   12.8                       5.9    6.9     13.9
  SINCE DEC 1     24.5                      20.4    4.1     30.6
  SINCE JUL 1     25.5                      25.8   -0.3     43.1
  SNOW DEPTH      10

DEGREE DAYS
 HEATING
  YESTERDAY       44                        37      7       33
  MONTH TO DATE  728                      1010   -282      892
  SINCE DEC 1   3192                      3710   -518     3259
  SINCE JUL 1   4136                      5186  -1050     4365

 COOLING
  YESTERDAY        0                         0      0        0
  MONTH TO DATE    0                         0      0        0
  SINCE DEC 1      0                         0      0        0
  SINCE JAN 1      0                         0      0        0
..................................................................


WIND (MPH)
  HIGHEST WIND SPEED    20   HIGHEST WIND DIRECTION    NW (330)
  HIGHEST GUST SPEED    25   HIGHEST GUST DIRECTION    NW (330)
  AVERAGE WIND SPEED     9.5


SKY COVER
  POSSIBLE SUNSHINE  MM
  AVERAGE SKY COVER 0.3


WEATHER CONDITIONS
 THE FOLLOWING WEATHER WAS RECORDED YESTERDAY.
  NO SIGNIFICANT WEATHER WAS OBSERVED.


RELATIVE HUMIDITY (PERCENT)
 HIGHEST    92           600 AM
 LOWEST     53           300 PM
 AVERAGE    73

..........................................................


THE SIOUX CITY IA CLIMATE NORMALS FOR TODAY
                         NORMAL    RECORD    YEAR
 MAXIMUM TEMPERATURE (F)   39        75      1896
 MINIMUM TEMPERATURE (F)   19       -15      1897


SUNRISE AND SUNSET
FEBRUARY 26 2017......SUNRISE   705 AM CST   SUNSET   612 PM CST
FEBRUARY 27 2017......SUNRISE   704 AM CST   SUNSET   613 PM CST


-  INDICATES NEGATIVE NUMBERS.
R  INDICATES RECORD WAS SET OR TIED.
MM INDICATES DATA IS MISSING.
T  INDICATES TRACE AMOUNT.




$$
