000
CDUS43 KFSD 270624
CLISUX


CLIMATE REPORT
NATIONAL WEATHER SERVICE SIOUX FALLS SD
123 AM CDT TUE JUN 27 2017


...................................

...THE SIOUX CITY IA CLIMATE SUMMARY FOR JUNE 26 2017...

CLIMATE NORMAL PERIOD 1981 TO 2010
CLIMATE RECORD PERIOD 1889 TO 2017


WEATHER ITEM   OBSERVED TIME   RECORD YEAR NORMAL DEPARTURE LAST
                VALUE   (LST)  VALUE       VALUE  FROM      YEAR
                                                  NORMAL
..................................................................
TEMPERATURE (F)
 YESTERDAY
  MAXIMUM         76    303 PM 101    1936  85     -9       92
  MINIMUM         49   1141 PM  46    1926  62    -13       61
  AVERAGE         63                        73    -10       77

PRECIPITATION (IN)
  YESTERDAY        0.25          1.30 1911   0.13   0.12     0.00
  MONTH TO DATE    0.86                      3.41  -2.55     1.29
  SINCE JUN 1      0.86                      3.41  -2.55     1.29
  SINCE JAN 1     10.33                     13.39  -3.06    17.02

SNOWFALL (IN)
  YESTERDAY        0.0           0.0    MM   0.0    0.0      0.0
  MONTH TO DATE    0.0                       0.0    0.0      0.0
  SINCE JUN 1      0.0                       0.0    0.0      0.0
  SINCE JUL 1     28.6                      34.8   -6.2     57.6
  SNOW DEPTH       0

DEGREE DAYS
 HEATING
  YESTERDAY        2                         0      2        0
  MONTH TO DATE    9                        24    -15        0
  SINCE JUN 1      9                        24    -15        0
  SINCE JUL 1   5647                      6858  -1211     5655

 COOLING
  YESTERDAY        0                         8     -8       12
  MONTH TO DATE  229                       152     77      291
  SINCE JUN 1    229                       152     77      291
  SINCE JAN 1    267                       216     51      343
..................................................................


WIND (MPH)
  HIGHEST WIND SPEED    20   HIGHEST WIND DIRECTION     N (10)
  HIGHEST GUST SPEED    24   HIGHEST GUST DIRECTION     N (10)
  AVERAGE WIND SPEED     6.1


SKY COVER
  POSSIBLE SUNSHINE  MM
  AVERAGE SKY COVER 0.3


WEATHER CONDITIONS
 THE FOLLOWING WEATHER WAS RECORDED YESTERDAY.
  THUNDERSTORM
  RAIN
  LIGHT RAIN
  FOG


RELATIVE HUMIDITY (PERCENT)
 HIGHEST   100           500 AM
 LOWEST     31           600 PM
 AVERAGE    66

..........................................................


THE SIOUX CITY IA CLIMATE NORMALS FOR TODAY
                         NORMAL    RECORD    YEAR
 MAXIMUM TEMPERATURE (F)   85       104      1934
 MINIMUM TEMPERATURE (F)   62        46      1976
                                             1968


SUNRISE AND SUNSET
JUNE 27 2017..........SUNRISE   551 AM CDT   SUNSET   907 PM CDT
JUNE 28 2017..........SUNRISE   551 AM CDT   SUNSET   907 PM CDT


-  INDICATES NEGATIVE NUMBERS.
R  INDICATES RECORD WAS SET OR TIED.
MM INDICATES DATA IS MISSING.
T  INDICATES TRACE AMOUNT.




$$
