000
CDUS41 KBGM 260218
CLISYR


CLIMATE REPORT
NATIONAL WEATHER SERVICE BINGHAMTON NY
1018 PM EDT SUN SEP 25 2016


...................................

...THE SYRACUSE NY CLIMATE SUMMARY FOR SEPTEMBER 25 2016...
VALID AS OF 1000 PM LOCAL TIME.

CLIMATE NORMAL PERIOD 1981 TO 2010
CLIMATE RECORD PERIOD 1902 TO 2016


WEATHER ITEM   OBSERVED TIME   RECORD YEAR NORMAL DEPARTURE LAST
                VALUE   (LST)  VALUE       VALUE  FROM      YEAR
                                                  NORMAL
..................................................................
TEMPERATURE (F)
 TODAY
  MAXIMUM         64    330 PM  91    2007  68     -4       75
  MINIMUM         40    557 AM  32    1963  48     -8       52
  AVERAGE         52                        58     -6       64

PRECIPITATION (IN)
  TODAY            0.00          2.49 1975   0.12  -0.12     0.00
  MONTH TO DATE    3.67                      3.06   0.61     2.07
  SINCE SEP 1      3.67                      3.06   0.61     2.07
  SINCE JAN 1     26.88                     27.65  -0.77    29.39

SNOWFALL (IN)
  TODAY            0.0           0.0  2002   0.0    0.0      0.0
                                      2000
                                      2001
  MONTH TO DATE    0.0                       0.0    0.0      0.0
  SINCE SEP 1      0.0                       0.0    0.0      0.0
  SINCE JUL 1      0.0                       0.0    0.0      0.0
  SNOW DEPTH       0

DEGREE DAYS
 HEATING
  TODAY           13                         7      6        1
  MONTH TO DATE   51                        98    -47       37
  SINCE SEP 1     51                        98    -47       37
  SINCE JUL 1     52                       124    -72       45

 COOLING
  TODAY            0                         1     -1        0
  MONTH TO DATE   90                        50     40      139
  SINCE SEP 1     90                        50     40      139
  SINCE JAN 1    802                       563    239      711
..................................................................


WIND (MPH)
  HIGHEST WIND SPEED    10   HIGHEST WIND DIRECTION     N (350)
  HIGHEST GUST SPEED    13   HIGHEST GUST DIRECTION    NW (330)
  AVERAGE WIND SPEED     2.8


SKY COVER
  POSSIBLE SUNSHINE  MM
  AVERAGE SKY COVER 0.3


WEATHER CONDITIONS
 THE FOLLOWING WEATHER WAS RECORDED TODAY.
  FOG


RELATIVE HUMIDITY (PERCENT)
 HIGHEST   100           600 AM
 LOWEST     34           200 PM
 AVERAGE    67

..........................................................


THE SYRACUSE NY CLIMATE NORMALS FOR TOMORROW
                         NORMAL    RECORD    YEAR
 MAXIMUM TEMPERATURE (F)   68        88      1934
 MINIMUM TEMPERATURE (F)   48        30      1943


SUNRISE AND SUNSET
SEPTEMBER 25 2016.....SUNRISE   656 AM EDT   SUNSET   655 PM EDT
SEPTEMBER 26 2016.....SUNRISE   657 AM EDT   SUNSET   654 PM EDT


-  INDICATES NEGATIVE NUMBERS.
R  INDICATES RECORD WAS SET OR TIED.
MM INDICATES DATA IS MISSING.
T  INDICATES TRACE AMOUNT.




$$
