000
CDUS41 KBGM 222125
CLISYR


CLIMATE REPORT
NATIONAL WEATHER SERVICE BINGHAMTON NY
525 PM EDT SUN OCT 22 2017


...................................

...THE SYRACUSE NY CLIMATE SUMMARY FOR OCTOBER 22 2017...
VALID TODAY AS OF 0500 PM LOCAL TIME.

CLIMATE NORMAL PERIOD 1981 TO 2010
CLIMATE RECORD PERIOD 1902 TO 2017


WEATHER ITEM   OBSERVED TIME   RECORD YEAR NORMAL DEPARTURE LAST
                VALUE   (LST)  VALUE       VALUE  FROM      YEAR
                                                  NORMAL
..................................................................
TEMPERATURE (F)
 TODAY
  MAXIMUM         77   1226 PM  84    1979  58     19       45
  MINIMUM         42    617 AM  24    1948  39      3       42
  AVERAGE         60                        48     12       44

PRECIPITATION (IN)
  TODAY            0.00          1.51 1988   0.11  -0.11     0.57
  MONTH TO DATE    1.88                      2.44  -0.56     6.91
  SINCE SEP 1      3.26                      6.13  -2.87    10.61
  SINCE JAN 1     35.78                     30.72   5.06    33.82

SNOWFALL (IN)
  TODAY            0.0           2.4  1988   0.0    0.0      0.0
  MONTH TO DATE    0.0                       0.1   -0.1      0.0
  SINCE SEP 1      0.0                       0.1   -0.1      0.0
  SINCE JUL 1      0.0                       0.1   -0.1      0.0
  SNOW DEPTH       0

DEGREE DAYS
 HEATING
  TODAY            5                        17    -12       21
  MONTH TO DATE  141                       290   -149      205
  SINCE SEP 1    244                       431   -187      293
  SINCE JUL 1    280                       457   -177      294

 COOLING
  TODAY            0                         0      0        0
  MONTH TO DATE   17                         0     17        7
  SINCE SEP 1    112                        52     60       97
  SINCE JAN 1    562                       565     -3      809
..................................................................


WIND (MPH)
  HIGHEST WIND SPEED    13   HIGHEST WIND DIRECTION     S (170)
  HIGHEST GUST SPEED    17   HIGHEST GUST DIRECTION     S (170)
  AVERAGE WIND SPEED     4.9


SKY COVER
  POSSIBLE SUNSHINE  MM
  AVERAGE SKY COVER 0.5


WEATHER CONDITIONS
 THE FOLLOWING WEATHER WAS RECORDED TODAY.
  NO SIGNIFICANT WEATHER WAS OBSERVED.


RELATIVE HUMIDITY (PERCENT)
 HIGHEST   100           100 AM
 LOWEST     46          1200 PM
 AVERAGE    73

..........................................................


THE SYRACUSE NY CLIMATE NORMALS FOR TOMORROW
                         NORMAL    RECORD    YEAR
 MAXIMUM TEMPERATURE (F)   57        77      1991
 MINIMUM TEMPERATURE (F)   39        27      1969


SUNRISE AND SUNSET
OCTOBER 22 2017.......SUNRISE   727 AM EDT   SUNSET   610 PM EDT
OCTOBER 23 2017.......SUNRISE   728 AM EDT   SUNSET   609 PM EDT


-  INDICATES NEGATIVE NUMBERS.
R  INDICATES RECORD WAS SET OR TIED.
MM INDICATES DATA IS MISSING.
T  INDICATES TRACE AMOUNT.




$$
