000
CDUS41 KBGM 170524
CLISYR


CLIMATE REPORT
NATIONAL WEATHER SERVICE BINGHAMTON NY
1223 AM EST WED JAN 17 2018


...................................

...THE SYRACUSE NY CLIMATE SUMMARY FOR JANUARY 16 2018...

CLIMATE NORMAL PERIOD 1981 TO 2010
CLIMATE RECORD PERIOD 1902 TO 2018


WEATHER ITEM   OBSERVED TIME   RECORD YEAR NORMAL DEPARTURE LAST
                VALUE   (LST)  VALUE       VALUE  FROM      YEAR
                                                  NORMAL
..................................................................
TEMPERATURE (F)
 YESTERDAY
  MAXIMUM         28    314 PM  61    1995  31     -3       41
  MINIMUM         16    735 AM -21    1994  15      1       17
  AVERAGE         22                        23     -1       29

PRECIPITATION (IN)
  YESTERDAY        0.13          0.69 1991   0.08   0.05     0.00
  MONTH TO DATE    2.73                      1.37   1.36     1.28
  SINCE DEC 1      5.07                      4.59   0.48     4.52
  SINCE JAN 1      2.73                      1.37   1.36     1.28

SNOWFALL (IN)
  YESTERDAY        2.0           8.8  1959   1.1    0.9      0.0
  MONTH TO DATE   36.9                      17.2   19.7      4.8
  SINCE DEC 1     71.1                      49.9   21.2     42.0
  SINCE JUL 1     76.3                      59.8   16.5     67.4
  SNOW DEPTH       8

DEGREE DAYS
 HEATING
  YESTERDAY       43                        42      1       36
  MONTH TO DATE  765                       659    106      625
  SINCE DEC 1   2026                      1763    263     1716
  SINCE JUL 1   3223                      3112    111     2910

 COOLING
  YESTERDAY        0                         0      0        0
  MONTH TO DATE    0                         0      0        0
  SINCE DEC 1      0                         0      0        0
  SINCE JAN 1      0                         0      0        0
..................................................................


WIND (MPH)
  HIGHEST WIND SPEED     9   HIGHEST WIND DIRECTION     W (250)
  HIGHEST GUST SPEED    10   HIGHEST GUST DIRECTION    SW (230)
  AVERAGE WIND SPEED     2.9


SKY COVER
  POSSIBLE SUNSHINE  MM
  AVERAGE SKY COVER 1.0


WEATHER CONDITIONS
 THE FOLLOWING WEATHER WAS RECORDED YESTERDAY.
  LIGHT SNOW
  FOG


RELATIVE HUMIDITY (PERCENT)
 HIGHEST   100          1200 AM
 LOWEST     75           100 PM
 AVERAGE    88

..........................................................


THE SYRACUSE NY CLIMATE NORMALS FOR TODAY
                         NORMAL    RECORD    YEAR
 MAXIMUM TEMPERATURE (F)   31        58      1990
 MINIMUM TEMPERATURE (F)   15       -16      1965


SUNRISE AND SUNSET
JANUARY 17 2018.......SUNRISE   732 AM EST   SUNSET   457 PM EST
JANUARY 18 2018.......SUNRISE   732 AM EST   SUNSET   459 PM EST


-  INDICATES NEGATIVE NUMBERS.
R  INDICATES RECORD WAS SET OR TIED.
MM INDICATES DATA IS MISSING.
T  INDICATES TRACE AMOUNT.

$$
