000
CDUS41 KBGM 010754
CLISYR


CLIMATE REPORT
NATIONAL WEATHER SERVICE BINGHAMTON NY
253 AM EST SUN FEB 1 2015


...................................

...THE SYRACUSE NY CLIMATE SUMMARY FOR JANUARY 31 2015...

CLIMATE NORMAL PERIOD 1981 TO 2010
CLIMATE RECORD PERIOD 1902 TO 2015


WEATHER ITEM   OBSERVED TIME   RECORD YEAR NORMAL DEPARTURE LAST
                VALUE   (LST)  VALUE       VALUE  FROM      YEAR
                                                  NORMAL
..................................................................
TEMPERATURE (F)
 YESTERDAY
  MAXIMUM         15    948 PM  63    1988  32    -17       35
  MINIMUM         -7    804 AM -19    1920  16    -23       26
  AVERAGE          4                        24    -20       31

PRECIPITATION (IN)
  YESTERDAY        T             0.99 1939   0.07  -0.07     0.00
  MONTH TO DATE    1.60                      2.50  -0.90     2.20
  SINCE DEC 1      4.62                      5.72  -1.10     5.09
  SINCE JAN 1      1.60                      2.50  -0.90     2.20

SNOWFALL (IN)
  YESTERDAY        0.1          22.0  1966   1.1   -1.0      0.0
  MONTH TO DATE   18.3                      34.0  -15.7     25.3
  SINCE DEC 1     35.8                      66.7  -30.9     54.3
  SINCE JUL 1     46.8                      76.6  -29.8     68.6
  SNOW DEPTH       5

DEGREE DAYS
 HEATING
  YESTERDAY       61                        41     20       34
  MONTH TO DATE 1472                      1286    186     1391
  SINCE DEC 1   2480                      2387     93     2533
  SINCE JUL 1   3665                      3736    -71     3866

 COOLING
  YESTERDAY        0                         0      0        0
  MONTH TO DATE    0                         0      0        0
  SINCE DEC 1      0                         0      0        0
  SINCE JAN 1      0                         0      0        0
..................................................................


WIND (MPH)
  HIGHEST WIND SPEED    14   HIGHEST WIND DIRECTION     W (270)
  HIGHEST GUST SPEED    18   HIGHEST GUST DIRECTION     W (270)
  AVERAGE WIND SPEED     3.5


SKY COVER
  POSSIBLE SUNSHINE  MM
  AVERAGE SKY COVER 0.8


WEATHER CONDITIONS
 THE FOLLOWING WEATHER WAS RECORDED YESTERDAY.
  LIGHT SNOW
  FOG


RELATIVE HUMIDITY (PERCENT)
 HIGHEST    91           100 AM
 LOWEST     61           200 PM
 AVERAGE    76

..........................................................


THE SYRACUSE NY CLIMATE NORMALS FOR TODAY
                         NORMAL    RECORD    YEAR
 MAXIMUM TEMPERATURE (F)   32        59      1989
 MINIMUM TEMPERATURE (F)   16       -20      1948


SUNRISE AND SUNSET
FEBRUARY  1 2015......SUNRISE   720 AM EST   SUNSET   517 PM EST
FEBRUARY  2 2015......SUNRISE   719 AM EST   SUNSET   518 PM EST


-  INDICATES NEGATIVE NUMBERS.
R  INDICATES RECORD WAS SET OR TIED.
MM INDICATES DATA IS MISSING.
T  INDICATES TRACE AMOUNT.

$$
