000
CDUS41 KBGM 270555
CLISYR


CLIMATE REPORT
NATIONAL WEATHER SERVICE BINGHAMTON NY
153 AM EDT FRI MAY 27 2016


...................................

...THE SYRACUSE NY CLIMATE SUMMARY FOR MAY 26 2016...

CLIMATE NORMAL PERIOD 1981 TO 2010
CLIMATE RECORD PERIOD 1902 TO 2016


WEATHER ITEM   OBSERVED TIME   RECORD YEAR NORMAL DEPARTURE LAST
                VALUE   (LST)  VALUE       VALUE  FROM      YEAR
                                                  NORMAL
..................................................................
TEMPERATURE (F)
 YESTERDAY
  MAXIMUM         87    318 PM  90    2011  72     15       84
                                      2010
  MINIMUM         57    527 AM  36    1969  50      7       71
  AVERAGE         72                        61     11       78

PRECIPITATION (IN)
  YESTERDAY        0.00          1.47 1991   0.11  -0.11     0.00
  MONTH TO DATE    1.16                      2.69  -1.53     1.92
  SINCE MAR 1      5.62                      8.83  -3.21     6.23
  SINCE JAN 1     12.14                     13.40  -1.26    10.11

SNOWFALL (IN)
  YESTERDAY        0.0           0.0  2002   0.0    0.0      0.0
                                      2001
  MONTH TO DATE    T                         0.1   -0.1      0.0
  SINCE MAR 1     13.5                      21.9   -8.4     12.9
  SINCE JUL 1     80.3                     123.8  -43.5    119.7
  SNOW DEPTH       0

DEGREE DAYS
 HEATING
  YESTERDAY        0                         6     -6        0
  MONTH TO DATE  261                       230     31      121
  SINCE MAR 1   1699                      1734    -35     1839
  SINCE JUL 1   5798                      6565   -767     7063

 COOLING
  YESTERDAY        7                         1      6       13
  MONTH TO DATE    8                        16     -8       77
  SINCE MAR 1      8                        20    -12       77
  SINCE JAN 1      8                        20    -12       77
..................................................................


WIND (MPH)
  HIGHEST WIND SPEED    14   HIGHEST WIND DIRECTION     S (180)
  HIGHEST GUST SPEED    18   HIGHEST GUST DIRECTION     S (180)
  AVERAGE WIND SPEED     4.1


SKY COVER
  POSSIBLE SUNSHINE  MM
  AVERAGE SKY COVER 0.8


WEATHER CONDITIONS
 THE FOLLOWING WEATHER WAS RECORDED YESTERDAY.
  NO SIGNIFICANT WEATHER WAS OBSERVED.


RELATIVE HUMIDITY (PERCENT)
 HIGHEST    84          1200 AM
 LOWEST     32           200 PM
 AVERAGE    58

..........................................................


THE SYRACUSE NY CLIMATE NORMALS FOR TODAY
                         NORMAL    RECORD    YEAR
 MAXIMUM TEMPERATURE (F)   72        91      1939
 MINIMUM TEMPERATURE (F)   50        33      1969


SUNRISE AND SUNSET
MAY 27 2016...........SUNRISE   530 AM EDT   SUNSET   834 PM EDT
MAY 28 2016...........SUNRISE   530 AM EDT   SUNSET   834 PM EDT


-  INDICATES NEGATIVE NUMBERS.
R  INDICATES RECORD WAS SET OR TIED.
MM INDICATES DATA IS MISSING.
T  INDICATES TRACE AMOUNT.

$$
