000
CDKA40 PTYA 061600
CLIT11
DAILY CLIMATE REPORT
NATIONAL WEATHER SERVICE YAP FM
2AM LST TUE JUL 07 2015
THE YAP FM CLIMATE SUMMARY FOR JULY 06 2015
CLIMATE NORMAL PERIOD  1981  TO 2010
CLIMATE RECORD PERIOD  1951  TO 2015
WEATHER ITEM OBSERVED TIME  RECORD YEAR NORMAL DEPARTURE LAST
              VALUE   (LST) VALUE       VALUE    FROM    YEAR
                                                NORMAL
TEMPERATURE   (F)
TODAY
MAXIMUM       83  1350  PM 97  2014      88     -5        93
MINIMUM       82  0850  AM 63  1999      78      4        80
AVERAGE       83                         83      0        81
PRECIPITATION INCHS
YESTERDAY       0.00    164.24  1996   0.47    -0.47    0.00
MONTH TO DATE   8.18                   2.86     5.32    4.14
SINCE 01 JUN    19.25                 16.06     3.19   14.09
SINCE JAN 01    44.80                 48.91    -4.11   63.33
