000
CDKA40 PTYA 270700
CLIT11
DAILY CLIMATE REPORT
NATIONAL WEATHER SERVICE YAP FM
5PM LST SAT SEP 27 2014
THE YAP FM CLIMATE SUMMARY FOR SEPTEMBER 27 2014
CLIMATE NORMAL PERIOD  1981  TO 2010
CLIMATE RECORD PERIOD  1951  TO 2014
WEATHER ITEM OBSERVED TIME  RECORD YEAR NORMAL DEPARTURE LAST
              VALUE   (LST) VALUE       VALUE    FROM    YEAR
                                                NORMAL
TEMPERATURE   (F)
TODAY
MAXIMUM       88   1251 PM 97  2014      88       0      85
MINIMUM       80   0355 AM 63  1999      78       2      76
AVERAGE       84                         83       1      81
PRECIPITATION INCHS
TODAY          0.00       164.24  1996  0.44   -0.44    0.69
MONTH TO DATE  11.51                   12.00   -0.49   22.20
SINCE 01 SEP   11.51                   12.00   -0.49   22.20
SINCE JAN 01   96.70                   88.55    8.15   84.07
