000
CDKA40 PTYA 251600
CLIT11
DAILY CLIMATE REPORT
NATIONAL WEATHER SERVICE YAP FM
2AM LST TUE MAY 26 2015
THE YAP FM CLIMATE SUMMARY FOR MAY 25 2015
CLIMATE NORMAL PERIOD  1981  TO 2010
CLIMATE RECORD PERIOD  1951  TO 2015
WEATHER ITEM OBSERVED TIME  RECORD YEAR NORMAL DEPARTURE LAST
              VALUE   (LST) VALUE       VALUE    FROM    YEAR
                                                NORMAL
TEMPERATURE   (F)
TODAY
MAXIMUM       83  1445  PM 97  2014      89      -6       87
MINIMUM       78  2255  PM 63  1999      79      -1       78
AVERAGE       81                         84      -3       83
PRECIPITATION INCHS
YESTERDAY       0.90    164.24  1996    0.30     0.60    0.10
MONTH TO DATE  14.57                    6.67     7.90    1.90
SINCE 01 MAR   22.48                   17.73     4.75   22.78
SINCE JAN 01   37.05                   30.37     6.68   49.24
