000
CDKA40 PTYA 170700
CLIT11
DAILY CLIMATE REPORT
NATIONAL WEATHER SERVICE YAP FM
5PM LST WED SEP 17 2014
THE YAP FM CLIMATE SUMMARY FOR SEPTEMBER 17 2014
CLIMATE NORMAL PERIOD  1981  TO 2010
CLIMATE RECORD PERIOD  1951  TO 2014
WEATHER ITEM OBSERVED TIME  RECORD YEAR NORMAL DEPARTURE LAST
              VALUE   (LST) VALUE       VALUE    FROM    YEAR
                                                NORMAL
TEMPERATURE   (F)
TODAY
MAXIMUM       87   1250 PM 97  2014      88      -1      91
MINIMUM       76   0050 AM 63  1999      78      -2      75
AVERAGE       82                         83      -1      83
PRECIPITATION INCHS
TODAY          0.16       164.24  1996  0.46   -0.30    1.98
MONTH TO DATE  9.01                     7.98    1.03   10.37
SINCE 01 SEP   9.01                     7.98    1.03   10.37
SINCE JAN 01  94.20                    84.53    9.67   72.24
