000
CDUS45 KPUB 221146
CLITAD


CLIMATE REPORT
NATIONAL WEATHER SERVICE PUEBLO
445 AM MST SUN JAN 22 2017


...................................

...THE TRINIDAD CO CLIMATE SUMMARY FOR JANUARY 21 2017...

CLIMATE NORMAL PERIOD 1981 TO 2010
CLIMATE RECORD PERIOD 9999 TO 9999


WEATHER ITEM   OBSERVED TIME   NORMAL DEPARTURE LAST
                VALUE   (LST)  VALUE  FROM      YEAR
                                      NORMAL
......................................................
TEMPERATURE (F)
 YESTERDAY
  MAXIMUM         38   1249 PM  47     -9       44
  MINIMUM         18    640 AM  18      0       17
  AVERAGE         28            32     -4       31

PRECIPITATION (IN)
  YESTERDAY        0.00          0.02  -0.02     0.00
  MONTH TO DATE    1.40          0.27   1.13     0.24
  SINCE DEC 1      1.70          0.81   0.89     0.47
  SINCE JAN 1      1.40          0.27   1.13     0.24

DEGREE DAYS
 HEATING
  YESTERDAY       37            32      5       34
  MONTH TO DATE  730           692     38      722
  SINCE DEC 1   1756          1727     29     1635
  SINCE JUL 1   2522          2960   -438     2553

 COOLING
  YESTERDAY        0             0      0        0
  MONTH TO DATE    0             0      0        0
  SINCE DEC 1      0             0      0        0
  SINCE JAN 1      0             0      0        0
......................................................


WIND (MPH)
  HIGHEST WIND SPEED    13   HIGHEST WIND DIRECTION    NW (320)
  HIGHEST GUST SPEED    16   HIGHEST GUST DIRECTION    NW (320)
  AVERAGE WIND SPEED     6.4


SKY COVER
  POSSIBLE SUNSHINE  MM
  AVERAGE SKY COVER 0.5


WEATHER CONDITIONS
 THE FOLLOWING WEATHER WAS RECORDED YESTERDAY.
  NO SIGNIFICANT WEATHER WAS OBSERVED.


RELATIVE HUMIDITY (PERCENT)
 HIGHEST    78           600 PM
 LOWEST     50          1200 AM
 AVERAGE    64

..........................................................




SUNRISE AND SUNSET
JANUARY 22 2017.......SUNRISE   707 AM MST   SUNSET   511 PM MST
JANUARY 23 2017.......SUNRISE   706 AM MST   SUNSET   512 PM MST


-  INDICATES NEGATIVE NUMBERS.
R  INDICATES RECORD WAS SET OR TIED.
MM INDICATES DATA IS MISSING.
T  INDICATES TRACE AMOUNT.




$$
