000
CDUS45 KPUB 271143
CLITAD


CLIMATE REPORT
NATIONAL WEATHER SERVICE PUEBLO
441 AM MST MON FEB 27 2017


...................................

...THE TRINIDAD CO CLIMATE SUMMARY FOR FEBRUARY 26 2017...

CLIMATE NORMAL PERIOD 1981 TO 2010
CLIMATE RECORD PERIOD 9999 TO 9999


WEATHER ITEM   OBSERVED TIME   NORMAL DEPARTURE LAST
                VALUE   (LST)  VALUE  FROM      YEAR
                                      NORMAL
......................................................
TEMPERATURE (F)
 YESTERDAY
  MAXIMUM         49    406 PM  53     -4       61
  MINIMUM         12    320 AM  22    -10       23
  AVERAGE         31            38     -7       42

PRECIPITATION (IN)
  YESTERDAY        0.00          0.03  -0.03     0.00
  MONTH TO DATE    0.06          0.45  -0.39     0.13
  SINCE DEC 1      1.86          1.39   0.47     0.64
  SINCE JAN 1      1.56          0.85   0.71     0.41

DEGREE DAYS
 HEATING
  YESTERDAY       34            27      7       23
  MONTH TO DATE  544           787   -243      652
  SINCE DEC 1   2638          2836   -198     2537
  SINCE JUL 1   3404          4069   -665     3455

 COOLING
  YESTERDAY        0             0      0        0
  MONTH TO DATE    0             0      0        0
  SINCE DEC 1      0             0      0        0
  SINCE JAN 1      0             0      0        0
......................................................


WIND (MPH)
  HIGHEST WIND SPEED    24   HIGHEST WIND DIRECTION    NW (310)
  HIGHEST GUST SPEED    30   HIGHEST GUST DIRECTION    NW (300)
  AVERAGE WIND SPEED     7.8


SKY COVER
  POSSIBLE SUNSHINE  MM
  AVERAGE SKY COVER 0.1


WEATHER CONDITIONS
 THE FOLLOWING WEATHER WAS RECORDED YESTERDAY.
  NO SIGNIFICANT WEATHER WAS OBSERVED.


RELATIVE HUMIDITY (PERCENT)
 HIGHEST    58           300 AM
 LOWEST     11           200 PM
 AVERAGE    35

..........................................................




SUNRISE AND SUNSET
FEBRUARY 27 2017......SUNRISE   631 AM MST   SUNSET   550 PM MST
FEBRUARY 28 2017......SUNRISE   629 AM MST   SUNSET   551 PM MST


-  INDICATES NEGATIVE NUMBERS.
R  INDICATES RECORD WAS SET OR TIED.
MM INDICATES DATA IS MISSING.
T  INDICATES TRACE AMOUNT.




$$
