000
CDUS45 KPUB 261036
CLITAD


CLIMATE REPORT
NATIONAL WEATHER SERVICE PUEBLO
436 AM MDT MON JUN 26 2017


...................................

...THE TRINIDAD CO CLIMATE SUMMARY FOR JUNE 25 2017...

CLIMATE NORMAL PERIOD 1981 TO 2010
CLIMATE RECORD PERIOD 9999 TO 9999


WEATHER ITEM   OBSERVED TIME   NORMAL DEPARTURE LAST
                VALUE   (LST)  VALUE  FROM      YEAR
                                      NORMAL
......................................................
TEMPERATURE (F)
 YESTERDAY
  MAXIMUM         85    313 PM  87     -2       91
  MINIMUM         59    204 AM  56      3       59
  AVERAGE         72            71      1       75

PRECIPITATION (IN)
  YESTERDAY        0.69          0.05   0.64      T
  MONTH TO DATE    1.08          1.18  -0.10     1.70
  SINCE JUN 1      1.08          1.18  -0.10     1.70
  SINCE JAN 1      9.49          5.70   3.79     5.93

DEGREE DAYS
 HEATING
  YESTERDAY        0             0      0        0
  MONTH TO DATE    7            38    -31        4
  SINCE JUN 1      7            38    -31        4
  SINCE JUL 1   4607          5533   -926     4880

 COOLING
  YESTERDAY        7             7      0       10
  MONTH TO DATE  155           105     50      187
  SINCE JUN 1    155           105     50      187
  SINCE JAN 1    170           133     37      199
......................................................


WIND (MPH)
  HIGHEST WIND SPEED    29   HIGHEST WIND DIRECTION    SE (130)
  HIGHEST GUST SPEED    37   HIGHEST GUST DIRECTION    SE (130)
  AVERAGE WIND SPEED     7.8


SKY COVER
  POSSIBLE SUNSHINE  MM
  AVERAGE SKY COVER 0.7


WEATHER CONDITIONS
 THE FOLLOWING WEATHER WAS RECORDED YESTERDAY.
  HEAVY RAIN
  RAIN
  LIGHT RAIN
  FOG
  HAZE


RELATIVE HUMIDITY (PERCENT)
 HIGHEST    72           200 AM
 LOWEST     31           200 PM
 AVERAGE    52

..........................................................




SUNRISE AND SUNSET
JUNE 26 2017..........SUNRISE   539 AM MDT   SUNSET   822 PM MDT
JUNE 27 2017..........SUNRISE   539 AM MDT   SUNSET   822 PM MDT


-  INDICATES NEGATIVE NUMBERS.
R  INDICATES RECORD WAS SET OR TIED.
MM INDICATES DATA IS MISSING.
T  INDICATES TRACE AMOUNT.




$$
