000
CDUS45 KPUB 171053
CLITAD


CLIMATE REPORT
NATIONAL WEATHER SERVICE PUEBLO
452 AM MDT TUE OCT 17 2017


...................................

...THE TRINIDAD CO CLIMATE SUMMARY FOR OCTOBER 16 2017...

CLIMATE NORMAL PERIOD 1981 TO 2010
CLIMATE RECORD PERIOD 9999 TO 9999


WEATHER ITEM   OBSERVED TIME   NORMAL DEPARTURE LAST
                VALUE   (LST)  VALUE  FROM      YEAR
                                      NORMAL
......................................................
TEMPERATURE (F)
 YESTERDAY
  MAXIMUM         80    154 PM  68     12       90
  MINIMUM         38    110 AM  37      1       45
  AVERAGE         59            52      7       68

PRECIPITATION (IN)
  YESTERDAY        0.00          0.02  -0.02     0.00
  MONTH TO DATE    0.28          0.42  -0.14      T
  SINCE SEP 1      3.94          1.66   2.28     1.16
  SINCE JAN 1     20.14         12.12   8.02     7.39

DEGREE DAYS
 HEATING
  YESTERDAY        6            13     -7        0
  MONTH TO DATE  135           163    -28       94
  SINCE SEP 1    225           263    -38      139
  SINCE JUL 1    228           273    -45      146

 COOLING
  YESTERDAY        0             0      0        3
  MONTH TO DATE    0             0      0       13
  SINCE SEP 1    111            74     37      143
  SINCE JAN 1    796           716     80      558
......................................................


WIND (MPH)
  HIGHEST WIND SPEED    20   HIGHEST WIND DIRECTION     W (250)
  HIGHEST GUST SPEED    22   HIGHEST GUST DIRECTION     W (250)
  AVERAGE WIND SPEED     9.2


SKY COVER
  POSSIBLE SUNSHINE  MM
  AVERAGE SKY COVER 0.0


WEATHER CONDITIONS
 THE FOLLOWING WEATHER WAS RECORDED YESTERDAY.
  HAZE


RELATIVE HUMIDITY (PERCENT)
 HIGHEST    70           100 AM
 LOWEST      7           400 PM
 AVERAGE    39

..........................................................




SUNRISE AND SUNSET
OCTOBER 17 2017.......SUNRISE   707 AM MDT   SUNSET   617 PM MDT
OCTOBER 18 2017.......SUNRISE   708 AM MDT   SUNSET   616 PM MDT


-  INDICATES NEGATIVE NUMBERS.
R  INDICATES RECORD WAS SET OR TIED.
MM INDICATES DATA IS MISSING.
T  INDICATES TRACE AMOUNT.




$$
