000
CDUS44 KBMX 222218
CLITCL


CLIMATE REPORT
NATIONAL WEATHER SERVICE BIRMINGHAM, AL
418 PM CST SAT NOV 22 2014


...................................

...THE TUSCALOOSA CLIMATE SUMMARY FOR NOVEMBER 22 2014...
VALID AS OF 0400 PM LOCAL TIME.

CLIMATE NORMAL PERIOD 1981 TO 2010
CLIMATE RECORD PERIOD 1948 TO 2014


WEATHER ITEM   OBSERVED TIME   RECORD YEAR NORMAL DEPARTURE LAST
                VALUE   (LST)  VALUE       VALUE  FROM      YEAR
                                                  NORMAL
..................................................................
TEMPERATURE (F)
 TODAY
  MAXIMUM         70    202 PM  79    1979  65      5       67
  MINIMUM         40    603 AM  19    2008  41     -1       60
  AVERAGE         55                        53      2       64

PRECIPITATION (IN)
  TODAY            0.00          3.24 2004   0.20  -0.20     0.02
  MONTH TO DATE    3.98                      3.45   0.53     0.57
  SINCE SEP 1      8.96                     10.48  -1.52     2.86
  SINCE JAN 1     42.62                     46.35  -3.73    41.68

SNOWFALL (IN)
  TODAY            0.0                       0.0    0.0
  MONTH TO DATE    0.0                       0.0    0.0
  SINCE SEP 1      0.0                       0.0    0.0
  SINCE JUL 1      0.0                       0.0    0.0
  SNOW DEPTH       0

..................................................................


WIND (MPH)
  HIGHEST WIND SPEED    15   HIGHEST WIND DIRECTION    SE (150)
  HIGHEST GUST SPEED    21   HIGHEST GUST DIRECTION     S (160)
  AVERAGE WIND SPEED     6.1


SKY COVER
  AVERAGE SKY COVER 0.0


WEATHER CONDITIONS
 THE FOLLOWING WEATHER WAS RECORDED TODAY.
  NO SIGNIFICANT WEATHER WAS OBSERVED.


RELATIVE HUMIDITY (PERCENT)
 HIGHEST    86           500 AM
 LOWEST     45          1200 PM
 AVERAGE    66

..........................................................


THE TUSCALOOSA CLIMATE NORMALS FOR TOMORROW
                         NORMAL    RECORD    YEAR
 MAXIMUM TEMPERATURE (F)   64        79      1978
 MINIMUM TEMPERATURE (F)   41        22      1976
                                             1956


SUNRISE AND SUNSET
NOVEMBER 22 2014......SUNRISE   628 AM CST   SUNSET   445 PM CST
NOVEMBER 23 2014......SUNRISE   629 AM CST   SUNSET   445 PM CST


-  INDICATES NEGATIVE NUMBERS.
R  INDICATES RECORD WAS SET OR TIED.
MM INDICATES DATA IS MISSING.
T  INDICATES TRACE AMOUNT.




$$
