000
CDUS44 KBMX 180852
CLITCL


CLIMATE REPORT
NATIONAL WEATHER SERVICE BIRMINGHAM, AL
252 AM CST SUN FEB 18 2018


...................................

...THE TUSCALOOSA CLIMATE SUMMARY FOR FEBRUARY 17 2018...

CLIMATE NORMAL PERIOD 1981 TO 2010
CLIMATE RECORD PERIOD 1948 TO 2018


WEATHER ITEM   OBSERVED TIME   RECORD YEAR NORMAL DEPARTURE LAST
                VALUE   (LST)  VALUE       VALUE  FROM      YEAR
                                                  NORMAL
..................................................................
TEMPERATURE (F)
 YESTERDAY
  MAXIMUM         77    252 PM  78    1956  61     16       67
  MINIMUM         51   1159 PM   9    1958  38     13       31
  AVERAGE         64                        49     15       49

PRECIPITATION (IN)
  YESTERDAY        0.24          0.67 1992   0.20   0.04     0.00
  MONTH TO DATE    7.55                      3.23   4.32     3.04
  SINCE DEC 1     11.64                     13.20  -1.56    13.15
  SINCE JAN 1      9.27                      8.58   0.69    10.24

SNOWFALL (IN)
  YESTERDAY        0.0                       0.0    0.0
  MONTH TO DATE    0.0                       0.0    0.0
  SINCE DEC 1      0.0                       0.3   -0.3
  SINCE JUL 1      0.0                       0.3   -0.3

DEGREE DAYS
 HEATING
  YESTERDAY        1                        16    -15
  MONTH TO DATE  198                       301   -103
  SINCE DEC 1   1493                      1496     -3
  SINCE JUL 1   1877                      1933    -56
..................................................................


WIND (MPH)
  HIGHEST WIND SPEED    20   HIGHEST WIND DIRECTION    NW (320)
  HIGHEST GUST SPEED    25   HIGHEST GUST DIRECTION    NW (310)
  AVERAGE WIND SPEED     7.4


SKY COVER
  AVERAGE SKY COVER 1.0


WEATHER CONDITIONS
 THE FOLLOWING WEATHER WAS RECORDED YESTERDAY.
  HEAVY RAIN
  RAIN
  LIGHT RAIN
  FOG
  HAZE


RELATIVE HUMIDITY (PERCENT)
 HIGHEST   100           900 PM
 LOWEST     60           300 PM
 AVERAGE    80

..........................................................


THE TUSCALOOSA CLIMATE NORMALS FOR TODAY
                         NORMAL    RECORD    YEAR
 MAXIMUM TEMPERATURE (F)   61        77      2011
                                             2009
                                             1956
 MINIMUM TEMPERATURE (F)   38        10      1958


SUNRISE AND SUNSET
FEBRUARY 18 2018......SUNRISE   631 AM CST   SUNSET   538 PM CST
FEBRUARY 19 2018......SUNRISE   630 AM CST   SUNSET   539 PM CST


-  INDICATES NEGATIVE NUMBERS.
R  INDICATES RECORD WAS SET OR TIED.
MM INDICATES DATA IS MISSING.
T  INDICATES TRACE AMOUNT.




$$
