000
CDUS44 KBMX 220734
CLITCL


CLIMATE REPORT
NATIONAL WEATHER SERVICE BIRMINGHAM, AL
234 AM CDT SAT JUL 22 2017


...................................

...THE TUSCALOOSA CLIMATE SUMMARY FOR JULY 21 2017...

CLIMATE NORMAL PERIOD 1981 TO 2010
CLIMATE RECORD PERIOD 1948 TO 2017


WEATHER ITEM   OBSERVED TIME   RECORD YEAR NORMAL DEPARTURE LAST
                VALUE   (LST)  VALUE       VALUE  FROM      YEAR
                                                  NORMAL
..................................................................
TEMPERATURE (F)
 YESTERDAY
  MAXIMUM         96    137 PM 104    1952  92      4       96
  MINIMUM         75   1159 PM  64    2009  72      3       74
                                      2004
  AVERAGE         86                        82      4       85

PRECIPITATION (IN)
  YESTERDAY        T             1.46 1953   0.13  -0.13     0.00
  MONTH TO DATE    0.96                      3.07  -2.11     3.70
  SINCE JUN 1     13.38                      7.84   5.54     8.00
  SINCE JAN 1     39.37                     31.24   8.13    28.41

..................................................................


WIND (MPH)
  HIGHEST WIND SPEED    16   HIGHEST WIND DIRECTION     S (200)
  HIGHEST GUST SPEED    19   HIGHEST GUST DIRECTION     S (190)
  AVERAGE WIND SPEED     2.3


SKY COVER
  AVERAGE SKY COVER 0.2


WEATHER CONDITIONS
 THE FOLLOWING WEATHER WAS RECORDED YESTERDAY.
  THUNDERSTORM
  LIGHT RAIN
  FOG
  HAZE


RELATIVE HUMIDITY (PERCENT)
 HIGHEST   100           100 AM
 LOWEST     52           100 PM
 AVERAGE    76

..........................................................


THE TUSCALOOSA CLIMATE NORMALS FOR TODAY
                         NORMAL    RECORD    YEAR
 MAXIMUM TEMPERATURE (F)   92       102      1951
 MINIMUM TEMPERATURE (F)   72        63      2007


SUNRISE AND SUNSET
JULY 22 2017..........SUNRISE   557 AM CDT   SUNSET   757 PM CDT
JULY 23 2017..........SUNRISE   557 AM CDT   SUNSET   756 PM CDT


-  INDICATES NEGATIVE NUMBERS.
R  INDICATES RECORD WAS SET OR TIED.
MM INDICATES DATA IS MISSING.
T  INDICATES TRACE AMOUNT.




$$
