255
CDUS44 KBMX 250734
CLITCL


CLIMATE REPORT
NATIONAL WEATHER SERVICE BIRMINGHAM, AL
233 AM CDT MON JUL 25 2016


...................................

...THE TUSCALOOSA CLIMATE SUMMARY FOR JULY 24 2016...

CLIMATE NORMAL PERIOD 1994 TO 1994
CLIMATE RECORD PERIOD 1948 TO 2016


WEATHER ITEM   OBSERVED TIME   RECORD YEAR NORMAL DEPARTURE LAST
                VALUE   (LST)  VALUE       VALUE  FROM      YEAR
                                                  NORMAL
..................................................................
TEMPERATURE (F)
 YESTERDAY
  MAXIMUM         93    427 PM 107    1952  92      1       93
  MINIMUM         76    319 AM  63    2009  72      4       74
                                      2003
  AVERAGE         85                        82      3       84

PRECIPITATION (IN)
  YESTERDAY        0.00          1.51 1965   0.15  -0.15     0.23
  MONTH TO DATE    4.14                      3.50   0.64     2.14
  SINCE JUN 1      8.44                      8.27   0.17     3.84
  SINCE JAN 1     28.85                     31.67  -2.82    29.42

..................................................................


WIND (MPH)
  HIGHEST WIND SPEED    14   HIGHEST WIND DIRECTION     S (180)
  HIGHEST GUST SPEED    17   HIGHEST GUST DIRECTION     S (170)
  AVERAGE WIND SPEED     4.0


SKY COVER
  AVERAGE SKY COVER 0.1


WEATHER CONDITIONS
 THE FOLLOWING WEATHER WAS RECORDED YESTERDAY.
  THUNDERSTORM


RELATIVE HUMIDITY (PERCENT)
 HIGHEST   100          1200 AM
 LOWEST     52           200 PM
 AVERAGE    76

..........................................................


THE TUSCALOOSA CLIMATE NORMALS FOR TODAY
                         NORMAL    RECORD    YEAR
 MAXIMUM TEMPERATURE (F)   92       106      1952
 MINIMUM TEMPERATURE (F)   72        64      2003


SUNRISE AND SUNSET
JULY 25 2016..........SUNRISE   559 AM CDT   SUNSET   755 PM CDT
JULY 26 2016..........SUNRISE   600 AM CDT   SUNSET   754 PM CDT


-  INDICATES NEGATIVE NUMBERS.
R  INDICATES RECORD WAS SET OR TIED.
MM INDICATES DATA IS MISSING.
T  INDICATES TRACE AMOUNT.




$$
