000
CDUS44 KBMX 252141
CLITCL


CLIMATE REPORT
NATIONAL WEATHER SERVICE BIRMINGHAM, AL
441 PM CDT MON SEP 25 2017


...................................

...THE TUSCALOOSA CLIMATE SUMMARY FOR SEPTEMBER 25 2017...
VALID TODAY AS OF 0400 PM LOCAL TIME.

CLIMATE NORMAL PERIOD 1981 TO 2010
CLIMATE RECORD PERIOD 1948 TO 2017


WEATHER ITEM   OBSERVED TIME   RECORD YEAR NORMAL DEPARTURE LAST
                VALUE   (LST)  VALUE       VALUE  FROM      YEAR
                                                  NORMAL
..................................................................
TEMPERATURE (F)
 TODAY
  MAXIMUM         89    332 PM  98    2016  84      5       98
  MINIMUM         69    630 AM  43    1990  60      9       67
  AVERAGE         79                        72      7       83

PRECIPITATION (IN)
  TODAY            0.00          1.84 2005   0.12  -0.12     0.00
  MONTH TO DATE    1.63                      2.91  -1.28     0.33
  SINCE SEP 1      1.63                      2.91  -1.28     0.33
  SINCE JAN 1     49.92                     38.78  11.14    32.07

DEGREE DAYS

 COOLING
  TODAY           14                         8      6
  MONTH TO DATE  251                       288    -37
  SINCE SEP 1    251                       288    -37
  SINCE JAN 1   2026                      2025      1
..................................................................


WIND (MPH)
  HIGHEST WIND SPEED     9   HIGHEST WIND DIRECTION     E (80)
  HIGHEST GUST SPEED    13   HIGHEST GUST DIRECTION     E (80)
  AVERAGE WIND SPEED     2.6


SKY COVER
  AVERAGE SKY COVER 0.2


WEATHER CONDITIONS
 THE FOLLOWING WEATHER WAS RECORDED TODAY.
  NO SIGNIFICANT WEATHER WAS OBSERVED.


RELATIVE HUMIDITY (PERCENT)
 HIGHEST   100           100 AM
 LOWEST     51           300 PM
 AVERAGE    76

..........................................................


THE TUSCALOOSA CLIMATE NORMALS FOR TOMORROW
                         NORMAL    RECORD    YEAR
 MAXIMUM TEMPERATURE (F)   84        97      1955
 MINIMUM TEMPERATURE (F)   60        45      2001


SUNRISE AND SUNSET
SEPTEMBER 25 2017.....SUNRISE   641 AM CDT   SUNSET   643 PM CDT
SEPTEMBER 26 2017.....SUNRISE   641 AM CDT   SUNSET   641 PM CDT


-  INDICATES NEGATIVE NUMBERS.
R  INDICATES RECORD WAS SET OR TIED.
MM INDICATES DATA IS MISSING.
T  INDICATES TRACE AMOUNT.




$$
