000
CDUS44 KBMX 031239
CLITCL


CLIMATE REPORT
NATIONAL WEATHER SERVICE BIRMINGHAM, AL
738 AM CDT THU SEP 3 2015


...................................

...THE TUSCALOOSA CLIMATE SUMMARY FOR SEPTEMBER 2 2015...

CLIMATE NORMAL PERIOD 1994 TO 1994
CLIMATE RECORD PERIOD 1994 TO 2015


WEATHER ITEM   OBSERVED TIME   RECORD YEAR NORMAL DEPARTURE LAST
                VALUE   (LST)  VALUE       VALUE  FROM      YEAR
                                                  NORMAL
..................................................................
TEMPERATURE (F)
 YESTERDAY
  MAXIMUM         91    203 PM 100    2011  91      0       96
                                      1951
  MINIMUM         73    614 AM  54    1954  69      4       73
  AVERAGE         82                        80      2       85

PRECIPITATION (IN)
  YESTERDAY        0.00          3.17 2001   0.11  -0.11      T
  MONTH TO DATE    0.00                      0.21  -0.21      T
  SINCE SEP 1      0.00                      0.21  -0.21      T
  SINCE JAN 1     34.63                     36.08  -1.45    33.66

DEGREE DAYS
 HEATING
  YESTERDAY        0                         0      0
  MONTH TO DATE    0                         0      0
  SINCE SEP 1      0                         0      0
  SINCE JUL 1      0                         0      0
..................................................................


WIND (MPH)
  HIGHEST WIND SPEED     9   HIGHEST WIND DIRECTION     N (10)
  HIGHEST GUST SPEED    12   HIGHEST GUST DIRECTION     N (10)
  AVERAGE WIND SPEED     1.4


SKY COVER
  AVERAGE SKY COVER 0.1


WEATHER CONDITIONS
 THE FOLLOWING WEATHER WAS RECORDED YESTERDAY.
  FOG


RELATIVE HUMIDITY (PERCENT)
 HIGHEST    94          1100 PM
 LOWEST     49           200 PM
 AVERAGE    72

..........................................................


THE TUSCALOOSA CLIMATE NORMALS FOR TODAY
                         NORMAL    RECORD    YEAR
 MAXIMUM TEMPERATURE (F)   90       102      1951
 MINIMUM TEMPERATURE (F)   68        51      1952


SUNRISE AND SUNSET
SEPTEMBER  3 2015.....SUNRISE   626 AM CDT   SUNSET   713 PM CDT
SEPTEMBER  4 2015.....SUNRISE   627 AM CDT   SUNSET   712 PM CDT


-  INDICATES NEGATIVE NUMBERS.
R  INDICATES RECORD WAS SET OR TIED.
MM INDICATES DATA IS MISSING.
T  INDICATES TRACE AMOUNT.




$$
