000
CDUS42 KTAE 280633
CLITLH


CLIMATE REPORT
NATIONAL WEATHER SERVICE TALLAHASSEE FL
232 AM EDT WED JUN 28 2017


...................................

...THE TALLAHASSEE CLIMATE SUMMARY FOR JUNE 27 2017...

CLIMATE NORMAL PERIOD 1981 TO 2010
CLIMATE RECORD PERIOD 1896 TO 2017


WEATHER ITEM   OBSERVED TIME   RECORD YEAR NORMAL DEPARTURE LAST
                VALUE   (LST)  VALUE       VALUE  FROM      YEAR
                                                  NORMAL
..................................................................
TEMPERATURE (F)
 YESTERDAY
  MAXIMUM         89   1230 PM 103    1952  92     -3       95
  MINIMUM         74   1159 PM  64    1974  71      3       73
                                      1936
  AVERAGE         82                        81      1       84

PRECIPITATION (IN)
  YESTERDAY        0.53          4.09 2006   0.27   0.26     0.22
  MONTH TO DATE   12.38                      6.93   5.45     5.14
  SINCE JUN 1     12.38                      6.93   5.45     5.14
  SINCE JAN 1     32.18                     28.59   3.59    28.54

SNOWFALL (IN)
  YESTERDAY        0.0                       0.0    0.0

DEGREE DAYS
 HEATING
  YESTERDAY        0                                0
  MONTH TO DATE    0                                0
  SINCE JUN 1      0                                0
  SINCE JUL 1    805                             -790

 COOLING
  YESTERDAY       17                                1
  MONTH TO DATE  390                              -16
  SINCE JUN 1    390                              -16
  SINCE JAN 1   1017                              165
..................................................................


WIND (MPH)
  HIGHEST WIND SPEED    24   HIGHEST WIND DIRECTION     N (350)
  HIGHEST GUST SPEED    30   HIGHEST GUST DIRECTION     N (350)
  AVERAGE WIND SPEED     3.0




RELATIVE HUMIDITY (PERCENT)
 HIGHEST    94
 LOWEST     55
 AVERAGE    75

..........................................................


THE TALLAHASSEE CLIMATE NORMALS FOR TODAY
                         NORMAL    RECORD    YEAR
 MAXIMUM TEMPERATURE (F)   92       101      1931
 MINIMUM TEMPERATURE (F)   71        59      1974


SUNRISE AND SUNSET
JUNE 28 2017..........SUNRISE   638 AM EDT   SUNSET   843 PM EDT
JUNE 29 2017..........SUNRISE   638 AM EDT   SUNSET   844 PM EDT


-  INDICATES NEGATIVE NUMBERS.
R  INDICATES RECORD WAS SET OR TIED.
MM INDICATES DATA IS MISSING.
T  INDICATES TRACE AMOUNT.




$$
