000
CDUS42 KTAE 260631
CLITLH


CLIMATE REPORT
NATIONAL WEATHER SERVICE TALLAHASSEE FL
231 AM EDT WED APR 26 2017


...................................

...THE TALLAHASSEE CLIMATE SUMMARY FOR APRIL 25 2017...

CLIMATE NORMAL PERIOD 1981 TO 2010
CLIMATE RECORD PERIOD 1896 TO 2017


WEATHER ITEM   OBSERVED TIME   RECORD YEAR NORMAL DEPARTURE LAST
                VALUE   (LST)  VALUE       VALUE  FROM      YEAR
                                                  NORMAL
..................................................................
TEMPERATURE (F)
 YESTERDAY
  MAXIMUM         82    344 PM  90    1935  82      0       84
  MINIMUM         49    138 AM  37    2005  55     -6       64
                                      1968
  AVERAGE         66                        68     -2       74

PRECIPITATION (IN)
  YESTERDAY        0.00          3.78 1950   0.08  -0.08     0.00
  MONTH TO DATE    3.17                      2.65   0.52     6.49
  SINCE MAR 1      4.36                      8.59  -4.23    12.99
  SINCE JAN 1     14.29                     17.78  -3.49    21.69

SNOWFALL (IN)
  YESTERDAY        0.0                       0.0    0.0

DEGREE DAYS
 HEATING
  YESTERDAY        0                               -1
  MONTH TO DATE   24                              -38
  SINCE MAR 1    152                              -91
  SINCE JUL 1    800                             -786

 COOLING
  YESTERDAY        1                               -3
  MONTH TO DATE  123                               50
  SINCE MAR 1    203                               90
  SINCE JAN 1    263                              136
..................................................................


WIND (MPH)
  HIGHEST WIND SPEED    16   HIGHEST WIND DIRECTION     S (160)
  HIGHEST GUST SPEED    22   HIGHEST GUST DIRECTION    NW (320)
  AVERAGE WIND SPEED     5.0




RELATIVE HUMIDITY (PERCENT)
 HIGHEST    93
 LOWEST     34
 AVERAGE    64

..........................................................


THE TALLAHASSEE CLIMATE NORMALS FOR TODAY
                         NORMAL    RECORD    YEAR
 MAXIMUM TEMPERATURE (F)   82        92      1989
                                             1942
 MINIMUM TEMPERATURE (F)   55        38      1910


SUNRISE AND SUNSET
APRIL 26 2017.........SUNRISE   658 AM EDT   SUNSET   812 PM EDT
APRIL 27 2017.........SUNRISE   658 AM EDT   SUNSET   813 PM EDT


-  INDICATES NEGATIVE NUMBERS.
R  INDICATES RECORD WAS SET OR TIED.
MM INDICATES DATA IS MISSING.
T  INDICATES TRACE AMOUNT.




$$
