000
CDUS42 KTAE 180634
CLITLH


CLIMATE REPORT
NATIONAL WEATHER SERVICE TALLAHASSEE FL
233 AM EDT FRI APR 18 2014

...................................

...THE TALLAHASSEE CLIMATE SUMMARY FOR APRIL 17 2014...

CLIMATE NORMAL PERIOD 1981 TO 2010
CLIMATE RECORD PERIOD 1896 TO 2014


WEATHER ITEM   OBSERVED TIME   RECORD YEAR NORMAL DEPARTURE LAST
                VALUE   (LST)  VALUE       VALUE  FROM      YEAR
                                                  NORMAL
..................................................................
TEMPERATURE (F)
 YESTERDAY
  MAXIMUM         74    151 PM  91    1927  80     -6
  MINIMUM         54    650 AM  34    1962  52      2
  AVERAGE         64                        66     -2

PRECIPITATION (IN)
  YESTERDAY        0.27          0.60 1910   0.09   0.18     0.00
  MONTH TO DATE    5.53                      1.95   3.58     1.89
  SINCE MAR 1     15.76                      7.89   7.87     6.24
  SINCE JAN 1     23.81                     17.08   6.73    19.45

SNOWFALL (IN)
  YESTERDAY        0.0                       0.0    0.0

DEGREE DAYS
 HEATING
  YESTERDAY        1                               -1
  MONTH TO DATE   26                              -24
  SINCE MAR 1    200                              -31
  SINCE JUL 1   1343                             -231

 COOLING
  YESTERDAY        0                               -3
  MONTH TO DATE   59                               16
  SINCE MAR 1     71                              -12
  SINCE JAN 1     83                              -14
..................................................................


WIND (MPH)
  HIGHEST WIND SPEED    20   HIGHEST WIND DIRECTION     E (90)
  HIGHEST GUST SPEED    28   HIGHEST GUST DIRECTION     E (80)
  AVERAGE WIND SPEED    10.8




RELATIVE HUMIDITY (PERCENT)
 HIGHEST    77
 LOWEST     49
 AVERAGE    63

..........................................................


THE TALLAHASSEE CLIMATE NORMALS FOR TODAY
                         NORMAL    RECORD    YEAR
 MAXIMUM TEMPERATURE (F)   80        92      2006
                                             1927
 MINIMUM TEMPERATURE (F)   53        32      1999


SUNRISE AND SUNSET
APRIL 18 2014.........SUNRISE   707 AM EDT   SUNSET   807 PM EDT
APRIL 19 2014.........SUNRISE   706 AM EDT   SUNSET   808 PM EDT


-  INDICATES NEGATIVE NUMBERS.
R  INDICATES RECORD WAS SET OR TIED.
MM INDICATES DATA IS MISSING.
T  INDICATES TRACE AMOUNT.

$$
