000
CDUS42 KTAE 200635
CLITLH


CLIMATE REPORT
NATIONAL WEATHER SERVICE TALLAHASSEE FL
235 AM EDT SAT SEP 20 2014


...................................

...THE TALLAHASSEE CLIMATE SUMMARY FOR SEPTEMBER 19 2014...

CLIMATE NORMAL PERIOD 1981 TO 2010
CLIMATE RECORD PERIOD 1896 TO 2014


WEATHER ITEM   OBSERVED TIME   RECORD YEAR NORMAL DEPARTURE LAST
                VALUE   (LST)  VALUE       VALUE  FROM      YEAR
                                                  NORMAL
..................................................................
TEMPERATURE (F)
 YESTERDAY
  MAXIMUM         83    107 PM  99    2005  88     -5
  MINIMUM         71   1159 PM  46    1981  68      3
  AVERAGE         77                        78     -1

PRECIPITATION (IN)
  YESTERDAY        T             2.35 1952   0.15  -0.15     0.00
  MONTH TO DATE    5.85                      3.16   2.69     2.34
  SINCE SEP 1      5.85                      3.16   2.69     2.34
  SINCE JAN 1     46.93                     47.07  -0.14    55.63

SNOWFALL (IN)
  YESTERDAY        0.0                       0.0    0.0

DEGREE DAYS
 HEATING
  YESTERDAY        0                                0
  MONTH TO DATE    0                                0
  SINCE SEP 1      0                                0
  SINCE JUL 1      0                                0

 COOLING
  YESTERDAY       12                               -1
  MONTH TO DATE  329                               53
  SINCE SEP 1    329                               53
  SINCE JAN 1   2500                              271
..................................................................


WIND (MPH)
  HIGHEST WIND SPEED    12   HIGHEST WIND DIRECTION    SE (150)
  HIGHEST GUST SPEED    15   HIGHEST GUST DIRECTION    SE (150)
  AVERAGE WIND SPEED     3.3




RELATIVE HUMIDITY (PERCENT)
 HIGHEST    93
 LOWEST     69
 AVERAGE    81

..........................................................


THE TALLAHASSEE CLIMATE NORMALS FOR TODAY
                         NORMAL    RECORD    YEAR
 MAXIMUM TEMPERATURE (F)   88       100      1931
                                             1925
 MINIMUM TEMPERATURE (F)   67        45      1981


SUNRISE AND SUNSET
SEPTEMBER 20 2014.....SUNRISE   725 AM EDT   SUNSET   737 PM EDT
SEPTEMBER 21 2014.....SUNRISE   725 AM EDT   SUNSET   735 PM EDT


-  INDICATES NEGATIVE NUMBERS.
R  INDICATES RECORD WAS SET OR TIED.
MM INDICATES DATA IS MISSING.
T  INDICATES TRACE AMOUNT.




$$
