000
CDUS42 KTAE 270640
CLITLH


CLIMATE REPORT
NATIONAL WEATHER SERVICE TALLAHASSEE FL
239 AM EDT FRI MAY 27 2016


...................................

...THE TALLAHASSEE CLIMATE SUMMARY FOR MAY 26 2016...

CLIMATE NORMAL PERIOD 1981 TO 2010
CLIMATE RECORD PERIOD 1896 TO 2016


WEATHER ITEM   OBSERVED TIME   RECORD YEAR NORMAL DEPARTURE LAST
                VALUE   (LST)  VALUE       VALUE  FROM      YEAR
                                                  NORMAL
..................................................................
TEMPERATURE (F)
 YESTERDAY
  MAXIMUM         92    402 PM 100    2012  89      3       88
  MINIMUM         67    339 AM  41    1979  65      2       71
  AVERAGE         80                        77      3       80

PRECIPITATION (IN)
  YESTERDAY        0.00          3.00 1973   0.15  -0.15     0.05
  MONTH TO DATE    1.63                      2.68  -1.05     1.13
  SINCE MAR 1     14.62                     11.68   2.94     8.55
  SINCE JAN 1     23.32                     20.87   2.45    17.74

SNOWFALL (IN)
  YESTERDAY        0.0                       0.0    0.0

DEGREE DAYS
 HEATING
  YESTERDAY        0                                0
  MONTH TO DATE    0                               -3
  SINCE MAR 1     98                             -152
  SINCE JUL 1    943                             -650

 COOLING
  YESTERDAY       15                                3
  MONTH TO DATE  269                               38
  SINCE MAR 1    524                              154
  SINCE JAN 1    527                              143
..................................................................


WIND (MPH)
  HIGHEST WIND SPEED    13   HIGHEST WIND DIRECTION     E (100)
  HIGHEST GUST SPEED    18   HIGHEST GUST DIRECTION     E (90)
  AVERAGE WIND SPEED     5.8




RELATIVE HUMIDITY (PERCENT)
 HIGHEST    87
 LOWEST     32
 AVERAGE    60

..........................................................


THE TALLAHASSEE CLIMATE NORMALS FOR TODAY
                         NORMAL    RECORD    YEAR
 MAXIMUM TEMPERATURE (F)   89       102      1953
 MINIMUM TEMPERATURE (F)   65        44      1979


SUNRISE AND SUNSET
MAY 27 2016...........SUNRISE   637 AM EDT   SUNSET   832 PM EDT
MAY 28 2016...........SUNRISE   637 AM EDT   SUNSET   833 PM EDT


-  INDICATES NEGATIVE NUMBERS.
R  INDICATES RECORD WAS SET OR TIED.
MM INDICATES DATA IS MISSING.
T  INDICATES TRACE AMOUNT.




$$
