000
CDUS42 KTAE 210651
CLITLH


CLIMATE REPORT
NATIONAL WEATHER SERVICE TALLAHASSEE FL
250 AM EDT TUE OCT 21 2014


...................................

...THE TALLAHASSEE CLIMATE SUMMARY FOR OCTOBER 20 2014...

CLIMATE NORMAL PERIOD 1981 TO 2010
CLIMATE RECORD PERIOD 1896 TO 2014


WEATHER ITEM   OBSERVED TIME   RECORD YEAR NORMAL DEPARTURE LAST
                VALUE   (LST)  VALUE       VALUE  FROM      YEAR
                                                  NORMAL
..................................................................
TEMPERATURE (F)
 YESTERDAY
  MAXIMUM         83    416 PM  90    2005  80      3
  MINIMUM         53    655 AM  34    1996  56     -3
                                      1989
  AVERAGE         68                        68      0

PRECIPITATION (IN)
  YESTERDAY        0.00          2.01 1956   0.09  -0.09     0.00
  MONTH TO DATE    4.87                      2.17   2.70     0.88
  SINCE SEP 1     11.69                      6.86   4.83     4.05
  SINCE JAN 1     52.77                     50.77   2.00    57.34

SNOWFALL (IN)
  YESTERDAY        0.0                       0.0    0.0

DEGREE DAYS
 HEATING
  YESTERDAY        0                               -2
  MONTH TO DATE    8                              -10
  SINCE SEP 1      8                              -11
  SINCE JUL 1      8                              -11

 COOLING
  YESTERDAY        3                               -2
  MONTH TO DATE  138                               -3
  SINCE SEP 1    584                               44
  SINCE JAN 1   2755                              262
..................................................................


WIND (MPH)
  HIGHEST WIND SPEED    12   HIGHEST WIND DIRECTION    SW (220)
  HIGHEST GUST SPEED    15   HIGHEST GUST DIRECTION    SW (210)
  AVERAGE WIND SPEED     2.8




RELATIVE HUMIDITY (PERCENT)
 HIGHEST    87
 LOWEST     47
 AVERAGE    67

..........................................................


THE TALLAHASSEE CLIMATE NORMALS FOR TODAY
                         NORMAL    RECORD    YEAR
 MAXIMUM TEMPERATURE (F)   80        90      2005
                                             1993
 MINIMUM TEMPERATURE (F)   55        30      1989


SUNRISE AND SUNSET
OCTOBER 21 2014.......SUNRISE   744 AM EDT   SUNSET   700 PM EDT
OCTOBER 22 2014.......SUNRISE   744 AM EDT   SUNSET   659 PM EDT


-  INDICATES NEGATIVE NUMBERS.
R  INDICATES RECORD WAS SET OR TIED.
MM INDICATES DATA IS MISSING.
T  INDICATES TRACE AMOUNT.




$$
