000
CDUS42 KTAE 160651
CLITLH


CLIMATE REPORT
NATIONAL WEATHER SERVICE TALLAHASSEE FL
249 AM EDT WED AUG 16 2017

...................................

...THE TALLAHASSEE CLIMATE SUMMARY FOR AUGUST 15 2017...

CLIMATE NORMAL PERIOD 1981 TO 2010
CLIMATE RECORD PERIOD 1896 TO 2017


WEATHER ITEM   OBSERVED TIME   RECORD YEAR NORMAL DEPARTURE LAST
                VALUE   (LST)  VALUE       VALUE  FROM      YEAR
                                                  NORMAL
..................................................................
TEMPERATURE (F)
 YESTERDAY
  MAXIMUM         90   1158 AM 103    1995  92     -2       95
  MINIMUM         74    625 AM  64    1979  72      2       73
  AVERAGE         82                        82      0       84

PRECIPITATION (IN)
  YESTERDAY        0.01          4.57 1994   0.24  -0.23     0.00
  MONTH TO DATE    4.04                      3.89   0.15     5.31
  SINCE JUN 1     21.94                     18.79   3.15    21.62
  SINCE JAN 1     41.74                     40.45   1.29    45.02

SNOWFALL (IN)
  YESTERDAY        0.0                       0.0    0.0

DEGREE DAYS
 HEATING
  YESTERDAY        0                                0
  MONTH TO DATE    0                                0
  SINCE JUN 1      0                                0
  SINCE JUL 1      0                                0

 COOLING
  YESTERDAY       17                                0
  MONTH TO DATE  253                               -2
  SINCE JUN 1   1250                                9
  SINCE JAN 1   1877                              190
..................................................................


WIND (MPH)
  HIGHEST WIND SPEED    18   HIGHEST WIND DIRECTION     S (190)
  HIGHEST GUST SPEED    23   HIGHEST GUST DIRECTION     S (190)
  AVERAGE WIND SPEED     4.3




RELATIVE HUMIDITY (PERCENT)
 HIGHEST   100
 LOWEST     64
 AVERAGE    82

..........................................................


THE TALLAHASSEE CLIMATE NORMALS FOR TODAY
                         NORMAL    RECORD    YEAR
 MAXIMUM TEMPERATURE (F)   92       101      1918
 MINIMUM TEMPERATURE (F)   72        63      2011


SUNRISE AND SUNSET
AUGUST 16 2017........SUNRISE   705 AM EDT   SUNSET   818 PM EDT
AUGUST 17 2017........SUNRISE   706 AM EDT   SUNSET   817 PM EDT


-  INDICATES NEGATIVE NUMBERS.
R  INDICATES RECORD WAS SET OR TIED.
MM INDICATES DATA IS MISSING.
T  INDICATES TRACE AMOUNT.

$$
