000
CDUS42 KTAE 310654
CLITLH


CLIMATE REPORT
NATIONAL WEATHER SERVICE TALLAHASSEE FL
253 AM EDT FRI OCT 31 2014


...................................

...THE TALLAHASSEE CLIMATE SUMMARY FOR OCTOBER 30 2014...

CLIMATE NORMAL PERIOD 1981 TO 2010
CLIMATE RECORD PERIOD 1896 TO 2014


WEATHER ITEM   OBSERVED TIME   RECORD YEAR NORMAL DEPARTURE LAST
                VALUE   (LST)  VALUE       VALUE  FROM      YEAR
                                                  NORMAL
..................................................................
TEMPERATURE (F)
 YESTERDAY
  MAXIMUM         76    435 PM  88    1961  78     -2
  MINIMUM         47   1159 PM  30    1973  52     -5
  AVERAGE         62                        65     -3

PRECIPITATION (IN)
  YESTERDAY        T             4.30 1898   0.09  -0.09     0.00
  MONTH TO DATE    4.87                      3.13   1.74     1.03
  SINCE SEP 1     11.69                      7.82   3.87     4.20
  SINCE JAN 1     52.77                     51.73   1.04    57.49

SNOWFALL (IN)
  YESTERDAY       MM                         0.0   MM

DEGREE DAYS
 HEATING
  YESTERDAY        3                                0
  MONTH TO DATE   19                              -23
  SINCE SEP 1     19                              -24
  SINCE JUL 1     19                              -24

 COOLING
  YESTERDAY        0                               -3
  MONTH TO DATE  162                              -16
  SINCE SEP 1    608                               31
  SINCE JAN 1   2779                              249
..................................................................


WIND (MPH)
  HIGHEST WIND SPEED    18   HIGHEST WIND DIRECTION    NW (300)
  HIGHEST GUST SPEED    32   HIGHEST GUST DIRECTION    NW (330)
  AVERAGE WIND SPEED     4.9




RELATIVE HUMIDITY (PERCENT)
 HIGHEST    93
 LOWEST     31
 AVERAGE    62

..........................................................


THE TALLAHASSEE CLIMATE NORMALS FOR TODAY
                         NORMAL    RECORD    YEAR
 MAXIMUM TEMPERATURE (F)   78        88      1998
                                             1961
 MINIMUM TEMPERATURE (F)   52        30      1993


SUNRISE AND SUNSET
OCTOBER 31 2014.......SUNRISE   751 AM EDT   SUNSET   651 PM EDT
NOVEMBER  1 2014......SUNRISE   752 AM EDT   SUNSET   650 PM EDT


-  INDICATES NEGATIVE NUMBERS.
R  INDICATES RECORD WAS SET OR TIED.
MM INDICATES DATA IS MISSING.
T  INDICATES TRACE AMOUNT.




$$
