000
CDUS44 KBMX 240019
CLITOI


CLIMATE REPORT
NATIONAL WEATHER SERVICE BIRMINGHAM, AL
719 PM CDT SAT MAY 23 2015


...................................

...THE TROY CLIMATE SUMMARY FOR MAY 23 2015...
VALID TODAY AS OF 0700 PM LOCAL TIME.

CLIMATE NORMAL PERIOD 1981 TO 2010
CLIMATE RECORD PERIOD 9999 TO 9999


WEATHER ITEM   OBSERVED TIME   RECORD YEAR NORMAL DEPARTURE LAST
                VALUE   (LST)  VALUE       VALUE  FROM      YEAR
                                                  NORMAL
..................................................................
TEMPERATURE (F)
 TODAY
  MAXIMUM         86    340 PM  MM      MM  86      0       92
  MINIMUM         54    406 AM  MM      MM  61     -7       61
  AVERAGE         70                        73     -3       77

PRECIPITATION (IN)
  TODAY            0.00                      0.13  -0.13     0.00
  MONTH TO DATE    1.01                      2.21  -1.20     4.18
  SINCE MAR 1     10.83                     12.23  -1.40    19.84
  SINCE JAN 1     17.74                     21.36  -3.62    28.90

DEGREE DAYS
 COOLING
  TODAY            5                         8     -3       12
  MONTH TO DATE  183                       135     48      141
  SINCE MAR 1    387                       207    180      213
  SINCE JAN 1    389                       212    177      224
..................................................................


WIND (MPH)
  HIGHEST WIND SPEED    16   HIGHEST WIND DIRECTION     E (100)
  HIGHEST GUST SPEED    22   HIGHEST GUST DIRECTION     E (90)
  AVERAGE WIND SPEED     5.9


SKY COVER
  AVERAGE SKY COVER 0.0


WEATHER CONDITIONS
 THE FOLLOWING WEATHER WAS RECORDED TODAY.
  NO SIGNIFICANT WEATHER WAS OBSERVED.


RELATIVE HUMIDITY (PERCENT)
 HIGHEST   100           400 AM
 LOWEST     37           200 PM
 AVERAGE    69

..........................................................


THE TROY CLIMATE NORMALS FOR TOMORROW
                         NORMAL    RECORD    YEAR
 MAXIMUM TEMPERATURE (F)   86        MM        MM
 MINIMUM TEMPERATURE (F)   61        MM        MM


SUNRISE AND SUNSET
MAY 23 2015...........SUNRISE   543 AM CDT   SUNSET   739 PM CDT
MAY 24 2015...........SUNRISE   542 AM CDT   SUNSET   740 PM CDT


-  INDICATES NEGATIVE NUMBERS.
R  INDICATES RECORD WAS SET OR TIED.
MM INDICATES DATA IS MISSING.
T  INDICATES TRACE AMOUNT.




$$
