000
CDUS44 KBMX 240102
CLITOI


CLIMATE REPORT
NATIONAL WEATHER SERVICE BIRMINGHAM, AL
801 PM CDT SUN APR 23 2017


...................................

...THE TROY CLIMATE SUMMARY FOR APRIL 23 2017...
VALID TODAY AS OF 0700 PM LOCAL TIME.

CLIMATE NORMAL PERIOD 1981 TO 2010
CLIMATE RECORD PERIOD 9999 TO 9999


WEATHER ITEM   OBSERVED TIME   RECORD YEAR NORMAL DEPARTURE LAST
                VALUE   (LST)  VALUE       VALUE  FROM      YEAR
                                                  NORMAL
..................................................................
TEMPERATURE (F)
 TODAY
  MAXIMUM         70    153 AM  MM      MM  78     -8       81
  MINIMUM         59   1158 AM  MM      MM  52      7       55
  AVERAGE         65                        65      0       68

PRECIPITATION (IN)
  TODAY            0.17                      0.09   0.08     0.00
  MONTH TO DATE    1.71                      3.39  -1.68     4.30
  SINCE MAR 1      4.20                      9.42  -5.22     9.56
  SINCE JAN 1     22.83                     18.55   4.28    15.91

SNOWFALL (IN)
  TODAY            0.0                      MM     MM        0.0
  MONTH TO DATE    0.0                      MM     MM        0.0
  SINCE MAR 1      0.0                      MM     MM        0.0
  SINCE JUL 1      0.0                      MM     MM         T
  SNOW DEPTH       0

DEGREE DAYS
 HEATING
  TODAY            0                         2     -2        0
  MONTH TO DATE   39                       100    -61       51
  SINCE MAR 1    256                       382   -126      184
  SINCE JUL 1   1417                      2301   -884     1489

 COOLING
  TODAY            0                         2     -2        3
  MONTH TO DATE   77                        37     40       26
  SINCE MAR 1    129                        51     78      104
  SINCE JAN 1    151                        56     95      111
..................................................................


WIND (MPH)
  HIGHEST WIND SPEED    17   HIGHEST WIND DIRECTION    NW (320)
  HIGHEST GUST SPEED    22   HIGHEST GUST DIRECTION    NW (320)
  AVERAGE WIND SPEED     7.0


SKY COVER
  AVERAGE SKY COVER 0.7


WEATHER CONDITIONS
 THE FOLLOWING WEATHER WAS RECORDED TODAY.
  HEAVY RAIN
  LIGHT RAIN
  FOG


RELATIVE HUMIDITY (PERCENT)
 HIGHEST   100           400 AM
 LOWEST     67           500 PM
 AVERAGE    84

..........................................................


THE TROY CLIMATE NORMALS FOR TOMORROW
                         NORMAL    RECORD    YEAR
 MAXIMUM TEMPERATURE (F)   79        MM        MM
 MINIMUM TEMPERATURE (F)   52        MM        MM


SUNRISE AND SUNSET
APRIL 23 2017.........SUNRISE   606 AM CDT   SUNSET   719 PM CDT
APRIL 24 2017.........SUNRISE   605 AM CDT   SUNSET   720 PM CDT


-  INDICATES NEGATIVE NUMBERS.
R  INDICATES RECORD WAS SET OR TIED.
MM INDICATES DATA IS MISSING.
T  INDICATES TRACE AMOUNT.




$$
