237
CDUS44 KBMX 260854
CLITOI


CLIMATE REPORT
NATIONAL WEATHER SERVICE BIRMINGHAM, AL
354 AM CDT SUN MAR 26 2017


...................................

...THE TROY CLIMATE SUMMARY FOR MARCH 25 2017...

CLIMATE NORMAL PERIOD 1981 TO 2010
CLIMATE RECORD PERIOD 9999 TO 9999


WEATHER ITEM   OBSERVED TIME   RECORD YEAR NORMAL DEPARTURE LAST
                VALUE   (LST)  VALUE       VALUE  FROM      YEAR
                                                  NORMAL
..................................................................
TEMPERATURE (F)
 YESTERDAY
  MAXIMUM         80    330 PM  MM      MM  72      8       76
  MINIMUM         56    559 AM  MM      MM  45     11       59
  AVERAGE         68                        58     10       68

PRECIPITATION (IN)
  YESTERDAY        0.74                      0.24   0.50     0.02
  MONTH TO DATE    2.20                      4.67  -2.47     4.12
  SINCE MAR 1      2.20                      4.67  -2.47     4.12
  SINCE JAN 1     20.83                     13.80   7.03    10.47

SNOWFALL (IN)
  YESTERDAY        0.0                      MM     MM        0.0
  MONTH TO DATE    0.0                      MM     MM        0.0
  SINCE MAR 1      0.0                      MM     MM        0.0
  SINCE JUL 1      0.0                      MM     MM         T
  SNOW DEPTH       0

DEGREE DAYS
 HEATING
  YESTERDAY        0                         7     -7        0
  MONTH TO DATE  217                       242    -25      127
  SINCE MAR 1    217                       242    -25      127
  SINCE JUL 1   1378                      2161   -783     1432

 COOLING
  YESTERDAY        3                         1      2        3
  MONTH TO DATE   22                         5     17       68
  SINCE MAR 1     22                         5     17       68
  SINCE JAN 1     44                        10     34       75
..................................................................


WIND (MPH)
  HIGHEST WIND SPEED    20   HIGHEST WIND DIRECTION     S (160)
  HIGHEST GUST SPEED    26   HIGHEST GUST DIRECTION    SE (130)
  AVERAGE WIND SPEED     9.4


SKY COVER
  AVERAGE SKY COVER 0.5


WEATHER CONDITIONS
 THE FOLLOWING WEATHER WAS RECORDED YESTERDAY.
  HEAVY RAIN
  RAIN
  LIGHT RAIN
  FOG


RELATIVE HUMIDITY (PERCENT)
 HIGHEST   100           200 AM
 LOWEST     48           200 PM
 AVERAGE    74

..........................................................


THE TROY CLIMATE NORMALS FOR TODAY
                         NORMAL    RECORD    YEAR
 MAXIMUM TEMPERATURE (F)   72        MM        MM
 MINIMUM TEMPERATURE (F)   45        MM        MM


SUNRISE AND SUNSET
MARCH 26 2017.........SUNRISE   640 AM CDT   SUNSET   700 PM CDT
MARCH 27 2017.........SUNRISE   639 AM CDT   SUNSET   701 PM CDT


-  INDICATES NEGATIVE NUMBERS.
R  INDICATES RECORD WAS SET OR TIED.
MM INDICATES DATA IS MISSING.
T  INDICATES TRACE AMOUNT.




$$
