000
CDUS42 KTBW 192120
CLITPA


CLIMATE REPORT
NATIONAL WEATHER SERVICE TAMPA BAY FL
518 PM EDT SAT AUG 19 2017


...................................

...THE TAMPA CLIMATE SUMMARY FOR AUGUST 19 2017...
VALID TODAY AS OF 0500 PM LOCAL TIME.

CLIMATE NORMAL PERIOD 1981 TO 2010
CLIMATE RECORD PERIOD 1890 TO 2017


WEATHER ITEM   OBSERVED TIME   RECORD YEAR NORMAL DEPARTURE LAST
                VALUE   (LST)  VALUE       VALUE  FROM      YEAR
                                                  NORMAL
..................................................................
TEMPERATURE (F)
 TODAY
  MAXIMUM         92    344 PM  96    2007  90      2       93
  MINIMUM         77    513 AM  68    1947  76      1       78
  AVERAGE         85                        83      2       86

PRECIPITATION (IN)
  TODAY            0.00          3.44 1972   0.25  -0.25     0.00
  MONTH TO DATE    3.28                      4.74  -1.46     5.94
  SINCE JUN 1     20.17                     18.49   1.68    23.76
  SINCE JAN 1     26.19                     30.69  -4.50    39.66

DEGREE DAYS
 HEATING
  TODAY            0                         0      0        0
  MONTH TO DATE    0                         0      0        0
  SINCE JUN 1      0                         0      0        0
  SINCE JUL 1      0                         0      0        0

 COOLING
  TODAY           20                        18      2       21
  MONTH TO DATE  391                       342     49      354
  SINCE JUN 1   1528                      1416    112     1529
  SINCE JAN 1   2844                      2293    551     2549
..................................................................


WIND (MPH)
  RESULTANT WIND SPEED   2   RESULTANT WIND DIRECTION   S (200)
  HIGHEST WIND SPEED    15   HIGHEST WIND DIRECTION     W (250)
  HIGHEST GUST SPEED    18   HIGHEST GUST DIRECTION     W (250)
  AVERAGE WIND SPEED     2.6


SKY COVER
  POSSIBLE SUNSHINE  MM
  AVERAGE SKY COVER 0.3


WEATHER CONDITIONS
 THE FOLLOWING WEATHER WAS RECORDED TODAY.
  THUNDERSTORM


RELATIVE HUMIDITY (PERCENT)
 HIGHEST    91           300 AM
 LOWEST     52           400 PM

..........................................................


THE TAMPA CLIMATE NORMALS FOR TOMORROW
                         NORMAL    RECORD    YEAR
 MAXIMUM TEMPERATURE (F)   90        96      2015
                                             2007
 MINIMUM TEMPERATURE (F)   76        70      1967
                                             1891


SUNRISE AND SUNSET
AUGUST 19 2017........SUNRISE   702 AM EDT   SUNSET   804 PM EDT
AUGUST 20 2017........SUNRISE   703 AM EDT   SUNSET   803 PM EDT


-  INDICATES NEGATIVE NUMBERS.
R  INDICATES RECORD WAS SET OR TIED.
MM INDICATES DATA IS MISSING.
T  INDICATES TRACE AMOUNT.




$$


&&
------------------------------------------------------------------
******************** SUPPLEMENTAL DATA ***************************

...RUSKIN                HIGH 93    LOW 71    PCPN 0.00
...SARASOTA/BRADENTON    HIGH 91    LOW 73    PCPN TRACE
...LAKELAND*             HIGH 95    LOW 73    PCPN 0.00
...ST. PETERSBURG        HIGH 91    LOW 80    PCPN 0.02
...GULF WATER TEMPERATURE AT CLEARWATER BEACH 90 DEGREES

*LAKELAND DATA IS FROM 4:30 PM FRIDAY TO 4:30 PM SATURDAY
AND MAY REFLECT YESTERDAYS RAINFALL AND HIGH TEMPERATURE.
