000
CDUS42 KTBW 162116
CLITPA


CLIMATE REPORT
NATIONAL WEATHER SERVICE TAMPA BAY FL
515 PM EDT MON OCT 16 2017


...................................

...THE TAMPA CLIMATE SUMMARY FOR OCTOBER 16 2017...
VALID TODAY AS OF 0500 PM LOCAL TIME.

CLIMATE NORMAL PERIOD 1981 TO 2010
CLIMATE RECORD PERIOD 1890 TO 2017


WEATHER ITEM   OBSERVED TIME   RECORD YEAR NORMAL DEPARTURE LAST
                VALUE   (LST)  VALUE       VALUE  FROM      YEAR
                                                  NORMAL
..................................................................
TEMPERATURE (F)
 TODAY
  MAXIMUM         90    251 PM  92    1959  84      6       90
  MINIMUM         75    637 AM  51    1977  68      7       74
  AVERAGE         83                        76      7       82

PRECIPITATION (IN)
  TODAY            0.00          2.39 1917   0.07  -0.07     0.00
  MONTH TO DATE    1.54                      1.42   0.12     1.55
  SINCE SEP 1      8.20                      7.72   0.48     5.69
  SINCE JAN 1     41.82                     41.44   0.38    52.12

DEGREE DAYS
 HEATING
  TODAY            0                         0      0        0
  MONTH TO DATE    0                         0      0        0
  SINCE SEP 1      0                         0      0        0
  SINCE JUL 1      0                         0      0        0

 COOLING
  TODAY           18                        11      7       17
  MONTH TO DATE  297                       208     89      250
  SINCE SEP 1    855                       709    146      820
  SINCE JAN 1   3937                      3224    713     3606
..................................................................


WIND (MPH)
  RESULTANT WIND SPEED   1   RESULTANT WIND DIRECTION   W (260)
  HIGHEST WIND SPEED    13   HIGHEST WIND DIRECTION     W (260)
  HIGHEST GUST SPEED    20   HIGHEST GUST DIRECTION     W (270)
  AVERAGE WIND SPEED     4.1


SKY COVER
  POSSIBLE SUNSHINE  MM
  AVERAGE SKY COVER 0.3


WEATHER CONDITIONS
 THE FOLLOWING WEATHER WAS RECORDED TODAY.
  NO SIGNIFICANT WEATHER WAS OBSERVED.


RELATIVE HUMIDITY (PERCENT)
 HIGHEST    94           400 AM
 LOWEST     56           300 PM

..........................................................


THE TAMPA CLIMATE NORMALS FOR TOMORROW
                         NORMAL    RECORD    YEAR
 MAXIMUM TEMPERATURE (F)   84        93      1990
 MINIMUM TEMPERATURE (F)   68        48      1943


SUNRISE AND SUNSET
OCTOBER 16 2017.......SUNRISE   731 AM EDT   SUNSET   700 PM EDT
OCTOBER 17 2017.......SUNRISE   732 AM EDT   SUNSET   659 PM EDT


-  INDICATES NEGATIVE NUMBERS.
R  INDICATES RECORD WAS SET OR TIED.
MM INDICATES DATA IS MISSING.
T  INDICATES TRACE AMOUNT.




$$


&&
------------------------------------------------------------------
******************** SUPPLEMENTAL DATA ***************************

...RUSKIN                HIGH 91    LOW 73    PCPN 0.01
...SARASOTA/BRADENTON    HIGH 89    LOW 73    PCPN TRACE
...LAKELAND*             HIGH MM    LOW MM    PCPN MM
...ST. PETERSBURG        HIGH 89    LOW 75    PCPN 0.00
...GULF WATER TEMPERATURE AT CLEARWATER BEACH 84 DEGREES

*LAKELAND DATA IS FROM 4:30 PM SUNDAY TO 4:30 PM MONDAY
AND MAY REFLECT YESTERDAYS RAINFALL AND HIGH TEMPERATURE.
