000
CDUS42 KTBW 182123
CLITPA


CLIMATE REPORT
NATIONAL WEATHER SERVICE TAMPA BAY FL
516 PM EDT FRI APR 18 2014


...................................

...THE TAMPA CLIMATE SUMMARY FOR APRIL 18 2014...
VALID TODAY AS OF 0500 PM LOCAL TIME.

CLIMATE NORMAL PERIOD 1981 TO 2010
CLIMATE RECORD PERIOD 1890 TO 2014


WEATHER ITEM   OBSERVED TIME   RECORD YEAR NORMAL DEPARTURE LAST
                VALUE   (LST)  VALUE       VALUE  FROM      YEAR
                                                  NORMAL
..................................................................
TEMPERATURE (F)
 TODAY
  MAXIMUM         78    102 PM  89    2013  81     -3       89
                                      1990
                                      1960
  MINIMUM         67    159 PM  47    1905  63      4       70
  AVERAGE         73                        72      1       80

PRECIPITATION (IN)
  TODAY            0.45          1.82 1899   0.07   0.38     0.00
  MONTH TO DATE    0.80                      1.31  -0.51     1.16
  SINCE MAR 1      5.75                      4.34   1.41     3.22
  SINCE JAN 1     10.70                      9.38   1.32     4.78

DEGREE DAYS
 HEATING
  TODAY            0                         0      0        0
  MONTH TO DATE    0                         9     -9        0
  SINCE MAR 1     48                        65    -17      143
  SINCE JUL 1    444                       536    -92      400

 COOLING
  TODAY            8                         8      0       15
  MONTH TO DATE  126                       114     12      185
  SINCE MAR 1    204                       240    -36      230
  SINCE JAN 1    308                       353    -45      444
..................................................................


WIND (MPH)
  RESULTANT WIND SPEED   6   RESULTANT WIND DIRECTION   E (110)
  HIGHEST WIND SPEED    28   HIGHEST WIND DIRECTION    SW (240)
  HIGHEST GUST SPEED    36   HIGHEST GUST DIRECTION    SW (230)
  AVERAGE WIND SPEED     7.9


SKY COVER
  POSSIBLE SUNSHINE  MM
  AVERAGE SKY COVER 1.0


WEATHER CONDITIONS
 THE FOLLOWING WEATHER WAS RECORDED TODAY.
  THUNDERSTORM
  RAIN
  LIGHT RAIN
  FOG


RELATIVE HUMIDITY (PERCENT)
 HIGHEST    90           200 AM
 LOWEST     74           100 PM

..........................................................


THE TAMPA CLIMATE NORMALS FOR TOMORROW
                         NORMAL    RECORD    YEAR
 MAXIMUM TEMPERATURE (F)   82        90      2011
                                             1967
 MINIMUM TEMPERATURE (F)   64        48      2001


SUNRISE AND SUNSET
APRIL 18 2014.........SUNRISE   702 AM EDT   SUNSET   757 PM EDT
APRIL 19 2014.........SUNRISE   701 AM EDT   SUNSET   758 PM EDT


-  INDICATES NEGATIVE NUMBERS.
R  INDICATES RECORD WAS SET OR TIED.
MM INDICATES DATA IS MISSING.
T  INDICATES TRACE AMOUNT.




$$


&&
------------------------------------------------------------------
******************** SUPPLEMENTAL DATA ***************************

...RUSKIN                HIGH 79    LOW 67    PCPN 0.19
...SARASOTA/BRADENTON    HIGH 81    LOW 68    PCPN 0.46
...LAKELAND              HIGH 81    LOW 67    PCPN 0.22
...ST. PETERSBURG        HIGH 77    LOW 69    PCPN 0.26
...GULF WATER TEMPERATURE AT CLEARWATER BEACH 72
