000
CDUS42 KTBW 282216
CLITPA


CLIMATE REPORT
NATIONAL WEATHER SERVICE TAMPA BAY FL
512 PM EST SUN DEC 28 2014


...................................

...THE TAMPA CLIMATE SUMMARY FOR DECEMBER 28 2014...
VALID TODAY AS OF 0500 PM LOCAL TIME.

CLIMATE NORMAL PERIOD 1981 TO 2010
CLIMATE RECORD PERIOD 1890 TO 2014


WEATHER ITEM   OBSERVED TIME   RECORD YEAR NORMAL DEPARTURE LAST
                VALUE   (LST)  VALUE       VALUE  FROM      YEAR
                                                  NORMAL
..................................................................
TEMPERATURE (F)
 TODAY
  MAXIMUM         78    251 PM  84    1990  70      8       79
  MINIMUM         64    436 AM  29    1902  52     12       65
  AVERAGE         71                        61     10       72

PRECIPITATION (IN)
  TODAY            T             0.90 2012   0.07  -0.07     0.00
  MONTH TO DATE    0.93                      2.26  -1.33     0.27
  SINCE DEC 1      0.93                      2.26  -1.33     0.27
  SINCE JAN 1     57.23                     46.09  11.14    51.94

DEGREE DAYS
 HEATING
  TODAY            0                         6     -6        0
  MONTH TO DATE   86                       121    -35       32
  SINCE DEC 1     86                       121    -35       32
  SINCE JUL 1    174                       165      9       62

 COOLING
  TODAY            6                         2      4        7
  MONTH TO DATE   86                        72     14      147
  SINCE DEC 1     86                        72     14      147
  SINCE JAN 1   3511                      3602    -91     3883
..................................................................


WIND (MPH)
  RESULTANT WIND SPEED   3   RESULTANT WIND DIRECTION  SW (210)
  HIGHEST WIND SPEED    13   HIGHEST WIND DIRECTION     S (180)
  HIGHEST GUST SPEED    17   HIGHEST GUST DIRECTION     S (200)
  AVERAGE WIND SPEED     4.0


SKY COVER
  POSSIBLE SUNSHINE  MM
  AVERAGE SKY COVER 0.7


WEATHER CONDITIONS
 THE FOLLOWING WEATHER WAS RECORDED TODAY.
  FOG
  HAZE


RELATIVE HUMIDITY (PERCENT)
 HIGHEST    93           500 AM
 LOWEST     67           200 PM

..........................................................


THE TAMPA CLIMATE NORMALS FOR TOMORROW
                         NORMAL    RECORD    YEAR
 MAXIMUM TEMPERATURE (F)   70        85      1990
 MINIMUM TEMPERATURE (F)   52        19      1894


SUNRISE AND SUNSET
DECEMBER 28 2014......SUNRISE   720 AM EST   SUNSET   543 PM EST
DECEMBER 29 2014......SUNRISE   721 AM EST   SUNSET   544 PM EST


-  INDICATES NEGATIVE NUMBERS.
R  INDICATES RECORD WAS SET OR TIED.
MM INDICATES DATA IS MISSING.
T  INDICATES TRACE AMOUNT.




$$


&&
------------------------------------------------------------------
******************** SUPPLEMENTAL DATA ***************************

...RUSKIN                HIGH 81    LOW 62    PCPN 0.00
...SARASOTA/BRADENTON    HIGH 77    LOW 61    PCPN 0.00
...LAKELAND              HIGH 82    LOW 61    PCPN 0.00
...ST. PETERSBURG        HIGH 77    LOW 61    PCPN 0.00
...GULF WATER TEMPERATURE AT CLEARWATER BEACH 68
