000
CDUS42 KTBW 302130
CLITPA


CLIMATE REPORT
NATIONAL WEATHER SERVICE TAMPA BAY FL
527 PM EDT THU OCT 30 2014


...................................

...THE TAMPA CLIMATE SUMMARY FOR OCTOBER 30 2014...
VALID TODAY AS OF 0500 PM LOCAL TIME.

CLIMATE NORMAL PERIOD 1981 TO 2010
CLIMATE RECORD PERIOD 1890 TO 2014


WEATHER ITEM   OBSERVED TIME   RECORD YEAR NORMAL DEPARTURE LAST
                VALUE   (LST)  VALUE       VALUE  FROM      YEAR
                                                  NORMAL
..................................................................
TEMPERATURE (F)
 TODAY
  MAXIMUM         82   1053 AM  91    2009  81      1       86
  MINIMUM         70    513 AM  41    1963  64      6       67
  AVERAGE         76                        73      3       77

PRECIPITATION (IN)
  TODAY            0.00          1.35 1894   0.05  -0.05     0.00
  MONTH TO DATE    1.52                      2.21  -0.69     0.82
  SINCE SEP 1     11.09                      8.51   2.58     8.19
  SINCE JAN 1     51.04                     42.23   8.81    50.71

DEGREE DAYS
 HEATING
  TODAY            0                         0      0        0
  MONTH TO DATE    0                         0      0        0
  SINCE SEP 1      0                         0      0        0
  SINCE JUL 1      0                         0      0        0

 COOLING
  TODAY           11                         8      3       12
  MONTH TO DATE  339                       342     -3      377
  SINCE SEP 1    828                       843    -15      892
  SINCE JAN 1   3345                      3358    -13     3529
..................................................................


WIND (MPH)
  RESULTANT WIND SPEED   0   RESULTANT WIND DIRECTION   W (250)
  HIGHEST WIND SPEED    10   HIGHEST WIND DIRECTION    SW (220)
  HIGHEST GUST SPEED    12   HIGHEST GUST DIRECTION    SW (220)
  AVERAGE WIND SPEED     2.6


SKY COVER
  POSSIBLE SUNSHINE  MM
  AVERAGE SKY COVER 0.6


WEATHER CONDITIONS
 THE FOLLOWING WEATHER WAS RECORDED TODAY.
  NO SIGNIFICANT WEATHER WAS OBSERVED.


RELATIVE HUMIDITY (PERCENT)
 HIGHEST    84          1200 AM
 LOWEST     47          1100 AM

..........................................................


THE TAMPA CLIMATE NORMALS FOR TOMORROW
                         NORMAL    RECORD    YEAR
 MAXIMUM TEMPERATURE (F)   81        89      1972
                                             1971
 MINIMUM TEMPERATURE (F)   64        43      1963


SUNRISE AND SUNSET
OCTOBER 30 2014.......SUNRISE   740 AM EDT   SUNSET   647 PM EDT
OCTOBER 31 2014.......SUNRISE   741 AM EDT   SUNSET   647 PM EDT


-  INDICATES NEGATIVE NUMBERS.
R  INDICATES RECORD WAS SET OR TIED.
MM INDICATES DATA IS MISSING.
T  INDICATES TRACE AMOUNT.




$$


&&
------------------------------------------------------------------
******************** SUPPLEMENTAL DATA ***************************

...RUSKIN                HIGH 84    LOW 66    PCPN 0.00
...SARASOTA/BRADENTON    HIGH 84    LOW 66    PCPN 0.00
...LAKELAND              HIGH 82    LOW 63    PCPN 0.00
...ST. PETERSBURG        HIGH 81    LOW 73    PCPN 0.00

...GULF WATER TEMPERATURE AT CLEARWATER BEACH 77
