000
CDUS42 KTBW 250938
CLITPA


CLIMATE REPORT
NATIONAL WEATHER SERVICE TAMPA BAY FL
434 AM EST SUN FEB 25 2018


...................................

...THE TAMPA CLIMATE SUMMARY FOR FEBRUARY 24 2018...

CLIMATE NORMAL PERIOD 1981 TO 2010
CLIMATE RECORD PERIOD 1890 TO 2018


WEATHER ITEM   OBSERVED TIME   RECORD YEAR NORMAL DEPARTURE LAST
                VALUE   (LST)  VALUE       VALUE  FROM      YEAR
                                                  NORMAL
..................................................................
TEMPERATURE (F)
 YESTERDAY
  MAXIMUM         84    308 PM  85    2001  74     10       82
  MINIMUM         68    735 AM  32    1901  56     12       65
  AVERAGE         76                        65     11       74

PRECIPITATION (IN)
  YESTERDAY        T             2.22 2004   0.09  -0.09     0.00
  MONTH TO DATE    2.61                      2.44   0.17     2.06
  SINCE DEC 1      8.46                      7.14   1.32     3.39
  SINCE JAN 1      7.61                      4.67   2.94     2.96

DEGREE DAYS
 HEATING
  YESTERDAY        0                         3     -3        0
  MONTH TO DATE    1                        95    -94       13
  SINCE DEC 1    263                       416   -153      121
  SINCE JUL 1    271                       460   -189      136

 COOLING
  YESTERDAY       11                         3      8        9
  MONTH TO DATE  224                        50    174       91
  SINCE DEC 1    413                       180    233      410
  SINCE JAN 1    275                       100    175      218
..................................................................


WIND (MPH)
  RESULTANT WIND SPEED   2   RESULTANT WIND DIRECTION   S (170)
  HIGHEST WIND SPEED    15   HIGHEST WIND DIRECTION    SE (150)
  HIGHEST GUST SPEED    21   HIGHEST GUST DIRECTION    SE (140)
  AVERAGE WIND SPEED     5.2


SKY COVER
  POSSIBLE SUNSHINE  MM
  AVERAGE SKY COVER 0.4


WEATHER CONDITIONS
 THE FOLLOWING WEATHER WAS RECORDED YESTERDAY.
  NO SIGNIFICANT WEATHER WAS OBSERVED.


RELATIVE HUMIDITY (PERCENT)
 HIGHEST    87           700 AM
 LOWEST     51           100 PM
 AVERAGE    69

..........................................................


THE TAMPA CLIMATE NORMALS FOR TODAY
                         NORMAL    RECORD    YEAR
 MAXIMUM TEMPERATURE (F)   74        87      1962
 MINIMUM TEMPERATURE (F)   56        31      1989


SUNRISE AND SUNSET
FEBRUARY 25 2018......SUNRISE   659 AM EST   SUNSET   628 PM EST
FEBRUARY 26 2018......SUNRISE   658 AM EST   SUNSET   629 PM EST


-  INDICATES NEGATIVE NUMBERS.
R  INDICATES RECORD WAS SET OR TIED.
MM INDICATES DATA IS MISSING.
T  INDICATES TRACE AMOUNT.




$$


&&
------------------------------------------------------------------
******************** SUPPLEMENTAL DATA ***************************

...RUSKIN                HIGH 85    LOW 64    PCPN TRACE
...SARASOTA/BRADENTON    HIGH 84    LOW 63    PCPN TRACE
...ST. PETERSBURG        HIGH 83    LOW 69    PCPN TRACE
...GULF WATER TEMPERATURE AT CLEARWATER BEACH 74 DEGREES
