000
CDUS42 KTBW 210929
CLITPA


CLIMATE REPORT
NATIONAL WEATHER SERVICE TAMPA BAY FL
427 AM EST SAT JAN 21 2017


...................................

...THE TAMPA CLIMATE SUMMARY FOR JANUARY 20 2017...

CLIMATE NORMAL PERIOD 1981 TO 2010
CLIMATE RECORD PERIOD 1890 TO 2017


WEATHER ITEM   OBSERVED TIME   RECORD YEAR NORMAL DEPARTURE LAST
                VALUE   (LST)  VALUE       VALUE  FROM      YEAR
                                                  NORMAL
..................................................................
TEMPERATURE (F)
 YESTERDAY
  MAXIMUM         80    106 PM  85    1990  70     10       66
  MINIMUM         66    735 AM  26    1977  52     14       41
  AVERAGE         73                        61     12       54

PRECIPITATION (IN)
  YESTERDAY        0.00          1.31 1903   0.08  -0.08     0.00
  MONTH TO DATE    0.23                      1.35  -1.12     2.97
  SINCE DEC 1      0.66                      3.82  -3.16     3.46
  SINCE JAN 1      0.23                      1.35  -1.12     2.97

DEGREE DAYS
 HEATING
  YESTERDAY        0                         6     -6       11
  MONTH TO DATE   42                       120    -78      106
  SINCE DEC 1     69                       259   -190      114
  SINCE JUL 1     84                       303   -219      119

 COOLING
  YESTERDAY        8                         2      6        0
  MONTH TO DATE   98                        38     60       28
  SINCE DEC 1    290                       118    172      303
  SINCE JAN 1     98                        38     60       28
..................................................................


WIND (MPH)
  RESULTANT WIND SPEED   6   RESULTANT WIND DIRECTION   S (180)
  HIGHEST WIND SPEED    13   HIGHEST WIND DIRECTION     S (190)
  HIGHEST GUST SPEED    16   HIGHEST GUST DIRECTION     S (180)
  AVERAGE WIND SPEED     6.3


SKY COVER
  POSSIBLE SUNSHINE  MM
  AVERAGE SKY COVER 0.4


WEATHER CONDITIONS
 THE FOLLOWING WEATHER WAS RECORDED YESTERDAY.
  NO SIGNIFICANT WEATHER WAS OBSERVED.


RELATIVE HUMIDITY (PERCENT)
 HIGHEST    93           600 AM
 LOWEST     58           100 PM
 AVERAGE    76

..........................................................


THE TAMPA CLIMATE NORMALS FOR TODAY
                         NORMAL    RECORD    YEAR
 MAXIMUM TEMPERATURE (F)   70        83      1959
                                             1929
 MINIMUM TEMPERATURE (F)   52        21      1985


SUNRISE AND SUNSET
JANUARY 21 2017.......SUNRISE   721 AM EST   SUNSET   602 PM EST
JANUARY 22 2017.......SUNRISE   721 AM EST   SUNSET   603 PM EST


-  INDICATES NEGATIVE NUMBERS.
R  INDICATES RECORD WAS SET OR TIED.
MM INDICATES DATA IS MISSING.
T  INDICATES TRACE AMOUNT.




$$


&&
------------------------------------------------------------------
******************** SUPPLEMENTAL DATA ***************************

...RUSKIN                HIGH 82    LOW 59    PCPN 0.00
...SARASOTA/BRADENTON    HIGH 77    LOW 59    PCPN 0.00
...ST. PETERSBURG        HIGH 76    LOW 64    PCPN 0.00
...GULF WATER TEMPERATURE AT CLEARWATER BEACH 69 DEGREES
