000
CDUS42 KTBW 260831
CLITPA


CLIMATE REPORT
NATIONAL WEATHER SERVICE TAMPA BAY FL
429 AM EDT WED APR 26 2017


...................................

...THE TAMPA CLIMATE SUMMARY FOR APRIL 25 2017...

CLIMATE NORMAL PERIOD 1981 TO 2010
CLIMATE RECORD PERIOD 1890 TO 2017


WEATHER ITEM   OBSERVED TIME   RECORD YEAR NORMAL DEPARTURE LAST
                VALUE   (LST)  VALUE       VALUE  FROM      YEAR
                                                  NORMAL
..................................................................
TEMPERATURE (F)
 YESTERDAY
  MAXIMUM         80    121 PM  93    1958  83     -3       86
  MINIMUM         66    609 AM  52    2005  65      1       72
                                      1903
  AVERAGE         73                        74     -1       79

PRECIPITATION (IN)
  YESTERDAY        0.00          3.45 2003   0.06  -0.06     0.13
  MONTH TO DATE    0.59                      1.75  -1.16     1.67
  SINCE MAR 1      1.58                      4.78  -3.20     3.43
  SINCE JAN 1      4.54                      9.82  -5.28    12.14

DEGREE DAYS
 HEATING
  YESTERDAY        0                         0      0        0
  MONTH TO DATE    0                         9     -9        0
  SINCE MAR 1     28                        65    -37       15
  SINCE JUL 1    164                       536   -372      323

 COOLING
  YESTERDAY        8                         9     -1       14
  MONTH TO DATE  278                       173    105      220
  SINCE MAR 1    469                       299    170      435
  SINCE JAN 1    722                       412    310      513
..................................................................


WIND (MPH)
  RESULTANT WIND SPEED   9   RESULTANT WIND DIRECTION   W (270)
  HIGHEST WIND SPEED    18   HIGHEST WIND DIRECTION     W (270)
  HIGHEST GUST SPEED    26   HIGHEST GUST DIRECTION     W (270)
  AVERAGE WIND SPEED     9.0


SKY COVER
  POSSIBLE SUNSHINE  MM
  AVERAGE SKY COVER 0.6


WEATHER CONDITIONS
 THE FOLLOWING WEATHER WAS RECORDED YESTERDAY.
  NO SIGNIFICANT WEATHER WAS OBSERVED.


RELATIVE HUMIDITY (PERCENT)
 HIGHEST    61           800 PM
 LOWEST     40          1200 PM
 AVERAGE    51

..........................................................


THE TAMPA CLIMATE NORMALS FOR TODAY
                         NORMAL    RECORD    YEAR
 MAXIMUM TEMPERATURE (F)   83        92      1991
                                             1964
 MINIMUM TEMPERATURE (F)   65        50      1983
                                             1974
                                             1910


SUNRISE AND SUNSET
APRIL 26 2017.........SUNRISE   654 AM EDT   SUNSET   802 PM EDT
APRIL 27 2017.........SUNRISE   653 AM EDT   SUNSET   802 PM EDT


-  INDICATES NEGATIVE NUMBERS.
R  INDICATES RECORD WAS SET OR TIED.
MM INDICATES DATA IS MISSING.
T  INDICATES TRACE AMOUNT.




$$


&&
------------------------------------------------------------------
******************** SUPPLEMENTAL DATA ***************************

...RUSKIN                HIGH 77    LOW 62    PCPN 0.00
...SARASOTA/BRADENTON    HIGH 78    LOW 63    PCPN 0.00
...ST. PETERSBURG        HIGH 74    LOW 66    PCPN 0.00
...GULF WATER TEMPERATURE AT CLEARWATER BEACH 77 DEGREES
