000
CDUS42 KTBW 252135
CLITPA


CLIMATE REPORT
NATIONAL WEATHER SERVICE TAMPA BAY FL
532 PM EDT WED MAY 25 2016


...................................

...THE TAMPA CLIMATE SUMMARY FOR MAY 25 2016...
VALID TODAY AS OF 0500 PM LOCAL TIME.

CLIMATE NORMAL PERIOD 1981 TO 2010
CLIMATE RECORD PERIOD 1890 TO 2016


WEATHER ITEM   OBSERVED TIME   RECORD YEAR NORMAL DEPARTURE LAST
                VALUE   (LST)  VALUE       VALUE  FROM      YEAR
                                                  NORMAL
..................................................................
TEMPERATURE (F)
 TODAY
  MAXIMUM         91    357 PM  96    2012  89      2       93
  MINIMUM         74    359 AM  58    1892  72      2       74
  AVERAGE         83                        80      3       84

PRECIPITATION (IN)
  TODAY            0.00          2.45 1984   0.09  -0.09     0.00
  MONTH TO DATE    3.76                      1.52   2.24     3.18
  SINCE MAR 1      7.19                      6.58   0.61     9.03
  SINCE JAN 1     15.90                     11.62   4.28    17.33

DEGREE DAYS
 HEATING
  TODAY            0                         0      0        0
  MONTH TO DATE    0                         0      0        0
  SINCE MAR 1     15                        67    -52       12
  SINCE JUL 1    323                       538   -215      467

 COOLING
  TODAY           18                        15      3       19
  MONTH TO DATE  335                       323     12      388
  SINCE MAR 1    844                       670    174     1053
  SINCE JAN 1    922                       783    139     1120
..................................................................


WIND (MPH)
  RESULTANT WIND SPEED   7   RESULTANT WIND DIRECTION   E (110)
  HIGHEST WIND SPEED    14   HIGHEST WIND DIRECTION    SE (130)
  HIGHEST GUST SPEED    19   HIGHEST GUST DIRECTION    SE (140)
  AVERAGE WIND SPEED     7.5


SKY COVER
  POSSIBLE SUNSHINE  MM
  AVERAGE SKY COVER 0.4


WEATHER CONDITIONS
 THE FOLLOWING WEATHER WAS RECORDED TODAY.
  NO SIGNIFICANT WEATHER WAS OBSERVED.


RELATIVE HUMIDITY (PERCENT)
 HIGHEST    69           500 AM
 LOWEST     38           300 PM

..........................................................


THE TAMPA CLIMATE NORMALS FOR TOMORROW
                         NORMAL    RECORD    YEAR
 MAXIMUM TEMPERATURE (F)   89        98      1975
 MINIMUM TEMPERATURE (F)   72        60      1979
                                             1967


SUNRISE AND SUNSET
MAY 25 2016...........SUNRISE   636 AM EDT   SUNSET   819 PM EDT
MAY 26 2016...........SUNRISE   635 AM EDT   SUNSET   819 PM EDT


-  INDICATES NEGATIVE NUMBERS.
R  INDICATES RECORD WAS SET OR TIED.
MM INDICATES DATA IS MISSING.
T  INDICATES TRACE AMOUNT.




$$


&&
------------------------------------------------------------------
******************** SUPPLEMENTAL DATA ***************************

...GULF WATER TEMPERATURE AT CLEARWATER BEACH 83 DEGREES
