000
CDUS45 KLKN 240926
CLITPH


CLIMATE REPORT
NATIONAL WEATHER SERVICE ELKO NV
226 AM PDT TUE MAY 24 2016


...................................

...THE TONOPAH AIRPORT NV CLIMATE SUMMARY FOR MAY 23 2016...

CLIMATE NORMAL PERIOD 1981 TO 2010
CLIMATE RECORD PERIOD 1954 TO 2016


WEATHER ITEM   OBSERVED TIME   RECORD YEAR NORMAL DEPARTURE LAST
                VALUE   (LST)  VALUE       VALUE  FROM      YEAR
                                                  NORMAL
..................................................................
TEMPERATURE (F)
 YESTERDAY
  MAXIMUM         69    331 PM  93    1984  77     -8       66
  MINIMUM         40    430 AM  31    2010  45     -5       44
  AVERAGE         55                        61     -6       55

PRECIPITATION (IN)
  YESTERDAY        0.00          0.60 1963   0.02  -0.02      T
  MONTH TO DATE    0.17                      0.38  -0.21     1.24
  SINCE OCT 1      5.40                      3.47   1.93     2.29
  SINCE JAN 1      2.02                      2.38  -0.36     1.81

DEGREE DAYS
 HEATING
  YESTERDAY       10                         5      5       10
  MONTH TO DATE  190                       184      6      230
  SINCE MAR 1   1169                      1335   -166     1116
  SINCE JUL 1   5096                      5377   -281     4238

 COOLING
  YESTERDAY        0                         1     -1        0
  MONTH TO DATE    1                        10     -9        0
  SINCE MAR 1      1                        11    -10        0
  SINCE JAN 1      1                        11    -10        0
..................................................................


WIND (MPH)
  HIGHEST WIND SPEED    25   HIGHEST WIND DIRECTION    NW (330)
  HIGHEST GUST SPEED    34   HIGHEST GUST DIRECTION    NW (320)
  AVERAGE WIND SPEED    10.1



WEATHER CONDITIONS
 THE FOLLOWING WEATHER WAS RECORDED YESTERDAY.
  NO SIGNIFICANT WEATHER WAS OBSERVED.


RELATIVE HUMIDITY (PERCENT)
 HIGHEST    50          1100 PM
 LOWEST     15           200 PM
 AVERAGE    33

..........................................................


THE TONOPAH AIRPORT NV CLIMATE NORMALS FOR TODAY
                         NORMAL    RECORD    YEAR
 MAXIMUM TEMPERATURE (F)   77        91      2001
 MINIMUM TEMPERATURE (F)   45        24      1978


SUNRISE AND SUNSET
MAY 24 2016...........SUNRISE   531 AM PDT   SUNSET   800 PM PDT
MAY 25 2016...........SUNRISE   530 AM PDT   SUNSET   801 PM PDT


-  INDICATES NEGATIVE NUMBERS.
R  INDICATES RECORD WAS SET OR TIED.
MM INDICATES DATA IS MISSING.
T  INDICATES TRACE AMOUNT.




$$
