000
CDUS45 KLKN 250026
CLITPH


CLIMATE REPORT
NATIONAL WEATHER SERVICE ELKO NV
526 PM PDT THU JUL 24 2014


...................................

...THE TONOPAH AIRPORT NV CLIMATE SUMMARY FOR JULY 24 2014...
VALID TODAY AS OF 0500 PM LOCAL TIME.

CLIMATE NORMAL PERIOD 1981 TO 2010
CLIMATE RECORD PERIOD 1954 TO 2014


WEATHER ITEM   OBSERVED TIME   RECORD YEAR NORMAL DEPARTURE LAST
                VALUE   (LST)  VALUE       VALUE  FROM      YEAR
                                                  NORMAL
..................................................................
TEMPERATURE (F)
 TODAY
  MAXIMUM         96    358 PM 101    1996  93      3       91
                                      1980
  MINIMUM         61    519 AM  45    1987  58      3       62
  AVERAGE         79                        75      4       77

PRECIPITATION (IN)
  TODAY            0.00          0.64 1956   0.02  -0.02     0.00
  MONTH TO DATE    1.08                      0.32   0.76     0.44
  SINCE OCT 1      2.46                      4.22  -1.76     2.61
  SINCE JAN 1      2.00                      3.13  -1.13     1.39

DEGREE DAYS
 HEATING
  TODAY            0                         0      0        0
  MONTH TO DATE    0                         0      0        0
  SINCE JUN 1     15                        50    -35        3
  SINCE JUL 1      0                         0      0        0

 COOLING
  TODAY           14                        10      4       12
  MONTH TO DATE  322                       228     94      329
  SINCE JUN 1    538                       373    165      581
  SINCE JAN 1    572                       400    172      604
..................................................................


WIND (MPH)
  HIGHEST WIND SPEED    20   HIGHEST WIND DIRECTION     S (190)
  HIGHEST GUST SPEED    25   HIGHEST GUST DIRECTION     S (200)



WEATHER CONDITIONS
 THE FOLLOWING WEATHER WAS RECORDED TODAY.
  NO SIGNIFICANT WEATHER WAS OBSERVED.


RELATIVE HUMIDITY (PERCENT)
 HIGHEST    27           500 AM
 LOWEST      6           300 PM
 AVERAGE    17

..........................................................


THE TONOPAH AIRPORT NV CLIMATE NORMALS FOR TOMORROW
                         NORMAL    RECORD    YEAR
 MAXIMUM TEMPERATURE (F)   93       102      1980
 MINIMUM TEMPERATURE (F)   58        45      1983


SUNRISE AND SUNSET
JULY 24 2014..........SUNRISE   545 AM PDT   SUNSET   805 PM PDT
JULY 25 2014..........SUNRISE   545 AM PDT   SUNSET   804 PM PDT


-  INDICATES NEGATIVE NUMBERS.
R  INDICATES RECORD WAS SET OR TIED.
MM INDICATES DATA IS MISSING.
T  INDICATES TRACE AMOUNT.




$$
