000
CDUS45 KLKN 230928
CLITPH


CLIMATE REPORT
NATIONAL WEATHER SERVICE ELKO NV
227 AM PDT SAT JUL 23 2016


...................................

...THE TONOPAH AIRPORT NV CLIMATE SUMMARY FOR JULY 22 2016...

CLIMATE NORMAL PERIOD 1981 TO 2010
CLIMATE RECORD PERIOD 1954 TO 2016


WEATHER ITEM   OBSERVED TIME   RECORD YEAR NORMAL DEPARTURE LAST
                VALUE   (LST)  VALUE       VALUE  FROM      YEAR
                                                  NORMAL
..................................................................
TEMPERATURE (F)
 YESTERDAY
  MAXIMUM         97    505 PM 101    1996  93      4       87
  MINIMUM         62    430 AM  40    1987  58      4       59
  AVERAGE         80                        75      5       73

PRECIPITATION (IN)
  YESTERDAY        0.00          0.56 2012   0.02  -0.02     0.02
  MONTH TO DATE    0.08                      0.28  -0.20     0.11
  SINCE OCT 1      5.74                      4.18   1.56     2.66
  SINCE JAN 1      2.36                      3.09  -0.73     2.18

DEGREE DAYS
 HEATING
  YESTERDAY        0                         0      0        0
  MONTH TO DATE    0                         0      0        0
  SINCE JUN 1     10                        50    -40        6
  SINCE JUL 1      0                         0      0        0

 COOLING
  YESTERDAY       15                        10      5        8
  MONTH TO DATE  227                       208     19      184
  SINCE JUN 1    497                       353    144      475
  SINCE JAN 1    505                       380    125      498
..................................................................


WIND (MPH)
  HIGHEST WIND SPEED    18   HIGHEST WIND DIRECTION     W (260)
  HIGHEST GUST SPEED    26   HIGHEST GUST DIRECTION    SW (240)
  AVERAGE WIND SPEED     8.6



WEATHER CONDITIONS
 THE FOLLOWING WEATHER WAS RECORDED YESTERDAY.
  NO SIGNIFICANT WEATHER WAS OBSERVED.


RELATIVE HUMIDITY (PERCENT)
 HIGHEST    23           400 AM
 LOWEST      5           600 PM
 AVERAGE    14

..........................................................


THE TONOPAH AIRPORT NV CLIMATE NORMALS FOR TODAY
                         NORMAL    RECORD    YEAR
 MAXIMUM TEMPERATURE (F)   93       103      1996
 MINIMUM TEMPERATURE (F)   58        45      1987
                                             1983


SUNRISE AND SUNSET
JULY 23 2016..........SUNRISE   544 AM PDT   SUNSET   805 PM PDT
JULY 24 2016..........SUNRISE   545 AM PDT   SUNSET   804 PM PDT


-  INDICATES NEGATIVE NUMBERS.
R  INDICATES RECORD WAS SET OR TIED.
MM INDICATES DATA IS MISSING.
T  INDICATES TRACE AMOUNT.




$$
