000
CDUS45 KLKN 280026
CLITPH


CLIMATE REPORT
NATIONAL WEATHER SERVICE ELKO NV
526 PM PDT WED AUG 27 2014


...................................

...THE TONOPAH AIRPORT NV CLIMATE SUMMARY FOR AUGUST 27 2014...
VALID TODAY AS OF 0500 PM LOCAL TIME.

CLIMATE NORMAL PERIOD 1981 TO 2010
CLIMATE RECORD PERIOD 1954 TO 2014


WEATHER ITEM   OBSERVED TIME   RECORD YEAR NORMAL DEPARTURE LAST
                VALUE   (LST)  VALUE       VALUE  FROM      YEAR
                                                  NORMAL
..................................................................
TEMPERATURE (F)
 TODAY
  MAXIMUM         86    215 PM  96    2011  88     -2       85
                                      2001
  MINIMUM         52    549 AM  42    1990  54     -2       55
                                      1963
                                      1954
  AVERAGE         69                        70     -1       70

PRECIPITATION (IN)
  TODAY            0.00          0.35 2000   0.02  -0.02     0.00
                                      1970
  MONTH TO DATE    0.77                      0.45   0.32     0.16
  SINCE OCT 1      3.48                      4.80  -1.32     3.24
  SINCE JAN 1      3.02                      3.71  -0.69     2.02

DEGREE DAYS
 HEATING
  TODAY            0                         0      0        0
  MONTH TO DATE    0                         0      0        0
  SINCE JUN 1     15                        52    -37        3
  SINCE JUL 1      0                         2     -2        0

 COOLING
  TODAY            4                         6     -2        5
  MONTH TO DATE  174                       217    -43      208
  SINCE JUN 1    792                       665    127      859
  SINCE JAN 1    826                       692    134      882
..................................................................


WIND (MPH)
  HIGHEST WIND SPEED    17   HIGHEST WIND DIRECTION    NW (330)
  HIGHEST GUST SPEED    20   HIGHEST GUST DIRECTION     W (260)



WEATHER CONDITIONS
 THE FOLLOWING WEATHER WAS RECORDED TODAY.
  NO SIGNIFICANT WEATHER WAS OBSERVED.


RELATIVE HUMIDITY (PERCENT)
 HIGHEST    50           300 AM
 LOWEST     12           200 PM
 AVERAGE    31

..........................................................


THE TONOPAH AIRPORT NV CLIMATE NORMALS FOR TOMORROW
                         NORMAL    RECORD    YEAR
 MAXIMUM TEMPERATURE (F)   87        97      2001
 MINIMUM TEMPERATURE (F)   53        45      1980
                                             1975
                                             1963


SUNRISE AND SUNSET
AUGUST 27 2014........SUNRISE   614 AM PDT   SUNSET   725 PM PDT
AUGUST 28 2014........SUNRISE   615 AM PDT   SUNSET   724 PM PDT


-  INDICATES NEGATIVE NUMBERS.
R  INDICATES RECORD WAS SET OR TIED.
MM INDICATES DATA IS MISSING.
T  INDICATES TRACE AMOUNT.




$$
