000
CDUS45 KLKN 240927
CLITPH


CLIMATE REPORT
NATIONAL WEATHER SERVICE ELKO NV
127 AM PST TUE JAN 24 2017


...................................

...THE TONOPAH AIRPORT NV CLIMATE SUMMARY FOR JANUARY 23 2017...

CLIMATE NORMAL PERIOD 1981 TO 2010
CLIMATE RECORD PERIOD 1954 TO 2017


WEATHER ITEM   OBSERVED TIME   RECORD YEAR NORMAL DEPARTURE LAST
                VALUE   (LST)  VALUE       VALUE  FROM      YEAR
                                                  NORMAL
..................................................................
TEMPERATURE (F)
 YESTERDAY
  MAXIMUM         36    227 AM  60    1970  45     -9       44
  MINIMUM         21   1112 PM -15    1962  21      0       29
  AVERAGE         29                        33     -4       37

PRECIPITATION (IN)
  YESTERDAY        0.06          0.36 1995   0.01   0.05      T
  MONTH TO DATE    0.36                      0.35   0.01     0.49
  SINCE OCT 1      0.89                      1.44  -0.55     3.87
  SINCE JAN 1      0.36                      0.35   0.01     0.49

DEGREE DAYS
 HEATING
  YESTERDAY       36                        32      4       28
  MONTH TO DATE  752                       755     -3      801
  SINCE DEC 1   1793                      1783     10     1843
  SINCE JUL 1   2810                      3000   -190     2917

 COOLING
  YESTERDAY        0                         0      0        0
  MONTH TO DATE    0                         0      0        0
  SINCE DEC 1      0                         0      0        0
  SINCE JAN 1      0                         0      0        0
..................................................................


WIND (MPH)
  HIGHEST WIND SPEED    33   HIGHEST WIND DIRECTION     S (200)
  HIGHEST GUST SPEED    42   HIGHEST GUST DIRECTION     S (190)
  AVERAGE WIND SPEED    11.5



WEATHER CONDITIONS
 THE FOLLOWING WEATHER WAS RECORDED YESTERDAY.
  LIGHT RAIN
  SNOW
  LIGHT SNOW
  FOG


RELATIVE HUMIDITY (PERCENT)
 HIGHEST   100           400 AM
 LOWEST     69           400 PM
 AVERAGE    85

..........................................................


THE TONOPAH AIRPORT NV CLIMATE NORMALS FOR TODAY
                         NORMAL    RECORD    YEAR
 MAXIMUM TEMPERATURE (F)   45        59      2015
 MINIMUM TEMPERATURE (F)   21       -15      1962


SUNRISE AND SUNSET
JANUARY 24 2017.......SUNRISE   659 AM PST   SUNSET   503 PM PST
JANUARY 25 2017.......SUNRISE   658 AM PST   SUNSET   504 PM PST


-  INDICATES NEGATIVE NUMBERS.
R  INDICATES RECORD WAS SET OR TIED.
MM INDICATES DATA IS MISSING.
T  INDICATES TRACE AMOUNT.




$$
