000
CDUS45 KLKN 210934
CLITPH


CLIMATE REPORT
NATIONAL WEATHER SERVICE ELKO NV
133 AM PST TUE NOV 21  2017

...................................

...THE TONOPAH AIRPORT NV CLIMATE SUMMARY FOR NOVEMBER 20 2017...

CLIMATE NORMAL PERIOD 1981 TO 2010
CLIMATE RECORD PERIOD 1954 TO 2017


WEATHER ITEM   OBSERVED TIME   RECORD YEAR NORMAL DEPARTURE LAST
                VALUE   (LST)  VALUE       VALUE  FROM      YEAR
                                                  NORMAL
..................................................................
TEMPERATURE (F)
 YESTERDAY
  MAXIMUM         64    305 PM  71    1989  51     13       61
  MINIMUM         32   1227 AM   5    1977  25      7       26
                                      1964
  AVERAGE         48                        38     10       44

PRECIPITATION (IN)
  YESTERDAY        0.00          0.44 2010   0.01  -0.01     0.06
  MONTH TO DATE    0.00                      0.29  -0.29     0.06
  SINCE OCT 1      0.00                      0.63  -0.63     0.06
  SINCE JAN 1      3.51                      4.78  -1.27     3.63

DEGREE DAYS
 HEATING
  YESTERDAY       17                        27    -10       21
  MONTH TO DATE  425                       456    -31      327
  SINCE SEP 1    907                       922    -15      708
  SINCE JUL 1    907                       928    -21      708

 COOLING
  YESTERDAY        0                         0      0        0
  MONTH TO DATE    0                         0      0        0
  SINCE SEP 1    117                        70     47       59
  SINCE JAN 1   1222                       783    439     1022
..................................................................


WIND (MPH)
  HIGHEST WIND SPEED    12   HIGHEST WIND DIRECTION     N (360)
  HIGHEST GUST SPEED    12   HIGHEST GUST DIRECTION     N (360)
  AVERAGE WIND SPEED     4.9



WEATHER CONDITIONS
 THE FOLLOWING WEATHER WAS RECORDED YESTERDAY.
  NO SIGNIFICANT WEATHER WAS OBSERVED.


RELATIVE HUMIDITY (PERCENT)
 HIGHEST    41          1100 PM
 LOWEST     10           100 PM
 AVERAGE    26

..........................................................


THE TONOPAH AIRPORT NV CLIMATE NORMALS FOR TODAY
                         NORMAL    RECORD    YEAR
 MAXIMUM TEMPERATURE (F)   51        65      2002
 MINIMUM TEMPERATURE (F)   24         8      1964


SUNRISE AND SUNSET
NOVEMBER 21 2017......SUNRISE   636 AM PST   SUNSET   432 PM PST
NOVEMBER 22 2017......SUNRISE   637 AM PST   SUNSET   432 PM PST


-  INDICATES NEGATIVE NUMBERS.
R  INDICATES RECORD WAS SET OR TIED.
MM INDICATES DATA IS MISSING.
T  INDICATES TRACE AMOUNT.




$$
